{"id":10027,"date":"2025-07-10T13:57:35","date_gmt":"2025-07-10T11:57:35","guid":{"rendered":"https:\/\/agora.xtec.cat\/ceipginesta\/?page_id=10027"},"modified":"2025-07-11T10:00:31","modified_gmt":"2025-07-11T08:00:31","slug":"escola-verda","status":"publish","type":"page","link":"https:\/\/agora.xtec.cat\/ceipginesta\/serveis\/escola-verda\/","title":{"rendered":"Escola Verda"},"content":{"rendered":"<p><a href=\"https:\/\/agora.xtec.cat\/ceipginesta\/wp-content\/uploads\/usu640\/2025\/07\/IMG_3693.jpg\"><img loading=\"lazy\" decoding=\"async\" class=\"aligncenter wp-image-10031\" src=\"https:\/\/agora.xtec.cat\/ceipginesta\/wp-content\/uploads\/usu640\/2025\/07\/IMG_3693-1024x768.jpg\" alt=\"\" width=\"580\" height=\"435\" \/><\/a>Durant el curs 2022-23 l\u2019escola va iniciar la reflexi\u00f3 al voltant de la transformaci\u00f3 dels espais exteriors de l\u2019escola, motivada per l&#8217;acreditaci\u00f3 com a &#8220;Escola Verda&#8221; pel Departament d&#8217;Educaci\u00f3 i el Departament d&#8217;Acci\u00f3 Clim\u00e0tica de la Generalitat de Catalunya.<\/p>\n<p>El projecte educatiu i de direcci\u00f3 contempla la consci\u00e8ncia i respecte pel medi ambient, la sostenibilitat i despertar el respecte i comprom\u00eds dels infants envers el seu entorn. Tamb\u00e9 contempla el treball conjunt amb diferents regidories de l\u2019ajuntament, entre elles la de Medi Ambient, amb la que anualment realitzem programes conjunts envers la protecci\u00f3 del medi ambient i l\u2019educaci\u00f3 ambiental. Les activitats que realitzem s\u00f3n el manteniment de la vegetaci\u00f3 i arbrat de l\u2019escola, la visita a la deixalleria municipal i tallers de conscienciaci\u00f3 de reciclatge, activitats dins la Setmana del Medi Ambient, Let\u2019s Clean Up Europe, entre altres.<\/p>\n<p><a href=\"https:\/\/agora.xtec.cat\/ceipginesta\/wp-content\/uploads\/usu640\/2025\/07\/IMG_3690.jpg\"><img loading=\"lazy\" decoding=\"async\" class=\"wp-image-10029 alignleft\" src=\"https:\/\/agora.xtec.cat\/ceipginesta\/wp-content\/uploads\/usu640\/2025\/07\/IMG_3690-1024x768.jpg\" alt=\"\" width=\"403\" height=\"302\" srcset=\"https:\/\/agora.xtec.cat\/ceipginesta\/wp-content\/uploads\/usu640\/2025\/07\/IMG_3690-1024x768.jpg 1024w, https:\/\/agora.xtec.cat\/ceipginesta\/wp-content\/uploads\/usu640\/2025\/07\/IMG_3690-300x225.jpg 300w, https:\/\/agora.xtec.cat\/ceipginesta\/wp-content\/uploads\/usu640\/2025\/07\/IMG_3690-768x576.jpg 768w, https:\/\/agora.xtec.cat\/ceipginesta\/wp-content\/uploads\/usu640\/2025\/07\/IMG_3690-1536x1152.jpg 1536w, https:\/\/agora.xtec.cat\/ceipginesta\/wp-content\/uploads\/usu640\/2025\/07\/IMG_3690-200x150.jpg 200w, https:\/\/agora.xtec.cat\/ceipginesta\/wp-content\/uploads\/usu640\/2025\/07\/IMG_3690.jpg 2016w\" sizes=\"auto, (max-width: 403px) 100vw, 403px\" \/><\/a>D&#8217;una valoraci\u00f3 inicial de l&#8217;equip de mestres i conjuntament amb l&#8217;AFA de l&#8217;escola es va decidir encomanar a l&#8217;empresa Milanta la diagnosi i projecte de transformaci\u00f3, amb llarga traject\u00f2ria en el camp de la transformaci\u00f3 d&#8217;espais educatius amb l&#8217;objectiu de renaturalitzar, incrementar les possibilitats de joc i aprenentatge, i convertir-los en espais m\u00e9s inclusius i que responguin a les diferents necessitats dels infants.<\/p>\n<p>L\u2019escola compta amb dos patis, un per a cada edifici. El principal per l\u2019etapa d\u2019educaci\u00f3 prim\u00e0ria, i el secundari per a l\u2019etapa d\u2019educaci\u00f3 infantil. Compta amb alguns arbres i propostes motrius i de relaci\u00f3 interpersonal, com bancs i espais motrius i de trobada.<\/p>\n<p>Els espais exteriors de l&#8217;escola s\u00f3n utilitzats pels infants durant llargues estones de la jornada lectiva, tant a l&#8217;hora del pati com a les franges del servei de menjador. Durant aquestes estones els infants es mouen lliurement, s&#8217;agrupen per afinitats i exploren les possibilitats que l&#8217;entorn els brinda, especialment descobrir i refor\u00e7ar la seva consci\u00e8ncia personal i habilitats de relaci\u00f3 entre alumnes.<\/p>\n<p>La diagnosi de l&#8217;empresa es va fonamentar en les propostes fetes pels nens i nenes, equip de mestres i fam\u00edlies de l&#8217;escola, que amb diferents din\u00e0miques van aportar informaci\u00f3 sobre les diferents zones actuals i com es podien millorar i aprofitar millor.<\/p>\n<p>El projecte planteja la completa transformaci\u00f3 dels espais, amb un notable increment de la vegetaci\u00f3, adaptada a les necessitats clim\u00e0tiques del moment, generar espais d&#8217;ombra per fer m\u00e9s c\u00f2mode i confortable les estones d&#8217;\u00fas dels alumnes, diversificar les zones de joc amb espais motrius, de joc simb\u00f2lic, zones d&#8217;aigua o sorrals, i construir espais de trobada per al joc tranquil dels alumnes o per a tasques d&#8217;aprenentatge dins l&#8217;horari lectiu dels nens i nenes.<a href=\"https:\/\/agora.xtec.cat\/ceipginesta\/wp-content\/uploads\/usu640\/2025\/07\/IMG_3691.jpg\"><img loading=\"lazy\" decoding=\"async\" class=\"wp-image-10030 alignright\" src=\"https:\/\/agora.xtec.cat\/ceipginesta\/wp-content\/uploads\/usu640\/2025\/07\/IMG_3691-1024x768.jpg\" alt=\"\" width=\"402\" height=\"301\" srcset=\"https:\/\/agora.xtec.cat\/ceipginesta\/wp-content\/uploads\/usu640\/2025\/07\/IMG_3691-1024x768.jpg 1024w, https:\/\/agora.xtec.cat\/ceipginesta\/wp-content\/uploads\/usu640\/2025\/07\/IMG_3691-300x225.jpg 300w, https:\/\/agora.xtec.cat\/ceipginesta\/wp-content\/uploads\/usu640\/2025\/07\/IMG_3691-768x576.jpg 768w, https:\/\/agora.xtec.cat\/ceipginesta\/wp-content\/uploads\/usu640\/2025\/07\/IMG_3691-1536x1152.jpg 1536w, https:\/\/agora.xtec.cat\/ceipginesta\/wp-content\/uploads\/usu640\/2025\/07\/IMG_3691-200x150.jpg 200w, https:\/\/agora.xtec.cat\/ceipginesta\/wp-content\/uploads\/usu640\/2025\/07\/IMG_3691.jpg 2016w\" sizes=\"auto, (max-width: 402px) 100vw, 402px\" \/><\/a><\/p>\n<p>El projecte que presentem busca millorar el confort t\u00e8rmic de l\u2019entorn proper als edificis com a element de control de la temperatura ambiental, que repercuteixi en les temperatures interiors i del voltant. \u00c9s conegut l\u2019efecte de rebaixa de temperatura i humitat que representa estar envoltat d\u2019un espai amb vegetaci\u00f3 i arbrat, la millora en la qualitat de l\u2019aire, aix\u00ed com la millora del confort personal dels espais ombrejats i rodejats de vegetaci\u00f3. Alhora es busca un retorn als espais naturals com a font de salut i benestar, el vincle natural amb altres \u00e9ssers vius, l\u2019increment de la diversitat de flora i fauna a nivell local, amb una mirada global.<\/p>\n<p>A m\u00e9s, la proposta d&#8217;espais de relaci\u00f3 dels infants per desenvolupar les seves habilitats comunicatives, espais on conviure amb els altres per desenvolupar consci\u00e8ncia social respecte els companys i mestres, propostes d&#8217;activitats on els infants puguin plantejar-se situacions d&#8217;autoconsci\u00e8ncia respecte la seva pr\u00f2pia personalitat, i d&#8217;autogesti\u00f3 de les pr\u00f2pies emocions. L&#8217;aplicaci\u00f3 del projecte ha de servir per millorar les relacions socials i emocionals, alhora que afavoreix la conviv\u00e8ncia global del centre, la consci\u00e8ncia social i ambiental, i el benestar dels infants. El fet de desenvolupar aquestes activitats i situacions de relaci\u00f3 en un entorn renaturalitzat i amb ombra prolonga i millora les possibilitats dels espais, i incrementa la qualitat de l\u2019activitat en s\u00ed.<\/p>\n<p>L\u2019ajuntament de Matadepera ha estat al corrent d\u2019aquest projecte i s\u2019ha mostrat disposat a participar-hi, executant una part del projecte quan resolgui elements administratius i t\u00e8cnics amb el Departament d\u2019Educaci\u00f3. Actualment ha fet tasques de manteniment de l\u2019arbrat i vegetaci\u00f3, instal\u00b7laci\u00f3 de tendals de grans dimensions al pati i assessorament t\u00e8cnic per a les actuacions fetes fins ara.<\/p>\n<h5><a href=\"https:\/\/agora.xtec.cat\/ceipginesta\/wp-content\/uploads\/usu640\/2025\/07\/IMG_1839.jpg\"><img loading=\"lazy\" decoding=\"async\" class=\"wp-image-10028 alignleft\" src=\"https:\/\/agora.xtec.cat\/ceipginesta\/wp-content\/uploads\/usu640\/2025\/07\/IMG_1839-1024x768.jpg\" alt=\"\" width=\"405\" height=\"304\" srcset=\"https:\/\/agora.xtec.cat\/ceipginesta\/wp-content\/uploads\/usu640\/2025\/07\/IMG_1839-1024x768.jpg 1024w, https:\/\/agora.xtec.cat\/ceipginesta\/wp-content\/uploads\/usu640\/2025\/07\/IMG_1839-300x225.jpg 300w, https:\/\/agora.xtec.cat\/ceipginesta\/wp-content\/uploads\/usu640\/2025\/07\/IMG_1839-768x576.jpg 768w, https:\/\/agora.xtec.cat\/ceipginesta\/wp-content\/uploads\/usu640\/2025\/07\/IMG_1839-1536x1152.jpg 1536w, https:\/\/agora.xtec.cat\/ceipginesta\/wp-content\/uploads\/usu640\/2025\/07\/IMG_1839-200x150.jpg 200w, https:\/\/agora.xtec.cat\/ceipginesta\/wp-content\/uploads\/usu640\/2025\/07\/IMG_1839.jpg 2016w\" sizes=\"auto, (max-width: 405px) 100vw, 405px\" \/><\/a><\/h5>\n<h5><span style=\"color: #ffcc00;\">OBJECTIUS DEL PROJECTE DE RENATURALITZACI\u00d3<\/span><\/h5>\n<p>Els objectius que es busca assolir amb aquesta actuaci\u00f3 s\u00f3n:<\/p>\n<ul>\n<li>Renaturalitzar amb vegetaci\u00f3 i arbrat aut\u00f2cton i adaptat al canvi clim\u00e0tic amb font d&#8217;aigua, joc simb\u00f2lic, experimentaci\u00f3 i jocs motrius al pati de prim\u00e0ria i infantil.<\/li>\n<li>Desenvolupar les habilitats de relaci\u00f3 i experimentaci\u00f3 de l&#8217;alumnat en base al nou espai renaturalitzat, per posar en valor els beneficis del contacte amb la natura per la salut i el benestar de les persones.<\/li>\n<li>Programar activitats de conscienciaci\u00f3 envers la renaturalitzaci\u00f3 dels espais i adaptar-los al canvi clim\u00e0tic i la millora de la biodiversitat.<\/li>\n<li>Establir indicadors d&#8217;observaci\u00f3 i an\u00e0lisi de l&#8217;efecte de l&#8217;espai a les estones d&#8217;esbarjo i menjador que serveixi per mesurar l&#8217;impacte del nou espai.<\/li>\n<\/ul>\n","protected":false},"excerpt":{"rendered":"<p><a href=\"https:\/\/agora.xtec.cat\/ceipginesta\/wp-content\/uploads\/usu640\/2025\/07\/IMG_3693.jpg\"><\/a>Durant el curs 2022-23 l\u2019escola va iniciar la reflexi\u00f3 al voltant de la transformaci\u00f3 dels espais exteriors de l\u2019escola, motivada per l&#8217;acreditaci\u00f3 com a &#8220;Escola Verda&#8221; pel Departament d&#8217;Educaci\u00f3 i el Departament d&#8217;Acci\u00f3 Clim\u00e0tica de la Generalitat de Catalunya.<br \/>\nEl projecte educatiu i de direcci\u00f3&hellip;  <a href=\"https:\/\/agora.xtec.cat\/ceipginesta\/serveis\/escola-verda\/\" title=\"Read Escola Verda\">Llegeix m\u00e9s\u00bb<\/a><\/p>\n","protected":false},"author":1,"featured_media":0,"parent":66,"menu_order":0,"comment_status":"closed","ping_status":"closed","template":"page-templates\/side-menu.php","meta":{"_bbp_topic_count":0,"_bbp_reply_count":0,"_bbp_total_topic_count":0,"_bbp_total_reply_count":0,"_bbp_voice_count":0,"_bbp_anonymous_reply_count":0,"_bbp_topic_count_hidden":0,"_bbp_reply_count_hidden":0,"_bbp_forum_subforum_count":0,"footnotes":""},"class_list":["post-10027","page","type-page","status-publish","hentry"],"post_mailing_queue_ids":[],"_links":{"self":[{"href":"https:\/\/agora.xtec.cat\/ceipginesta\/wp-json\/wp\/v2\/pages\/10027","targetHints":{"allow":["GET"]}}],"collection":[{"href":"https:\/\/agora.xtec.cat\/ceipginesta\/wp-json\/wp\/v2\/pages"}],"about":[{"href":"https:\/\/agora.xtec.cat\/ceipginesta\/wp-json\/wp\/v2\/types\/page"}],"author":[{"embeddable":true,"href":"https:\/\/agora.xtec.cat\/ceipginesta\/wp-json\/wp\/v2\/users\/1"}],"replies":[{"embeddable":true,"href":"https:\/\/agora.xtec.cat\/ceipginesta\/wp-json\/wp\/v2\/comments?post=10027"}],"version-history":[{"count":1,"href":"https:\/\/agora.xtec.cat\/ceipginesta\/wp-json\/wp\/v2\/pages\/10027\/revisions"}],"predecessor-version":[{"id":10032,"href":"https:\/\/agora.xtec.cat\/ceipginesta\/wp-json\/wp\/v2\/pages\/10027\/revisions\/10032"}],"up":[{"embeddable":true,"href":"https:\/\/agora.xtec.cat\/ceipginesta\/wp-json\/wp\/v2\/pages\/66"}],"wp:attachment":[{"href":"https:\/\/agora.xtec.cat\/ceipginesta\/wp-json\/wp\/v2\/media?parent=10027"}],"curies":[{"name":"wp","href":"https:\/\/api.w.org\/{rel}","templated":true}]}}