{"id":34,"date":"2014-09-18T12:32:18","date_gmt":"2014-09-18T11:32:18","guid":{"rendered":"http:\/\/agora.xtec.cat\/ceipgaziel\/?page_id=34"},"modified":"2024-02-28T21:09:34","modified_gmt":"2024-02-28T20:09:34","slug":"oferta-educativa","status":"publish","type":"page","link":"https:\/\/agora.xtec.cat\/ceipgaziel\/lescola\/oferta-educativa\/","title":{"rendered":"Oferta educativa"},"content":{"rendered":"<h2>Educaci\u00f3 infantil:<\/h2>\n<h5>\u00a0\u00a0 \u2013 I3<\/h5>\n<h5>\u00a0\u00a0 \u2013 I4<\/h5>\n<h5>\u00a0\u00a0 \u2013 I5<\/h5>\n<h2>Educaci\u00f3 Prim\u00e0ria:<\/h2>\n<h5>\u00a0\u00a0 \u2013 Primer<\/h5>\n<h5>\u00a0\u00a0 \u2013 Segon<\/h5>\n<h5>\u00a0\u00a0 \u2013 Tercer<\/h5>\n<h5>\u00a0\u00a0 \u2013 Quart<\/h5>\n<h5>\u00a0\u00a0 \u2013 Cinqu\u00e8<\/h5>\n<h5>\u00a0\u00a0 \u2013 Sis\u00e8<\/h5>\n<p>&nbsp;<\/p>\n<p><strong>ALTRES SERVEIS EDUCATIUS:<\/strong><\/p>\n<table style=\"border-collapse: collapse; width: 100%;\">\n<tbody>\n<tr>\n<td style=\"width: 100%;\"><strong>EAP:<\/strong><\/p>\n<ul>\n<li><strong>Detecci\u00f3 preco\u00e7 i avaluaci\u00f3 psicopedag\u00f2gica.<\/strong><\/li>\n<li><strong>Assessorament als docents.<\/strong><\/li>\n<\/ul>\n<\/td>\n<\/tr>\n<tr>\n<td style=\"width: 100%;\"><strong>SIEI: Suport Intensiu educatiu individualitzat (mestra d&#8217;EE i auxiliar).<\/strong><\/td>\n<\/tr>\n<tr>\n<td style=\"width: 100%;\"><strong>Audici\u00f3 i Llenguatge: detecci\u00f3 i treball de millora (pr\u00e0xies).<\/strong><\/td>\n<\/tr>\n<tr>\n<td style=\"width: 100%;\"><b>PROJECTES DEL CENTRE:<\/b><\/td>\n<\/tr>\n<tr>\n<td style=\"width: 100%;\"><strong>Programa de prevenci\u00f3 en el Bulliyng.<\/strong><\/td>\n<\/tr>\n<tr>\n<td style=\"width: 100%;\"><strong>Pla Catal\u00e0 de l&#8217;Esport. Des de 2009 fins ara.<\/strong><\/td>\n<\/tr>\n<tr>\n<td style=\"width: 100%;\"><strong>Programa de tutories individualitzades (Projecte Escolta&#8217;m).<\/strong><\/td>\n<\/tr>\n<tr>\n<td style=\"width: 100%;\"><strong>Projecte Escola Verda. Sensibilitzaci\u00f3 envers el respecte cap a\u00a0 l&#8217;entorn natural i el tractament de residus.\u00a0\u00a0<\/strong><\/td>\n<\/tr>\n<tr>\n<td style=\"width: 100%;\"><strong>Projecte d&#8217;Arts Esc\u00e8niques. PROA+ (fons europeus).<\/strong><\/td>\n<\/tr>\n<tr>\n<td style=\"width: 100%;\"><strong>Sortides i Col\u00f2nies.<\/strong><\/td>\n<\/tr>\n<tr>\n<td style=\"width: 100%;\"><strong>Projecte Interdisciplinar.<\/strong><\/td>\n<\/tr>\n<tr>\n<td style=\"width: 100%;\"><strong>English Day.\u00a0<\/strong><\/td>\n<\/tr>\n<tr>\n<td style=\"width: 100%;\"><strong>Festes tradicionals.<\/strong><\/td>\n<\/tr>\n<\/tbody>\n<\/table>\n<p>&nbsp;<\/p>\n<p>&nbsp;<\/p>\n","protected":false},"excerpt":{"rendered":"<p>Educaci\u00f3 infantil: \u00a0\u00a0 \u2013 I3 \u00a0\u00a0 \u2013 I4 \u00a0\u00a0 \u2013 I5 Educaci\u00f3 Prim\u00e0ria: \u00a0\u00a0 \u2013 Primer \u00a0\u00a0 \u2013 Segon \u00a0\u00a0 [&hellip;]<\/p>\n","protected":false},"author":1,"featured_media":0,"parent":22,"menu_order":60,"comment_status":"closed","ping_status":"closed","template":"page-templates\/side-menu.php","meta":{"_bbp_topic_count":0,"_bbp_reply_count":0,"_bbp_total_topic_count":0,"_bbp_total_reply_count":0,"_bbp_voice_count":0,"_bbp_anonymous_reply_count":0,"_bbp_topic_count_hidden":0,"_bbp_reply_count_hidden":0,"_bbp_forum_subforum_count":0,"site-sidebar-layout":"default","site-content-layout":"","ast-site-content-layout":"","site-content-style":"default","site-sidebar-style":"default","ast-global-header-display":"","ast-banner-title-visibility":"","ast-main-header-display":"","ast-hfb-above-header-display":"","ast-hfb-below-header-display":"","ast-hfb-mobile-header-display":"","site-post-title":"","ast-breadcrumbs-content":"","ast-featured-img":"","footer-sml-layout":"","theme-transparent-header-meta":"","adv-header-id-meta":"","stick-header-meta":"","header-above-stick-meta":"","header-main-stick-meta":"","header-below-stick-meta":"","astra-migrate-meta-layouts":"default","ast-page-background-enabled":"default","ast-page-background-meta":{"desktop":{"background-color":"var(--ast-global-color-4)","background-image":"","background-repeat":"repeat","background-position":"center center","background-size":"auto","background-attachment":"scroll","background-type":"","background-media":"","overlay-type":"","overlay-color":"","overlay-opacity":"","overlay-gradient":""},"tablet":{"background-color":"","background-image":"","background-repeat":"repeat","background-position":"center center","background-size":"auto","background-attachment":"scroll","background-type":"","background-media":"","overlay-type":"","overlay-color":"","overlay-opacity":"","overlay-gradient":""},"mobile":{"background-color":"","background-image":"","background-repeat":"repeat","background-position":"center center","background-size":"auto","background-attachment":"scroll","background-type":"","background-media":"","overlay-type":"","overlay-color":"","overlay-opacity":"","overlay-gradient":""}},"ast-content-background-meta":{"desktop":{"background-color":"var(--ast-global-color-5)","background-image":"","background-repeat":"repeat","background-position":"center center","background-size":"auto","background-attachment":"scroll","background-type":"","background-media":"","overlay-type":"","overlay-color":"","overlay-opacity":"","overlay-gradient":""},"tablet":{"background-color":"var(--ast-global-color-5)","background-image":"","background-repeat":"repeat","background-position":"center center","background-size":"auto","background-attachment":"scroll","background-type":"","background-media":"","overlay-type":"","overlay-color":"","overlay-opacity":"","overlay-gradient":""},"mobile":{"background-color":"var(--ast-global-color-5)","background-image":"","background-repeat":"repeat","background-position":"center center","background-size":"auto","background-attachment":"scroll","background-type":"","background-media":"","overlay-type":"","overlay-color":"","overlay-opacity":"","overlay-gradient":""}},"footnotes":""},"class_list":["post-34","page","type-page","status-publish","hentry"],"post_mailing_queue_ids":[],"_links":{"self":[{"href":"https:\/\/agora.xtec.cat\/ceipgaziel\/wp-json\/wp\/v2\/pages\/34","targetHints":{"allow":["GET"]}}],"collection":[{"href":"https:\/\/agora.xtec.cat\/ceipgaziel\/wp-json\/wp\/v2\/pages"}],"about":[{"href":"https:\/\/agora.xtec.cat\/ceipgaziel\/wp-json\/wp\/v2\/types\/page"}],"author":[{"embeddable":true,"href":"https:\/\/agora.xtec.cat\/ceipgaziel\/wp-json\/wp\/v2\/users\/1"}],"replies":[{"embeddable":true,"href":"https:\/\/agora.xtec.cat\/ceipgaziel\/wp-json\/wp\/v2\/comments?post=34"}],"version-history":[{"count":5,"href":"https:\/\/agora.xtec.cat\/ceipgaziel\/wp-json\/wp\/v2\/pages\/34\/revisions"}],"predecessor-version":[{"id":20262,"href":"https:\/\/agora.xtec.cat\/ceipgaziel\/wp-json\/wp\/v2\/pages\/34\/revisions\/20262"}],"up":[{"embeddable":true,"href":"https:\/\/agora.xtec.cat\/ceipgaziel\/wp-json\/wp\/v2\/pages\/22"}],"wp:attachment":[{"href":"https:\/\/agora.xtec.cat\/ceipgaziel\/wp-json\/wp\/v2\/media?parent=34"}],"curies":[{"name":"wp","href":"https:\/\/api.w.org\/{rel}","templated":true}]}}