{"id":22,"date":"2014-09-18T12:19:57","date_gmt":"2014-09-18T11:19:57","guid":{"rendered":"http:\/\/agora.xtec.cat\/ceipgaziel\/?page_id=22"},"modified":"2022-04-21T12:03:26","modified_gmt":"2022-04-21T10:03:26","slug":"lescola","status":"publish","type":"page","link":"https:\/\/agora.xtec.cat\/ceipgaziel\/lescola\/","title":{"rendered":"L&#8217;escola"},"content":{"rendered":"<p>L\u2019escola Gaziel, inaugurada a l\u2019any 1937 ha aplegat una gran quantitat d\u2019alumnes i ciutadans del municipi.<\/p>\n<p>Ha estat testimoni de les diferents \u00e8poques i etapes per la qual s\u2019ha anat desenvolupant la hist\u00f2ria, per\u00f2 sempre fidel als valors socials i educatius, donant resposta a les necessitats que es generaven a cada moment.<\/p>\n<p>L\u2019escola en general, \u00e9s el cam\u00ed de pas que la societat ofereix fins que ens sentim integrats en el m\u00f3n laboral. Des de l\u2019escola Gaziel, intentem que aquest cam\u00ed de pas i aprenentatge sigui ple d\u2019experi\u00e8ncies positives que embolcallin als alumnes en un saber fer i en un saber escollir, davant les m\u00faltiples opcions que ens ofereix la vida.<\/p>\n<p>El respecte pel planeta, l\u2019acollida que donem a les persones, l\u2019esport i la salut, el joc i l\u2019aprenentatge, la diversitat i la inclusi\u00f3,&#8230; valors i sentiments que han estat presents al llarg de tots aquests anys.<\/p>\n<p>Actualment seguim treballant i incorporant dia a dia noves metodologies actives que incorporen un aprenentatge basat en :<\/p>\n<p>&#8211; Reptes.<\/p>\n<p>&#8211; Projectes.<\/p>\n<p>&#8211; \u00a0Aprenentatge vivencial.<\/p>\n<p>&#8211; Aprenentatge invertit.<\/p>\n<p>&#8211; Entorns col\u00b7laboratius d\u2019aprenentatge&#8230;.<\/p>\n<p>I especialment aquells que estan directament lligats a les relacions positives entre les persones.<a href=\"https:\/\/agora.xtec.cat\/ceipgaziel\/wp-content\/uploads\/usu2100\/2021\/10\/79adfbdc-83dd-4865-a1f3-f04503454d7a.jpg\"><img loading=\"lazy\" decoding=\"async\" class=\"wp-image-19213 aligncenter\" src=\"https:\/\/agora.xtec.cat\/ceipgaziel\/wp-content\/uploads\/usu2100\/2021\/10\/79adfbdc-83dd-4865-a1f3-f04503454d7a.jpg\" alt=\"\" width=\"230\" height=\"307\" srcset=\"https:\/\/agora.xtec.cat\/ceipgaziel\/wp-content\/uploads\/usu2100\/2021\/10\/79adfbdc-83dd-4865-a1f3-f04503454d7a.jpg 480w, https:\/\/agora.xtec.cat\/ceipgaziel\/wp-content\/uploads\/usu2100\/2021\/10\/79adfbdc-83dd-4865-a1f3-f04503454d7a-225x300.jpg 225w\" sizes=\"auto, (max-width: 230px) 100vw, 230px\" \/><\/a><\/p>\n","protected":false},"excerpt":{"rendered":"<p>L\u2019escola Gaziel, inaugurada a l\u2019any 1937 ha aplegat una gran quantitat d\u2019alumnes i ciutadans del municipi. Ha estat testimoni de [&hellip;]<\/p>\n","protected":false},"author":1,"featured_media":0,"parent":0,"menu_order":0,"comment_status":"closed","ping_status":"closed","template":"page-templates\/side-menu.php","meta":{"_bbp_topic_count":0,"_bbp_reply_count":0,"_bbp_total_topic_count":0,"_bbp_total_reply_count":0,"_bbp_voice_count":0,"_bbp_anonymous_reply_count":0,"_bbp_topic_count_hidden":0,"_bbp_reply_count_hidden":0,"_bbp_forum_subforum_count":0,"site-sidebar-layout":"default","site-content-layout":"","ast-site-content-layout":"","site-content-style":"default","site-sidebar-style":"default","ast-global-header-display":"","ast-banner-title-visibility":"","ast-main-header-display":"","ast-hfb-above-header-display":"","ast-hfb-below-header-display":"","ast-hfb-mobile-header-display":"","site-post-title":"","ast-breadcrumbs-content":"","ast-featured-img":"","footer-sml-layout":"","theme-transparent-header-meta":"","adv-header-id-meta":"","stick-header-meta":"","header-above-stick-meta":"","header-main-stick-meta":"","header-below-stick-meta":"","astra-migrate-meta-layouts":"default","ast-page-background-enabled":"default","ast-page-background-meta":{"desktop":{"background-color":"var(--ast-global-color-4)","background-image":"","background-repeat":"repeat","background-position":"center center","background-size":"auto","background-attachment":"scroll","background-type":"","background-media":"","overlay-type":"","overlay-color":"","overlay-opacity":"","overlay-gradient":""},"tablet":{"background-color":"","background-image":"","background-repeat":"repeat","background-position":"center center","background-size":"auto","background-attachment":"scroll","background-type":"","background-media":"","overlay-type":"","overlay-color":"","overlay-opacity":"","overlay-gradient":""},"mobile":{"background-color":"","background-image":"","background-repeat":"repeat","background-position":"center center","background-size":"auto","background-attachment":"scroll","background-type":"","background-media":"","overlay-type":"","overlay-color":"","overlay-opacity":"","overlay-gradient":""}},"ast-content-background-meta":{"desktop":{"background-color":"var(--ast-global-color-5)","background-image":"","background-repeat":"repeat","background-position":"center center","background-size":"auto","background-attachment":"scroll","background-type":"","background-media":"","overlay-type":"","overlay-color":"","overlay-opacity":"","overlay-gradient":""},"tablet":{"background-color":"var(--ast-global-color-5)","background-image":"","background-repeat":"repeat","background-position":"center center","background-size":"auto","background-attachment":"scroll","background-type":"","background-media":"","overlay-type":"","overlay-color":"","overlay-opacity":"","overlay-gradient":""},"mobile":{"background-color":"var(--ast-global-color-5)","background-image":"","background-repeat":"repeat","background-position":"center center","background-size":"auto","background-attachment":"scroll","background-type":"","background-media":"","overlay-type":"","overlay-color":"","overlay-opacity":"","overlay-gradient":""}},"footnotes":""},"class_list":["post-22","page","type-page","status-publish","hentry"],"post_mailing_queue_ids":[],"_links":{"self":[{"href":"https:\/\/agora.xtec.cat\/ceipgaziel\/wp-json\/wp\/v2\/pages\/22","targetHints":{"allow":["GET"]}}],"collection":[{"href":"https:\/\/agora.xtec.cat\/ceipgaziel\/wp-json\/wp\/v2\/pages"}],"about":[{"href":"https:\/\/agora.xtec.cat\/ceipgaziel\/wp-json\/wp\/v2\/types\/page"}],"author":[{"embeddable":true,"href":"https:\/\/agora.xtec.cat\/ceipgaziel\/wp-json\/wp\/v2\/users\/1"}],"replies":[{"embeddable":true,"href":"https:\/\/agora.xtec.cat\/ceipgaziel\/wp-json\/wp\/v2\/comments?post=22"}],"version-history":[{"count":4,"href":"https:\/\/agora.xtec.cat\/ceipgaziel\/wp-json\/wp\/v2\/pages\/22\/revisions"}],"predecessor-version":[{"id":19542,"href":"https:\/\/agora.xtec.cat\/ceipgaziel\/wp-json\/wp\/v2\/pages\/22\/revisions\/19542"}],"wp:attachment":[{"href":"https:\/\/agora.xtec.cat\/ceipgaziel\/wp-json\/wp\/v2\/media?parent=22"}],"curies":[{"name":"wp","href":"https:\/\/api.w.org\/{rel}","templated":true}]}}

<p>L’escola Gaziel, inaugurada a l’any 1937 ha aplegat una gran quantitat d’alumnes i ciutadans del municipi.</p>
<p>Ha estat testimoni de les diferents èpoques i etapes per la qual s’ha anat desenvolupant la història, però sempre fidel als valors socials i educatius, donant resposta a les necessitats que es generaven a cada moment.</p>
<p>L’escola en general, és el camí de pas que la societat ofereix fins que ens sentim integrats en el món laboral. Des de l’escola Gaziel, intentem que aquest camí de pas i aprenentatge sigui ple d’experiències positives que embolcallin als alumnes en un saber fer i en un saber escollir, davant les múltiples opcions que ens ofereix la vida.</p>
<p>El respecte pel planeta, l’acollida que donem a les persones, l’esport i la salut, el joc i l’aprenentatge, la diversitat i la inclusió,&#8230; valors i sentiments que han estat presents al llarg de tots aquests anys.</p>
<p>Actualment seguim treballant i incorporant dia a dia noves metodologies actives que incorporen un aprenentatge basat en :</p>
<p>&#8211; Reptes.</p>
<p>&#8211; Projectes.</p>
<p>&#8211;  Aprenentatge vivencial.</p>
<p>&#8211; Aprenentatge invertit.</p>
<p>&#8211; Entorns col·laboratius d’aprenentatge&#8230;.</p>
<p>I especialment aquells que estan directament lligats a les relacions positives entre les persones.<a href="https://agora.xtec.cat/ceipgaziel/wp-content/uploads/usu2100/2021/10/79adfbdc-83dd-4865-a1f3-f04503454d7a.jpg"><img loading="lazy" decoding="async" class="wp-image-19213 aligncenter" src="https://agora.xtec.cat/ceipgaziel/wp-content/uploads/usu2100/2021/10/79adfbdc-83dd-4865-a1f3-f04503454d7a.jpg" alt="" width="230" height="307" srcset="https://agora.xtec.cat/ceipgaziel/wp-content/uploads/usu2100/2021/10/79adfbdc-83dd-4865-a1f3-f04503454d7a.jpg 480w, https://agora.xtec.cat/ceipgaziel/wp-content/uploads/usu2100/2021/10/79adfbdc-83dd-4865-a1f3-f04503454d7a-225x300.jpg 225w" sizes="auto, (max-width: 230px) 100vw, 230px" /></a></p>
