{"id":834,"date":"2018-10-01T00:23:46","date_gmt":"2018-09-30T22:23:46","guid":{"rendered":"http:\/\/agora.xtec.cat\/ceipgarona\/?page_id=834"},"modified":"2019-06-25T14:19:42","modified_gmt":"2019-06-25T12:19:42","slug":"gep","status":"publish","type":"page","link":"https:\/\/agora.xtec.cat\/ceipgarona\/gep\/","title":{"rendered":"Proj\u00e8cte GEP"},"content":{"rendered":"<p>En cors 2018-19 mos iniciam en programa d&#8217;innovacion pedagogica <em>Generaci\u00f3 Pluriling\u00fce<\/em> (GEP) deth Departament d&#8217;Educacion tamb era finalitat de mielhorar era compet\u00e9ncia en leng\u00fces estrang\u00e8res der alumnat.<\/p>\n<p>Es accions deth programa GEP s&#8217;orienten, per ua part, a agranir eth temps d&#8217;exposicion der alumnat as leng\u00fces estrang\u00e8res curriculares e, per ua auta part, a acompanhar as centres educatius en proc\u00e8s de desplegament e assolidament d&#8217;un proj\u00e8cte ling\u00fcistic pr\u00f2pri.<\/p>\n<p>Se voletz saber m\u00e8s sus eth proj\u00e8cte GEP: <a href=\"http:\/\/xtec.gencat.cat\/ca\/projectes\/plurilinguisme\/programes\/institucionals\/gep\/\">http:\/\/xtec.gencat.cat\/ca\/projectes\/plurilinguisme\/programes\/institucionals\/gep\/<\/a><\/p>\n<p>&nbsp;<\/p>\n<p>&nbsp;<\/p>\n<h1 style=\"text-align: center;\"><strong>ENGLISH<\/strong><\/h1>\n<h3><\/h3>\n<h3><strong>SCIENCE PROJECTS: ANIMALS AROUND THE WORLD<\/strong><\/h3>\n<div>\n<div>\n<p><a href=\"https:\/\/youtu.be\/SIqfSAqrxg0\">https:\/\/youtu.be\/SIqfSAqrxg0<\/a><\/p>\n<\/div>\n<\/div>\n<p>&nbsp;<\/p>\n<p>&nbsp;<\/p>\n<div><\/div>\n<div>\n<p><a href=\"https:\/\/youtu.be\/QeL699V1TsY\">https:\/\/youtu.be\/QeL699V1TsY<\/a><\/p>\n<\/div>\n<div><\/div>\n<div>\n<div>\n<div>\n<div><\/div>\n<\/div>\n<\/div>\n<\/div>\n<div><\/div>\n<div><\/div>\n<div><\/div>\n<h3><strong>HOW THEY WORK<\/strong><\/h3>\n<div><\/div>\n<div>\n<div class=\"ast-oembed-container \" style=\"height: 100%;\"><iframe loading=\"lazy\" title=\"STUDENTS INTERACTION\" width=\"500\" height=\"375\" src=\"https:\/\/www.youtube.com\/embed\/Ze8fCLVyzd8?feature=oembed\" frameborder=\"0\" allow=\"accelerometer; autoplay; clipboard-write; encrypted-media; gyroscope; picture-in-picture; web-share\" referrerpolicy=\"strict-origin-when-cross-origin\" allowfullscreen><\/iframe><\/div>\n<h3><strong>COOPERATIVE LEARNING<\/strong><\/h3>\n<p><a href=\"https:\/\/www.youtube.com\/watch?v=_Bn8hD62K5Q&#038;feature=youtu.be\">https:\/\/www.youtube.com\/watch?v=_Bn8hD62K5Q&amp;feature=youtu.be<\/a><\/p>\n<p>&nbsp;<\/p>\n<h1 style=\"text-align: center;\"><strong>EXP\u00c9RIENCE\u00a0 EN\u00a0 FRAN\u00c7AIS\u00a0<\/strong><\/h1>\n<h3><\/h3>\n<h3><strong>EXPERI\u00c9NCE: L&#8217;OS MOU<\/strong><\/h3>\n<\/div>\n<p><iframe style=\"border: none; width: 525px; height: 197px;\" src=\"\/\/e.issuu.com\/embed.html#29982005\/70276691\" allowfullscreen=\"allowfullscreen\"><\/iframe><\/p>\n<p><iframe style=\"border: 0px; width: 100%; height: 500px;\" src=\"https:\/\/learningapps.org\/watch?v=pd4mdfqm318\"><\/iframe><\/p>\n<h3><strong>EXP\u00c9RIENCE: L&#8217;OEUF MOU<\/strong><\/h3>\n<p><iframe style=\"border: none; width: 525px; height: 197px;\" src=\"\/\/e.issuu.com\/embed.html#29982005\/70276773\" allowfullscreen=\"allowfullscreen\"><\/iframe><\/p>\n<h3><iframe style=\"border: 0px; width: 100%; height: 500px;\" src=\"https:\/\/learningapps.org\/watch?v=p6qsu9pyk18\"><\/iframe><\/h3>\n<h3>EXP\u00c9RIENCE: LES 5 SENS<\/h3>\n<p><iframe style=\"border: none; width: 525px; height: 197px;\" src=\"\/\/e.issuu.com\/embed.html#29982005\/70276862\" allowfullscreen=\"allowfullscreen\"><\/iframe><\/p>\n<h3><strong>EXPERI\u00c9NCE: LES MATERIAUX ET LEURS PROPRIETES<\/strong><\/h3>\n<p><iframe style=\"border: 0px; width: 100%; height: 500px;\" src=\"https:\/\/learningapps.org\/watch?v=pgmwa9u4n19\"><\/iframe><\/p>\n<p>&nbsp;<\/p>\n<p>&nbsp;<\/p>\n<p><iframe style=\"border: 0px; width: 100%; height: 500px;\" src=\"https:\/\/learningapps.org\/watch?v=p4uizr1on19\"><\/iframe><br \/>\n<iframe style=\"border: 0px; width: 100%; height: 500px;\" src=\"https:\/\/learningapps.org\/watch?v=po9qs2p5c19\"><\/iframe><\/p>\n","protected":false},"excerpt":{"rendered":"<p>En cors 2018-19 mos iniciam en programa d&#8217;innovacion pedagogica Generaci\u00f3 Pluriling\u00fce (GEP) deth Departament d&#8217;Educacion tamb era finalitat de mielhorar era compet\u00e9ncia en leng\u00fces estrang\u00e8res der alumnat. Es accions deth programa GEP s&#8217;orienten, per ua part, a agranir eth temps d&#8217;exposicion der alumnat as leng\u00fces estrang\u00e8res curriculares e, per ua auta part, a acompanhar as [&hellip;]<\/p>\n","protected":false},"author":1,"featured_media":0,"parent":0,"menu_order":0,"comment_status":"closed","ping_status":"closed","template":"","meta":{"_bbp_topic_count":0,"_bbp_reply_count":0,"_bbp_total_topic_count":0,"_bbp_total_reply_count":0,"_bbp_voice_count":0,"_bbp_anonymous_reply_count":0,"_bbp_topic_count_hidden":0,"_bbp_reply_count_hidden":0,"_bbp_forum_subforum_count":0,"site-sidebar-layout":"default","site-content-layout":"","ast-site-content-layout":"","site-content-style":"default","site-sidebar-style":"default","ast-global-header-display":"","ast-banner-title-visibility":"","ast-main-header-display":"","ast-hfb-above-header-display":"","ast-hfb-below-header-display":"","ast-hfb-mobile-header-display":"","site-post-title":"","ast-breadcrumbs-content":"","ast-featured-img":"","footer-sml-layout":"","theme-transparent-header-meta":"","adv-header-id-meta":"","stick-header-meta":"","header-above-stick-meta":"","header-main-stick-meta":"","header-below-stick-meta":"","astra-migrate-meta-layouts":"default","ast-page-background-enabled":"default","ast-page-background-meta":{"desktop":{"background-color":"var(--ast-global-color-4)","background-image":"","background-repeat":"repeat","background-position":"center center","background-size":"auto","background-attachment":"scroll","background-type":"","background-media":"","overlay-type":"","overlay-color":"","overlay-opacity":"","overlay-gradient":""},"tablet":{"background-color":"","background-image":"","background-repeat":"repeat","background-position":"center center","background-size":"auto","background-attachment":"scroll","background-type":"","background-media":"","overlay-type":"","overlay-color":"","overlay-opacity":"","overlay-gradient":""},"mobile":{"background-color":"","background-image":"","background-repeat":"repeat","background-position":"center center","background-size":"auto","background-attachment":"scroll","background-type":"","background-media":"","overlay-type":"","overlay-color":"","overlay-opacity":"","overlay-gradient":""}},"ast-content-background-meta":{"desktop":{"background-color":"var(--ast-global-color-5)","background-image":"","background-repeat":"repeat","background-position":"center center","background-size":"auto","background-attachment":"scroll","background-type":"","background-media":"","overlay-type":"","overlay-color":"","overlay-opacity":"","overlay-gradient":""},"tablet":{"background-color":"var(--ast-global-color-5)","background-image":"","background-repeat":"repeat","background-position":"center center","background-size":"auto","background-attachment":"scroll","background-type":"","background-media":"","overlay-type":"","overlay-color":"","overlay-opacity":"","overlay-gradient":""},"mobile":{"background-color":"var(--ast-global-color-5)","background-image":"","background-repeat":"repeat","background-position":"center center","background-size":"auto","background-attachment":"scroll","background-type":"","background-media":"","overlay-type":"","overlay-color":"","overlay-opacity":"","overlay-gradient":""}},"footnotes":""},"class_list":["post-834","page","type-page","status-publish","hentry"],"post_mailing_queue_ids":[],"_links":{"self":[{"href":"https:\/\/agora.xtec.cat\/ceipgarona\/wp-json\/wp\/v2\/pages\/834","targetHints":{"allow":["GET"]}}],"collection":[{"href":"https:\/\/agora.xtec.cat\/ceipgarona\/wp-json\/wp\/v2\/pages"}],"about":[{"href":"https:\/\/agora.xtec.cat\/ceipgarona\/wp-json\/wp\/v2\/types\/page"}],"author":[{"embeddable":true,"href":"https:\/\/agora.xtec.cat\/ceipgarona\/wp-json\/wp\/v2\/users\/1"}],"replies":[{"embeddable":true,"href":"https:\/\/agora.xtec.cat\/ceipgarona\/wp-json\/wp\/v2\/comments?post=834"}],"version-history":[{"count":4,"href":"https:\/\/agora.xtec.cat\/ceipgarona\/wp-json\/wp\/v2\/pages\/834\/revisions"}],"predecessor-version":[{"id":1068,"href":"https:\/\/agora.xtec.cat\/ceipgarona\/wp-json\/wp\/v2\/pages\/834\/revisions\/1068"}],"wp:attachment":[{"href":"https:\/\/agora.xtec.cat\/ceipgarona\/wp-json\/wp\/v2\/media?parent=834"}],"curies":[{"name":"wp","href":"https:\/\/api.w.org\/{rel}","templated":true}]}}