{"id":1264,"date":"2020-05-08T13:25:27","date_gmt":"2020-05-08T11:25:27","guid":{"rendered":"http:\/\/agora.xtec.cat\/ceipgarona\/?page_id=1264"},"modified":"2020-05-08T13:25:27","modified_gmt":"2020-05-08T11:25:27","slug":"preinscripcion-2020-21","status":"publish","type":"page","link":"https:\/\/agora.xtec.cat\/ceipgarona\/pagines-dinici\/preinscripcion-2020-21\/","title":{"rendered":"PREINSCRIPCION  2020-21"},"content":{"rendered":"<ul>\n<li>Peri\u00f2de telematic deth 13 ath 22 de mai.<\/li>\n<li>Peri\u00f2de presenciau (tamb cita prealabla) deth 19 ath 22 de mai.<\/li>\n<li>Atencion telefonica deth 13 ath 22 de mai en orari de 9 a 13:30.<\/li>\n<li>Atencion presenciau deth 19 ath 22 de mai en orari de 9 a 13:30.\n<ul>\n<li style=\"list-style-type: none;\">\n<ul>\n<li style=\"list-style-type: none;\">\n<ul style=\"list-style-type: circle;\">\n<li>Ent\u00e0 demanar cita prealabla vos podetz adre\u00e7ar:\n<ul>\n<li style=\"list-style-type: none;\">\n<ul>\n<li style=\"list-style-type: none;\">\n<ul>\n<li style=\"list-style-type: none;\">\n<ul style=\"list-style-type: circle;\">\n<li>973 64 00 28<\/li>\n<li>ceip.garona@gmail.com<\/li>\n<\/ul>\n<\/li>\n<\/ul>\n<\/li>\n<\/ul>\n<\/li>\n<\/ul>\n<\/li>\n<li>Ent\u00e0 realizar era preinscripcion presenciau caler\u00e0:\n<ul>\n<li style=\"list-style-type: none;\">\n<ul>\n<li style=\"list-style-type: none;\">\n<ul>\n<li style=\"list-style-type: none;\">\n<ul style=\"list-style-type: circle;\">\n<li>\u00c8ster puntuaus.<\/li>\n<li>Respectar era dist\u00e0ncia sociau. Laguens dera esc\u00f2la sonque i poder\u00e0 auer un membre dera fam\u00edlia.<\/li>\n<li>Portar tota era documentacion requerida:\n<ul>\n<li style=\"list-style-type: none;\">\n<ul style=\"list-style-type: circle;\">\n<li>formulari de preinscripcion preferiblament ramplit<\/li>\n<li>originau e c\u00f2pia deth libre de fam\u00edlia o d&#8217;auti documents relatius ara filiacion<\/li>\n<li>originau e c\u00f2pia deth DNI, NIE o passap\u00f2rt des representants legaus e deth mainatge o mainada se n&#8217;a<\/li>\n<\/ul>\n<\/li>\n<\/ul>\n<\/li>\n<li>Portar mascareta e guants<\/li>\n<\/ul>\n<\/li>\n<\/ul>\n<\/li>\n<\/ul>\n<\/li>\n<\/ul>\n<\/li>\n<\/ul>\n<\/li>\n<\/ul>\n<\/li>\n<\/ul>\n<\/li>\n<\/ul>\n","protected":false},"excerpt":{"rendered":"<p>Peri\u00f2de telematic deth 13 ath 22 de mai. Peri\u00f2de presenciau (tamb cita prealabla) deth 19 ath 22 de mai. Atencion telefonica deth 13 ath 22 de mai en orari de 9 a 13:30. Atencion presenciau deth 19 ath 22 de mai en orari de 9 a 13:30. Ent\u00e0 demanar cita prealabla vos podetz adre\u00e7ar: 973 [&hellip;]<\/p>\n","protected":false},"author":1,"featured_media":0,"parent":7,"menu_order":0,"comment_status":"closed","ping_status":"closed","template":"","meta":{"_bbp_topic_count":0,"_bbp_reply_count":0,"_bbp_total_topic_count":0,"_bbp_total_reply_count":0,"_bbp_voice_count":0,"_bbp_anonymous_reply_count":0,"_bbp_topic_count_hidden":0,"_bbp_reply_count_hidden":0,"_bbp_forum_subforum_count":0,"site-sidebar-layout":"default","site-content-layout":"","ast-site-content-layout":"","site-content-style":"default","site-sidebar-style":"default","ast-global-header-display":"","ast-banner-title-visibility":"","ast-main-header-display":"","ast-hfb-above-header-display":"","ast-hfb-below-header-display":"","ast-hfb-mobile-header-display":"","site-post-title":"","ast-breadcrumbs-content":"","ast-featured-img":"","footer-sml-layout":"","theme-transparent-header-meta":"","adv-header-id-meta":"","stick-header-meta":"","header-above-stick-meta":"","header-main-stick-meta":"","header-below-stick-meta":"","astra-migrate-meta-layouts":"default","ast-page-background-enabled":"default","ast-page-background-meta":{"desktop":{"background-color":"var(--ast-global-color-4)","background-image":"","background-repeat":"repeat","background-position":"center center","background-size":"auto","background-attachment":"scroll","background-type":"","background-media":"","overlay-type":"","overlay-color":"","overlay-opacity":"","overlay-gradient":""},"tablet":{"background-color":"","background-image":"","background-repeat":"repeat","background-position":"center center","background-size":"auto","background-attachment":"scroll","background-type":"","background-media":"","overlay-type":"","overlay-color":"","overlay-opacity":"","overlay-gradient":""},"mobile":{"background-color":"","background-image":"","background-repeat":"repeat","background-position":"center center","background-size":"auto","background-attachment":"scroll","background-type":"","background-media":"","overlay-type":"","overlay-color":"","overlay-opacity":"","overlay-gradient":""}},"ast-content-background-meta":{"desktop":{"background-color":"var(--ast-global-color-5)","background-image":"","background-repeat":"repeat","background-position":"center center","background-size":"auto","background-attachment":"scroll","background-type":"","background-media":"","overlay-type":"","overlay-color":"","overlay-opacity":"","overlay-gradient":""},"tablet":{"background-color":"var(--ast-global-color-5)","background-image":"","background-repeat":"repeat","background-position":"center center","background-size":"auto","background-attachment":"scroll","background-type":"","background-media":"","overlay-type":"","overlay-color":"","overlay-opacity":"","overlay-gradient":""},"mobile":{"background-color":"var(--ast-global-color-5)","background-image":"","background-repeat":"repeat","background-position":"center center","background-size":"auto","background-attachment":"scroll","background-type":"","background-media":"","overlay-type":"","overlay-color":"","overlay-opacity":"","overlay-gradient":""}},"footnotes":""},"class_list":["post-1264","page","type-page","status-publish","hentry"],"post_mailing_queue_ids":[],"_links":{"self":[{"href":"https:\/\/agora.xtec.cat\/ceipgarona\/wp-json\/wp\/v2\/pages\/1264","targetHints":{"allow":["GET"]}}],"collection":[{"href":"https:\/\/agora.xtec.cat\/ceipgarona\/wp-json\/wp\/v2\/pages"}],"about":[{"href":"https:\/\/agora.xtec.cat\/ceipgarona\/wp-json\/wp\/v2\/types\/page"}],"author":[{"embeddable":true,"href":"https:\/\/agora.xtec.cat\/ceipgarona\/wp-json\/wp\/v2\/users\/1"}],"replies":[{"embeddable":true,"href":"https:\/\/agora.xtec.cat\/ceipgarona\/wp-json\/wp\/v2\/comments?post=1264"}],"version-history":[{"count":1,"href":"https:\/\/agora.xtec.cat\/ceipgarona\/wp-json\/wp\/v2\/pages\/1264\/revisions"}],"predecessor-version":[{"id":1265,"href":"https:\/\/agora.xtec.cat\/ceipgarona\/wp-json\/wp\/v2\/pages\/1264\/revisions\/1265"}],"up":[{"embeddable":true,"href":"https:\/\/agora.xtec.cat\/ceipgarona\/wp-json\/wp\/v2\/pages\/7"}],"wp:attachment":[{"href":"https:\/\/agora.xtec.cat\/ceipgarona\/wp-json\/wp\/v2\/media?parent=1264"}],"curies":[{"name":"wp","href":"https:\/\/api.w.org\/{rel}","templated":true}]}}