{"id":26,"date":"2014-09-18T12:24:32","date_gmt":"2014-09-18T11:24:32","guid":{"rendered":"http:\/\/agora.xtec.cat\/ceipgarigot\/?page_id=26"},"modified":"2020-11-27T17:38:32","modified_gmt":"2020-11-27T16:38:32","slug":"historia","status":"publish","type":"page","link":"https:\/\/agora.xtec.cat\/ceipgarigot\/lescola\/oferta-educativa\/historia\/","title":{"rendered":"Hist\u00f2ria"},"content":{"rendered":"<h3>La hist\u00f2ria del centre<\/h3>\n<p>El CEIP GARIGOT \u00e9s un centre jove amb un curt per\u00edode d\u2019exist\u00e8ncia. El centre va fundar-se al curs 2002-2003, en el recinte de Can Roca, al centre de Castelldefels. Va ser un centre de nova creaci\u00f3 atesa la demanda d&#8217;escolaritat en el nostre municipi.La implicaci\u00f3 de tota la Comunitat Educativa va generar el Projecte Educatiu de l&#8217;escola.<\/p>\n<p>Fou en el transcurs del curs 2005-2006 que es va fer el trasllat cap a la nova escola en l\u2019ubicaci\u00f3 actual.<\/p>\n<p><img loading=\"lazy\" decoding=\"async\" class=\"size-medium wp-image-3156 alignleft\" src=\"https:\/\/agora.xtec.cat\/ceipgarigot\/wp-content\/uploads\/usu3\/2019\/10\/escola-300x152.jpg\" alt=\"\" width=\"300\" height=\"152\" srcset=\"https:\/\/agora.xtec.cat\/ceipgarigot\/wp-content\/uploads\/usu3\/2019\/10\/escola-300x152.jpg 300w, https:\/\/agora.xtec.cat\/ceipgarigot\/wp-content\/uploads\/usu3\/2019\/10\/escola.jpg 315w\" sizes=\"auto, (max-width: 300px) 100vw, 300px\" \/><\/p>\n<p>&nbsp;<\/p>\n<p>&nbsp;<\/p>\n<p>&nbsp;<\/p>\n<p>&nbsp;<\/p>\n<p>&nbsp;<\/p>\n<h3>D&#8217;on surt el nostre nom?<\/h3>\n<p>Una de les primeres decisions que hav\u00edem de prendre, era de dotar nom al nou centre. es va organitzar un &#8220;concurs&#8221; on tots els membres de la Comunitat podien proposar-ne. Finalment es va fer una votaci\u00f3, atenent a les propostes finalistes, i es va decidir el nom actual. Qu\u00e8 o qui \u00e9s en Garigot?<\/p>\n<p>Castelldefels, fa molts anys, tenia tres guaites que vigilaven les possibles arribades de perills (lladres, pirates, \u2026). Un d&#8217;aquests guaites era un drac que havia trobat un vailet del poble per les muntanyes del Garraf. Aquest drac era especial i fam\u00f3s, tenia dos caps: un cap mirava cap a la banda de mar i l&#8217; altre cap a la banda de muntanya.Un dia que el rei Joan II estava a punt de morir, perqu\u00e8 s&#8217; havia perdut i l&#8217; havien recollit uns vilatans, i nom\u00e9s podia comunicar-se per escrit, feu unes ratlles inintel\u00b7ligibles:<br \/>\n&#8211; Mireu, mireu, ha fet un gargot!!- diu en Guillem .<br \/>\n&#8211; Un qu\u00e8 &#8211; salta el Drac que acabava de treure els nassos a la cambra per a veure qu\u00e8 passa &#8211; Un gar-got, han dit? Gar\u2026Got, Gar\u2026Got, Gar\u2026Got Mai cap nom m&#8217; havia agradat tant! Jo que ja fa temps que me &#8216;n buscava un \u2026 Aquest m&#8217; agrada, s\u00ed senyor. A partir d&#8217;ara el meu nom ser\u00e0 Gar-i-Got. Un tros de nom per cada cap: el que mira a la muntanya ser\u00e0 el Gar i el que mira al mar, el Got . Segons conta la llegenda, escrita en el llibre &#8221; L&#8217; Olla del Rei&#8221;<\/p>\n<p><img loading=\"lazy\" decoding=\"async\" class=\"size-medium wp-image-3157 alignleft\" src=\"https:\/\/agora.xtec.cat\/ceipgarigot\/wp-content\/uploads\/usu3\/2019\/10\/bestia210_01-300x230.jpg\" alt=\"\" width=\"300\" height=\"230\" srcset=\"https:\/\/agora.xtec.cat\/ceipgarigot\/wp-content\/uploads\/usu3\/2019\/10\/bestia210_01-300x230.jpg 300w, https:\/\/agora.xtec.cat\/ceipgarigot\/wp-content\/uploads\/usu3\/2019\/10\/bestia210_01.jpg 495w\" sizes=\"auto, (max-width: 300px) 100vw, 300px\" \/><\/p>\n","protected":false},"excerpt":{"rendered":"<p>La hist\u00f2ria del centre<br \/>\nEl CEIP GARIGOT \u00e9s un centre jove amb un curt per\u00edode d\u2019exist\u00e8ncia. El centre va fundar-se al curs 2002-2003, en el recinte de Can Roca, al centre de Castelldefels. Va ser un centre de nova creaci\u00f3 atesa la demanda d&#8217;escolaritat en el&hellip;  <a href=\"https:\/\/agora.xtec.cat\/ceipgarigot\/lescola\/oferta-educativa\/historia\/\" title=\"Read Hist\u00f2ria\">Llegeix m\u00e9s\u00bb<\/a><\/p>\n","protected":false},"author":1,"featured_media":0,"parent":34,"menu_order":1,"comment_status":"closed","ping_status":"closed","template":"page-templates\/side-menu.php","meta":{"_bbp_topic_count":0,"_bbp_reply_count":0,"_bbp_total_topic_count":0,"_bbp_total_reply_count":0,"_bbp_voice_count":0,"_bbp_anonymous_reply_count":0,"_bbp_topic_count_hidden":0,"_bbp_reply_count_hidden":0,"_bbp_forum_subforum_count":0,"footnotes":""},"class_list":["post-26","page","type-page","status-publish","hentry"],"post_mailing_queue_ids":[],"_links":{"self":[{"href":"https:\/\/agora.xtec.cat\/ceipgarigot\/wp-json\/wp\/v2\/pages\/26","targetHints":{"allow":["GET"]}}],"collection":[{"href":"https:\/\/agora.xtec.cat\/ceipgarigot\/wp-json\/wp\/v2\/pages"}],"about":[{"href":"https:\/\/agora.xtec.cat\/ceipgarigot\/wp-json\/wp\/v2\/types\/page"}],"author":[{"embeddable":true,"href":"https:\/\/agora.xtec.cat\/ceipgarigot\/wp-json\/wp\/v2\/users\/1"}],"replies":[{"embeddable":true,"href":"https:\/\/agora.xtec.cat\/ceipgarigot\/wp-json\/wp\/v2\/comments?post=26"}],"version-history":[{"count":3,"href":"https:\/\/agora.xtec.cat\/ceipgarigot\/wp-json\/wp\/v2\/pages\/26\/revisions"}],"predecessor-version":[{"id":3610,"href":"https:\/\/agora.xtec.cat\/ceipgarigot\/wp-json\/wp\/v2\/pages\/26\/revisions\/3610"}],"up":[{"embeddable":true,"href":"https:\/\/agora.xtec.cat\/ceipgarigot\/wp-json\/wp\/v2\/pages\/34"}],"wp:attachment":[{"href":"https:\/\/agora.xtec.cat\/ceipgarigot\/wp-json\/wp\/v2\/media?parent=26"}],"curies":[{"name":"wp","href":"https:\/\/api.w.org\/{rel}","templated":true}]}}