{"id":9259,"date":"2024-02-05T11:23:32","date_gmt":"2024-02-05T10:23:32","guid":{"rendered":"https:\/\/agora.xtec.cat\/ceipgarcialorca-montbui\/?page_id=9259"},"modified":"2025-10-06T11:11:53","modified_gmt":"2025-10-06T09:11:53","slug":"el-raco-de-les-families","status":"publish","type":"page","link":"https:\/\/agora.xtec.cat\/ceipgarcialorca-montbui\/lescola\/el-raco-de-les-families\/","title":{"rendered":"El rac\u00f3 de les fam\u00edlies"},"content":{"rendered":"<p>A continuaci\u00f3 teniu uns enlla\u00e7os que poden ser del vostre inter\u00e8s:<\/p>\n<p>\u00daS DE PANTALLES:<\/p>\n<p><a href=\"https:\/\/agora.xtec.cat\/ceipgarcialorca-montbui\/wp-content\/uploads\/usu1411\/2024\/02\/GuiaSomConnexioCatOnline-1.pdf\" target=\"_blank\" rel=\"noopener\">Guia per a fam\u00edlies sobre \u00fas del m\u00f2bil<\/a><\/p>\n<p><a href=\"https:\/\/agora.xtec.cat\/ceipgarcialorca-montbui\/wp-content\/uploads\/usu1411\/2024\/02\/espera-fins-els-16-1-definitiu-1.pdf\" target=\"_blank\" rel=\"noopener\">Espera fins als 16<\/a><\/p>\n<p><a href=\"https:\/\/agora.xtec.cat\/ceipgarcialorca-montbui\/wp-content\/uploads\/usu1411\/2024\/02\/SomConnexio_GuiaInfantil_CAT-1-1.pdf\" target=\"_blank\" rel=\"noopener\">Guia per criar sense pantalles de 0 a 3 anys<\/a><\/p>\n<p><a href=\"https:\/\/educacio.gencat.cat\/ca\/departament\/linies-estrategiques\/pla-digitalitzacio-responsable\/\" target=\"_blank\" rel=\"noopener\">Pla de digitalitzaci\u00f3 responsable<\/a><\/p>\n<p>LLENGUA:<\/p>\n<p><a href=\"https:\/\/agora.xtec.cat\/ceipgarcialorca-montbui\/wp-content\/uploads\/usu1411\/2024\/05\/INFOGRAFIA_PCT.pdf\" target=\"_blank\" rel=\"noopener\">Estrat\u00e8gies per afavorir el llenguatge i la comunicaci\u00f3 oral dels infants i signes d&#8217;alerta<\/a><\/p>\n<p>&nbsp;<\/p>\n","protected":false},"excerpt":{"rendered":"<p>A continuaci\u00f3 teniu uns enlla\u00e7os que poden ser del vostre inter\u00e8s:<br \/>\n\u00daS DE PANTALLES:<br \/>\n<a href=\"https:\/\/agora.xtec.cat\/ceipgarcialorca-montbui\/wp-content\/uploads\/usu1411\/2024\/02\/GuiaSomConnexioCatOnline-1.pdf\" target=\"_blank\" rel=\"noopener\">Guia per a fam\u00edlies sobre \u00fas del m\u00f2bil<\/a><br \/>\n<a href=\"https:\/\/agora.xtec.cat\/ceipgarcialorca-montbui\/wp-content\/uploads\/usu1411\/2024\/02\/espera-fins-els-16-1-definitiu-1.pdf\" target=\"_blank\" rel=\"noopener\">Espera fins als 16<\/a><br \/>\n<a href=\"https:\/\/agora.xtec.cat\/ceipgarcialorca-montbui\/wp-content\/uploads\/usu1411\/2024\/02\/SomConnexio_GuiaInfantil_CAT-1-1.pdf\" target=\"_blank\" rel=\"noopener\">Guia per criar sense pantalles de 0 a 3 anys<\/a><br \/>\n<a href=\"https:\/\/educacio.gencat.cat\/ca\/departament\/linies-estrategiques\/pla-digitalitzacio-responsable\/\" target=\"_blank\" rel=\"noopener\">Pla de&hellip;  <a href=\"https:\/\/agora.xtec.cat\/ceipgarcialorca-montbui\/lescola\/el-raco-de-les-families\/\" title=\"Read El rac\u00f3 de les fam\u00edlies\">Llegeix m\u00e9s\u00bb<\/a><\/p>\n","protected":false},"author":71,"featured_media":0,"parent":22,"menu_order":10,"comment_status":"closed","ping_status":"closed","template":"page-templates\/side-menu.php","meta":{"_bbp_topic_count":0,"_bbp_reply_count":0,"_bbp_total_topic_count":0,"_bbp_total_reply_count":0,"_bbp_voice_count":0,"_bbp_anonymous_reply_count":0,"_bbp_topic_count_hidden":0,"_bbp_reply_count_hidden":0,"_bbp_forum_subforum_count":0,"footnotes":""},"class_list":["post-9259","page","type-page","status-publish","hentry"],"post_mailing_queue_ids":[],"_links":{"self":[{"href":"https:\/\/agora.xtec.cat\/ceipgarcialorca-montbui\/wp-json\/wp\/v2\/pages\/9259","targetHints":{"allow":["GET"]}}],"collection":[{"href":"https:\/\/agora.xtec.cat\/ceipgarcialorca-montbui\/wp-json\/wp\/v2\/pages"}],"about":[{"href":"https:\/\/agora.xtec.cat\/ceipgarcialorca-montbui\/wp-json\/wp\/v2\/types\/page"}],"author":[{"embeddable":true,"href":"https:\/\/agora.xtec.cat\/ceipgarcialorca-montbui\/wp-json\/wp\/v2\/users\/71"}],"replies":[{"embeddable":true,"href":"https:\/\/agora.xtec.cat\/ceipgarcialorca-montbui\/wp-json\/wp\/v2\/comments?post=9259"}],"version-history":[{"count":6,"href":"https:\/\/agora.xtec.cat\/ceipgarcialorca-montbui\/wp-json\/wp\/v2\/pages\/9259\/revisions"}],"predecessor-version":[{"id":10420,"href":"https:\/\/agora.xtec.cat\/ceipgarcialorca-montbui\/wp-json\/wp\/v2\/pages\/9259\/revisions\/10420"}],"up":[{"embeddable":true,"href":"https:\/\/agora.xtec.cat\/ceipgarcialorca-montbui\/wp-json\/wp\/v2\/pages\/22"}],"wp:attachment":[{"href":"https:\/\/agora.xtec.cat\/ceipgarcialorca-montbui\/wp-json\/wp\/v2\/media?parent=9259"}],"curies":[{"name":"wp","href":"https:\/\/api.w.org\/{rel}","templated":true}]}}