{"id":32,"date":"2014-09-18T12:31:33","date_gmt":"2014-09-18T11:31:33","guid":{"rendered":"http:\/\/agora.xtec.cat\/ceipgarciacabanes\/?page_id=32"},"modified":"2024-08-08T13:13:56","modified_gmt":"2024-08-08T11:13:56","slug":"calendari-del-curs","status":"publish","type":"page","link":"https:\/\/agora.xtec.cat\/ceipgarciacabanes\/lescola\/calendari-del-curs\/","title":{"rendered":"Calendari del curs 2024-2025"},"content":{"rendered":"<p>\uf0b7 Data inici del curs: 9 de setembre de 2024<br \/>\n\uf0b7 Data acabament del curs: 21 de juny de 2024<\/p>\n<p><strong>HORARI<\/strong>:<br \/>\nL\u2019horari del centre per a l\u2019alumnat:<br \/>\nmat\u00ed: 09:00h a 12:30h<br \/>\ntarda: 15:00h a 16:30h<\/p>\n<p><strong>VACANCES<\/strong>:<br \/>\n\uf0b7 NADAL: del 21 de desembre 2024 al 7 de gener 2025 (ambd\u00f3s inclosos)<br \/>\n\uf0b7 SETMANA SANTA: del 12 al 21 d\u2019abril de 2025 (ambd\u00f3s inclosos)<br \/>\n\uf0b7 DATES DE JORNADA INTENSIVA EN HORARI MATINAL (de 9 a 13h)<br \/>\no 20 de desembre de 2024<br \/>\no Del 9 al 20 de juny de 2025<\/p>\n<p><strong>FESTES LOCALS<\/strong><br \/>\n\uf0b7 2 de maig de 2025<br \/>\n\uf0b7 9 de juny de 2025<\/p>\n<p><strong>DIES DE LLIURE DISPOSICI\u00d3 DEL CENTRE<\/strong><br \/>\n\uf0b7 4 de novembre de 2024<br \/>\n\uf0b7 10 de febrer de 2025<br \/>\n\uf0b7 28 de febrer de 2025<br \/>\n\uf0b7 3 de mar\u00e7 de 2025<\/p>\n<p><strong>PROVES EXTERNES<\/strong><br \/>\n\uf0b7 Compet\u00e8ncies comunicaci\u00f3 oral 6\u00e8: PENDENT DEPARTAMENT<br \/>\n\uf0b7 Compet\u00e8ncies b\u00e0siques 6\u00e8: PENDENT DEPARTAMENT<br \/>\n\uf0b7 Avaluaci\u00f3 diagn\u00f2stica 4t: PENDENT DEPARTAMENT<\/p>\n<p><span style=\"font-weight: 400;\">\u00a0<\/span><b>ENTREGA D\u2019INFORMES D\u2019AVALUACI\u00d3<\/b><\/p>\n<ul>\n<li style=\"font-weight: 400;\" aria-level=\"1\"><span style=\"font-weight: 400;\">19 de desembre de 2024:\u00a0<\/span>\n<ul>\n<li style=\"font-weight: 400;\" aria-level=\"2\"><span style=\"font-weight: 400;\">EI,\u00a0 1r, 3r i 5\u00e8 entrega en m\u00e0 amb trobada amb les fam\u00edlies*<\/span><\/li>\n<li style=\"font-weight: 400;\" aria-level=\"2\"><span style=\"font-weight: 400;\">2n, 4t i 6\u00e8\u00a0 trobada amb les fam\u00edlies (si es considera convenient)* \/entrega a l\u2019alumnat.\u00a0<\/span><\/li>\n<\/ul>\n<\/li>\n<\/ul>\n<p><span style=\"font-weight: 400;\">*Si una fam\u00edlia no assisteix s\u2019entrega l\u2019informe a l\u2019alumnat el mateix dia a la tarda.<\/span><\/p>\n<ul>\n<li style=\"font-weight: 400;\" aria-level=\"1\"><span style=\"font-weight: 400;\">31 de mar\u00e7 de 2025 (entrega a alumnat, nom\u00e9s a prim\u00e0ria)<\/span><\/li>\n<li style=\"font-weight: 400;\" aria-level=\"1\"><span style=\"font-weight: 400;\">27 de juny 2025 (entrega a les fam\u00edlies amb cita pr\u00e8via)<\/span><\/li>\n<\/ul>\n<p><b>HORARI ATENCI\u00d3 A LES FAM\u00cdLIES<\/b><\/p>\n<p>Divendres de 12:30 a 13:00h.<\/p>\n","protected":false},"excerpt":{"rendered":"<p>\uf0b7 Data inici del curs: 9 de setembre de 2024<br \/>\n\uf0b7 Data acabament del curs: 21 de juny de 2024<br \/>\nHORARI:<br \/>\nL\u2019horari del centre per a l\u2019alumnat:<br \/>\nmat\u00ed: 09:00h a 12:30h<br \/>\ntarda: 15:00h a 16:30h<br \/>\nVACANCES:<br \/>\n\uf0b7 NADAL: del 21 de desembre 2024 al 7 de gener 2025 (ambd\u00f3s inclosos)<br \/>\n\uf0b7 SETMANA SANTA:&hellip;  <a href=\"https:\/\/agora.xtec.cat\/ceipgarciacabanes\/lescola\/calendari-del-curs\/\" title=\"Read Calendari del curs 2024-2025\">Llegeix m\u00e9s\u00bb<\/a><\/p>\n","protected":false},"author":1,"featured_media":0,"parent":22,"menu_order":60,"comment_status":"closed","ping_status":"closed","template":"page-templates\/side-menu.php","meta":{"_bbp_topic_count":0,"_bbp_reply_count":0,"_bbp_total_topic_count":0,"_bbp_total_reply_count":0,"_bbp_voice_count":0,"_bbp_anonymous_reply_count":0,"_bbp_topic_count_hidden":0,"_bbp_reply_count_hidden":0,"_bbp_forum_subforum_count":0,"footnotes":""},"class_list":["post-32","page","type-page","status-publish","hentry"],"post_mailing_queue_ids":[],"_links":{"self":[{"href":"https:\/\/agora.xtec.cat\/ceipgarciacabanes\/wp-json\/wp\/v2\/pages\/32","targetHints":{"allow":["GET"]}}],"collection":[{"href":"https:\/\/agora.xtec.cat\/ceipgarciacabanes\/wp-json\/wp\/v2\/pages"}],"about":[{"href":"https:\/\/agora.xtec.cat\/ceipgarciacabanes\/wp-json\/wp\/v2\/types\/page"}],"author":[{"embeddable":true,"href":"https:\/\/agora.xtec.cat\/ceipgarciacabanes\/wp-json\/wp\/v2\/users\/1"}],"replies":[{"embeddable":true,"href":"https:\/\/agora.xtec.cat\/ceipgarciacabanes\/wp-json\/wp\/v2\/comments?post=32"}],"version-history":[{"count":6,"href":"https:\/\/agora.xtec.cat\/ceipgarciacabanes\/wp-json\/wp\/v2\/pages\/32\/revisions"}],"predecessor-version":[{"id":11014,"href":"https:\/\/agora.xtec.cat\/ceipgarciacabanes\/wp-json\/wp\/v2\/pages\/32\/revisions\/11014"}],"up":[{"embeddable":true,"href":"https:\/\/agora.xtec.cat\/ceipgarciacabanes\/wp-json\/wp\/v2\/pages\/22"}],"wp:attachment":[{"href":"https:\/\/agora.xtec.cat\/ceipgarciacabanes\/wp-json\/wp\/v2\/media?parent=32"}],"curies":[{"name":"wp","href":"https:\/\/api.w.org\/{rel}","templated":true}]}}