{"id":10850,"date":"2023-02-09T12:01:02","date_gmt":"2023-02-09T11:01:02","guid":{"rendered":"https:\/\/agora.xtec.cat\/ceipgarciacabanes\/?page_id=10850"},"modified":"2023-02-23T13:24:36","modified_gmt":"2023-02-23T12:24:36","slug":"objectius","status":"publish","type":"page","link":"https:\/\/agora.xtec.cat\/ceipgarciacabanes\/lescola\/material-escolar\/estrategia-digital-de-centre\/part-estrategica\/objectius\/","title":{"rendered":"Objectius"},"content":{"rendered":"<p>Despr\u00e8s d&#8217;haver realitzat la Diagnos\u00ed inicial de l&#8217;escola. La comissi\u00f3 d&#8217;EDC ha acordat establir els seg\u00fcents objectius prioritaris:<\/p>\n<ul>\n<li>Implementar el desplegament curricular complert de la compet\u00e8ncia digital de l\u2019alumnat per millorar l\u2019aprenentatge<\/li>\n<li>Impulsar la compet\u00e8ncia digital del personal del centre per millorar els processos d\u2019ensenyament i aprenentatge.<\/li>\n<li>Millorar la compet\u00e8ncia digital de les fam\u00edlies per afavorir l\u2019acompanyament de l\u2019aprenentatge.<\/li>\n<li>Millorar l\u2019\u00fas segur, responsable i cr\u00edtic de les tecnologies digitals amb la finalitat d\u2019esdevenir ciutadans digitals conscients.<\/li>\n<li>Promoure l\u2019\u00fas de l\u2019EVA del centre a tots els nivells educatius per tal de facilitar el seguiment d\u2019aprenentatge de l\u2019alumnat.<\/li>\n<\/ul>\n","protected":false},"excerpt":{"rendered":"<p>Despr\u00e8s d&#8217;haver realitzat la Diagnos\u00ed inicial de l&#8217;escola. La comissi\u00f3 d&#8217;EDC ha acordat establir els seg\u00fcents objectius prioritaris:<\/p>\n<ul>\n<li>Implementar el desplegament curricular complert de la compet\u00e8ncia digital de l\u2019alumnat per millorar l\u2019aprenentatge<\/li>\n<li>Impulsar la compet\u00e8ncia digital del personal del centre per millorar els processos d\u2019ensenyament i aprenentatge.<\/li>\n<li>Millorar&hellip;  <a href=\"https:\/\/agora.xtec.cat\/ceipgarciacabanes\/lescola\/material-escolar\/estrategia-digital-de-centre\/part-estrategica\/objectius\/\" title=\"Read Objectius\">Llegeix m\u00e9s\u00bb<\/a><br \/>\n","protected":false},"author":1,"featured_media":0,"parent":10752,"menu_order":0,"comment_status":"closed","ping_status":"closed","template":"","meta":{"_bbp_topic_count":0,"_bbp_reply_count":0,"_bbp_total_topic_count":0,"_bbp_total_reply_count":0,"_bbp_voice_count":0,"_bbp_anonymous_reply_count":0,"_bbp_topic_count_hidden":0,"_bbp_reply_count_hidden":0,"_bbp_forum_subforum_count":0,"footnotes":""},"class_list":["post-10850","page","type-page","status-publish","hentry"],"post_mailing_queue_ids":[],"_links":{"self":[{"href":"https:\/\/agora.xtec.cat\/ceipgarciacabanes\/wp-json\/wp\/v2\/pages\/10850","targetHints":{"allow":["GET"]}}],"collection":[{"href":"https:\/\/agora.xtec.cat\/ceipgarciacabanes\/wp-json\/wp\/v2\/pages"}],"about":[{"href":"https:\/\/agora.xtec.cat\/ceipgarciacabanes\/wp-json\/wp\/v2\/types\/page"}],"author":[{"embeddable":true,"href":"https:\/\/agora.xtec.cat\/ceipgarciacabanes\/wp-json\/wp\/v2\/users\/1"}],"replies":[{"embeddable":true,"href":"https:\/\/agora.xtec.cat\/ceipgarciacabanes\/wp-json\/wp\/v2\/comments?post=10850"}],"version-history":[{"count":2,"href":"https:\/\/agora.xtec.cat\/ceipgarciacabanes\/wp-json\/wp\/v2\/pages\/10850\/revisions"}],"predecessor-version":[{"id":10901,"href":"https:\/\/agora.xtec.cat\/ceipgarciacabanes\/wp-json\/wp\/v2\/pages\/10850\/revisions\/10901"}],"up":[{"embeddable":true,"href":"https:\/\/agora.xtec.cat\/ceipgarciacabanes\/wp-json\/wp\/v2\/pages\/10752"}],"wp:attachment":[{"href":"https:\/\/agora.xtec.cat\/ceipgarciacabanes\/wp-json\/wp\/v2\/media?parent=10850"}],"curies":[{"name":"wp","href":"https:\/\/api.w.org\/{rel}","templated":true}]}}

<p>Desprès d&#8217;haver realitzat la Diagnosí inicial de l&#8217;escola. La comissió d&#8217;EDC ha acordat establir els següents objectius prioritaris:</p>
<ul>
<li>Implementar el desplegament curricular complert de la competència digital de l’alumnat per millorar l’aprenentatge</li>
<li>Impulsar la competència digital del personal del centre per millorar els processos d’ensenyament i aprenentatge.</li>
<li>Millorar la competència digital de les famílies per afavorir l’acompanyament de l’aprenentatge.</li>
<li>Millorar l’ús segur, responsable i crític de les tecnologies digitals amb la finalitat d’esdevenir ciutadans digitals conscients.</li>
<li>Promoure l’ús de l’EVA del centre a tots els nivells educatius per tal de facilitar el seguiment d’aprenentatge de l’alumnat.</li>
</ul>

<p>Desprès d&#8217;haver realitzat la Diagnosí inicial de l&#8217;escola. La comissió d&#8217;EDC ha acordat establir els següents objectius prioritaris:</p>
<ul>
<li>Implementar el desplegament curricular complert de la competència digital de l’alumnat per millorar l’aprenentatge</li>
<li>Impulsar la competència digital del personal del centre per millorar els processos d’ensenyament i aprenentatge.</li>
<li>Millorar&hellip;  <a href="https://agora.xtec.cat/ceipgarciacabanes/lescola/material-escolar/estrategia-digital-de-centre/part-estrategica/objectius/" title="Read Objectius">Llegeix més»</a><br />
