{"id":10845,"date":"2023-02-09T11:52:01","date_gmt":"2023-02-09T10:52:01","guid":{"rendered":"https:\/\/agora.xtec.cat\/ceipgarciacabanes\/?page_id=10845"},"modified":"2023-03-23T12:22:13","modified_gmt":"2023-03-23T11:22:13","slug":"diagnosi","status":"publish","type":"page","link":"https:\/\/agora.xtec.cat\/ceipgarciacabanes\/lescola\/material-escolar\/estrategia-digital-de-centre\/part-estrategica\/diagnosi\/","title":{"rendered":"Diagnosi"},"content":{"rendered":"<p>Contingut de la Diagnosi ha consistit en un proc\u00e8s de reflexi\u00f3 per determinar la maduresa digital de l&#8217;escola. S&#8217;ha fet servir l&#8217;eina Sefie ( aplicaci\u00f3 desenvolupada per la Uni\u00f3 Europea, basada en enquestes a l&#8217;alumnat, professorat i equips directius).<\/p>\n<p>Despr\u00e9s d&#8217;haver fet un buidatge i analis\u00ed dels resultats obtinguts, s&#8217;ha pogut elaborar aquesta Diagnosi DAFO.<\/p>\n<p><a href=\"https:\/\/agora.xtec.cat\/ceipgarciacabanes\/wp-content\/uploads\/usu752\/2023\/03\/Question-breakdown-per-user-3.png\"><img loading=\"lazy\" decoding=\"async\" class=\"alignnone wp-image-10920\" src=\"https:\/\/agora.xtec.cat\/ceipgarciacabanes\/wp-content\/uploads\/usu752\/2023\/03\/Question-breakdown-per-user-3-300x300.png\" alt=\"\" width=\"250\" height=\"250\" srcset=\"https:\/\/agora.xtec.cat\/ceipgarciacabanes\/wp-content\/uploads\/usu752\/2023\/03\/Question-breakdown-per-user-3-300x300.png 300w, https:\/\/agora.xtec.cat\/ceipgarciacabanes\/wp-content\/uploads\/usu752\/2023\/03\/Question-breakdown-per-user-3-1024x1024.png 1024w, https:\/\/agora.xtec.cat\/ceipgarciacabanes\/wp-content\/uploads\/usu752\/2023\/03\/Question-breakdown-per-user-3-150x150.png 150w, https:\/\/agora.xtec.cat\/ceipgarciacabanes\/wp-content\/uploads\/usu752\/2023\/03\/Question-breakdown-per-user-3-768x768.png 768w, https:\/\/agora.xtec.cat\/ceipgarciacabanes\/wp-content\/uploads\/usu752\/2023\/03\/Question-breakdown-per-user-3-1536x1536.png 1536w, https:\/\/agora.xtec.cat\/ceipgarciacabanes\/wp-content\/uploads\/usu752\/2023\/03\/Question-breakdown-per-user-3-2048x2048.png 2048w\" sizes=\"auto, (max-width: 250px) 100vw, 250px\" \/><\/a><a href=\"https:\/\/agora.xtec.cat\/ceipgarciacabanes\/wp-content\/uploads\/usu752\/2023\/03\/Question-breakdown-per-user-1.png\"><img loading=\"lazy\" decoding=\"async\" class=\"alignnone wp-image-10918\" src=\"https:\/\/agora.xtec.cat\/ceipgarciacabanes\/wp-content\/uploads\/usu752\/2023\/03\/Question-breakdown-per-user-1-300x300.png\" alt=\"\" width=\"250\" height=\"250\" srcset=\"https:\/\/agora.xtec.cat\/ceipgarciacabanes\/wp-content\/uploads\/usu752\/2023\/03\/Question-breakdown-per-user-1-300x300.png 300w, https:\/\/agora.xtec.cat\/ceipgarciacabanes\/wp-content\/uploads\/usu752\/2023\/03\/Question-breakdown-per-user-1-1024x1024.png 1024w, https:\/\/agora.xtec.cat\/ceipgarciacabanes\/wp-content\/uploads\/usu752\/2023\/03\/Question-breakdown-per-user-1-150x150.png 150w, https:\/\/agora.xtec.cat\/ceipgarciacabanes\/wp-content\/uploads\/usu752\/2023\/03\/Question-breakdown-per-user-1-768x768.png 768w, https:\/\/agora.xtec.cat\/ceipgarciacabanes\/wp-content\/uploads\/usu752\/2023\/03\/Question-breakdown-per-user-1-1536x1536.png 1536w, https:\/\/agora.xtec.cat\/ceipgarciacabanes\/wp-content\/uploads\/usu752\/2023\/03\/Question-breakdown-per-user-1-2048x2048.png 2048w\" sizes=\"auto, (max-width: 250px) 100vw, 250px\" \/><\/a><a href=\"https:\/\/agora.xtec.cat\/ceipgarciacabanes\/wp-content\/uploads\/usu752\/2023\/03\/Question-breakdown-per-user-2.png\"><img loading=\"lazy\" decoding=\"async\" class=\"alignnone wp-image-10921\" src=\"https:\/\/agora.xtec.cat\/ceipgarciacabanes\/wp-content\/uploads\/usu752\/2023\/03\/Question-breakdown-per-user-2-300x300.png\" alt=\"\" width=\"250\" height=\"250\" srcset=\"https:\/\/agora.xtec.cat\/ceipgarciacabanes\/wp-content\/uploads\/usu752\/2023\/03\/Question-breakdown-per-user-2-300x300.png 300w, https:\/\/agora.xtec.cat\/ceipgarciacabanes\/wp-content\/uploads\/usu752\/2023\/03\/Question-breakdown-per-user-2-1024x1024.png 1024w, https:\/\/agora.xtec.cat\/ceipgarciacabanes\/wp-content\/uploads\/usu752\/2023\/03\/Question-breakdown-per-user-2-150x150.png 150w, https:\/\/agora.xtec.cat\/ceipgarciacabanes\/wp-content\/uploads\/usu752\/2023\/03\/Question-breakdown-per-user-2-768x768.png 768w, https:\/\/agora.xtec.cat\/ceipgarciacabanes\/wp-content\/uploads\/usu752\/2023\/03\/Question-breakdown-per-user-2-1536x1536.png 1536w, https:\/\/agora.xtec.cat\/ceipgarciacabanes\/wp-content\/uploads\/usu752\/2023\/03\/Question-breakdown-per-user-2-2048x2048.png 2048w\" sizes=\"auto, (max-width: 250px) 100vw, 250px\" \/><\/a><a href=\"https:\/\/agora.xtec.cat\/ceipgarciacabanes\/wp-content\/uploads\/usu752\/2023\/03\/copia-DAFO-para-publicar.png\"><img loading=\"lazy\" decoding=\"async\" class=\"alignnone wp-image-10911 size-full\" src=\"https:\/\/agora.xtec.cat\/ceipgarciacabanes\/wp-content\/uploads\/usu752\/2023\/03\/copia-DAFO-para-publicar.png\" alt=\"\" width=\"1024\" height=\"768\" srcset=\"https:\/\/agora.xtec.cat\/ceipgarciacabanes\/wp-content\/uploads\/usu752\/2023\/03\/copia-DAFO-para-publicar.png 1024w, https:\/\/agora.xtec.cat\/ceipgarciacabanes\/wp-content\/uploads\/usu752\/2023\/03\/copia-DAFO-para-publicar-300x225.png 300w, https:\/\/agora.xtec.cat\/ceipgarciacabanes\/wp-content\/uploads\/usu752\/2023\/03\/copia-DAFO-para-publicar-768x576.png 768w, https:\/\/agora.xtec.cat\/ceipgarciacabanes\/wp-content\/uploads\/usu752\/2023\/03\/copia-DAFO-para-publicar-200x150.png 200w\" sizes=\"auto, (max-width: 1024px) 100vw, 1024px\" \/><\/a><\/p>\n","protected":false},"excerpt":{"rendered":"<p>Contingut de la Diagnosi ha consistit en un proc\u00e8s de reflexi\u00f3 per determinar la maduresa digital de l&#8217;escola. S&#8217;ha fet servir l&#8217;eina Sefie ( aplicaci\u00f3 desenvolupada per la Uni\u00f3 Europea, basada en enquestes a l&#8217;alumnat, professorat i equips directius).<br \/>\nDespr\u00e9s d&#8217;haver fet un buidatge i analis\u00ed&hellip;  <a href=\"https:\/\/agora.xtec.cat\/ceipgarciacabanes\/lescola\/material-escolar\/estrategia-digital-de-centre\/part-estrategica\/diagnosi\/\" title=\"Read Diagnosi\">Llegeix m\u00e9s\u00bb<\/a><\/p>\n","protected":false},"author":1,"featured_media":0,"parent":10752,"menu_order":0,"comment_status":"closed","ping_status":"closed","template":"","meta":{"_bbp_topic_count":0,"_bbp_reply_count":0,"_bbp_total_topic_count":0,"_bbp_total_reply_count":0,"_bbp_voice_count":0,"_bbp_anonymous_reply_count":0,"_bbp_topic_count_hidden":0,"_bbp_reply_count_hidden":0,"_bbp_forum_subforum_count":0,"footnotes":""},"class_list":["post-10845","page","type-page","status-publish","hentry"],"post_mailing_queue_ids":[],"_links":{"self":[{"href":"https:\/\/agora.xtec.cat\/ceipgarciacabanes\/wp-json\/wp\/v2\/pages\/10845","targetHints":{"allow":["GET"]}}],"collection":[{"href":"https:\/\/agora.xtec.cat\/ceipgarciacabanes\/wp-json\/wp\/v2\/pages"}],"about":[{"href":"https:\/\/agora.xtec.cat\/ceipgarciacabanes\/wp-json\/wp\/v2\/types\/page"}],"author":[{"embeddable":true,"href":"https:\/\/agora.xtec.cat\/ceipgarciacabanes\/wp-json\/wp\/v2\/users\/1"}],"replies":[{"embeddable":true,"href":"https:\/\/agora.xtec.cat\/ceipgarciacabanes\/wp-json\/wp\/v2\/comments?post=10845"}],"version-history":[{"count":4,"href":"https:\/\/agora.xtec.cat\/ceipgarciacabanes\/wp-json\/wp\/v2\/pages\/10845\/revisions"}],"predecessor-version":[{"id":10922,"href":"https:\/\/agora.xtec.cat\/ceipgarciacabanes\/wp-json\/wp\/v2\/pages\/10845\/revisions\/10922"}],"up":[{"embeddable":true,"href":"https:\/\/agora.xtec.cat\/ceipgarciacabanes\/wp-json\/wp\/v2\/pages\/10752"}],"wp:attachment":[{"href":"https:\/\/agora.xtec.cat\/ceipgarciacabanes\/wp-json\/wp\/v2\/media?parent=10845"}],"curies":[{"name":"wp","href":"https:\/\/api.w.org\/{rel}","templated":true}]}}