{"id":2552,"date":"2018-03-21T13:30:23","date_gmt":"2018-03-21T12:30:23","guid":{"rendered":"http:\/\/agora.xtec.cat\/ceipfrigolet\/?page_id=2552"},"modified":"2024-11-06T15:55:40","modified_gmt":"2024-11-06T14:55:40","slug":"intercomunitat","status":"publish","type":"page","link":"https:\/\/agora.xtec.cat\/ceipfrigolet\/intercomunitat\/","title":{"rendered":"Intercomunitat"},"content":{"rendered":"<p>El Frigolet \u00e9s una escola rural i, com a tal, mant\u00e9 l&#8217;ess\u00e8ncia de comunitat i conviv\u00e8ncia dels infants de totes les edats. Durant el nostre dia a dia, compartim plegats molts moments i viv\u00e8ncies quotidianes. A m\u00e9s, es realitzen una s\u00e8rie d&#8217;activitats espec\u00edfiques conjuntes.<\/p>\n<ul>\n<li><a href=\"http:\/\/agora.xtec.cat\/ceipfrigolet\/categoria\/sortides\/\">Sortides<\/a><\/li>\n<li><a href=\"http:\/\/agora.xtec.cat\/ceipfrigolet\/categoria\/setmana-cultural\/\">Setmana cultural<\/a><\/li>\n<li><a href=\"http:\/\/agora.xtec.cat\/ceipfrigolet\/categoria\/colonies\/\">Col\u00f2nies<\/a><\/li>\n<li><a href=\"https:\/\/agora.xtec.cat\/ceipfrigolet\/projectes-descola\/?preview_id=8897&amp;preview_nonce=8189870f6d&amp;preview=true\">Projectes d&#8217;escola<\/a><\/li>\n<li><a href=\"https:\/\/agora.xtec.cat\/ceipfrigolet\/biblioteca\/dinamitzacio-lectora\/padrins-lectors\/\">Padrins lectors<\/a><\/li>\n<li><a href=\"http:\/\/agora.xtec.cat\/ceipfrigolet\/categoria\/festes\/\">Festes i celebracions<\/a><\/li>\n<li><a href=\"https:\/\/agora.xtec.cat\/ceipfrigolet\/categoria\/assemblees\/\">Assemblees<\/a><\/li>\n<\/ul>\n<p><a href=\"https:\/\/agora.xtec.cat\/ceipfrigolet\/wp-content\/uploads\/usu426\/2023\/10\/IMG_20231031_1613442-scaled.jpg\"><img loading=\"lazy\" decoding=\"async\" class=\"aligncenter wp-image-8101 \" src=\"https:\/\/agora.xtec.cat\/ceipfrigolet\/wp-content\/uploads\/usu426\/2023\/10\/IMG_20231031_1613442-1024x768.jpg\" alt=\"\" width=\"555\" height=\"416\" srcset=\"https:\/\/agora.xtec.cat\/ceipfrigolet\/wp-content\/uploads\/usu426\/2023\/10\/IMG_20231031_1613442-1024x768.jpg 1024w, https:\/\/agora.xtec.cat\/ceipfrigolet\/wp-content\/uploads\/usu426\/2023\/10\/IMG_20231031_1613442-300x225.jpg 300w, https:\/\/agora.xtec.cat\/ceipfrigolet\/wp-content\/uploads\/usu426\/2023\/10\/IMG_20231031_1613442-768x576.jpg 768w, https:\/\/agora.xtec.cat\/ceipfrigolet\/wp-content\/uploads\/usu426\/2023\/10\/IMG_20231031_1613442-1536x1152.jpg 1536w, https:\/\/agora.xtec.cat\/ceipfrigolet\/wp-content\/uploads\/usu426\/2023\/10\/IMG_20231031_1613442-2048x1536.jpg 2048w, https:\/\/agora.xtec.cat\/ceipfrigolet\/wp-content\/uploads\/usu426\/2023\/10\/IMG_20231031_1613442-200x150.jpg 200w\" sizes=\"auto, (max-width: 555px) 100vw, 555px\" \/><\/a><\/p>\n","protected":false},"excerpt":{"rendered":"<p>El Frigolet \u00e9s una escola rural i, com a tal, mant\u00e9 l&#8217;ess\u00e8ncia de comunitat i conviv\u00e8ncia dels infants de totes les edats. Durant el nostre dia a dia, compartim plegats molts moments i viv\u00e8ncies quotidianes. A m\u00e9s, es realitzen una s\u00e8rie d&#8217;activitats espec\u00edfiques conjuntes. Sortides Setmana cultural Col\u00f2nies Projectes d&#8217;escola Padrins lectors Festes i celebracions [&hellip;]<\/p>\n","protected":false},"author":1,"featured_media":0,"parent":0,"menu_order":0,"comment_status":"closed","ping_status":"closed","template":"","meta":{"_bbp_topic_count":0,"_bbp_reply_count":0,"_bbp_total_topic_count":0,"_bbp_total_reply_count":0,"_bbp_voice_count":0,"_bbp_anonymous_reply_count":0,"_bbp_topic_count_hidden":0,"_bbp_reply_count_hidden":0,"_bbp_forum_subforum_count":0,"site-sidebar-layout":"default","site-content-layout":"","ast-site-content-layout":"","site-content-style":"default","site-sidebar-style":"default","ast-global-header-display":"","ast-banner-title-visibility":"","ast-main-header-display":"","ast-hfb-above-header-display":"","ast-hfb-below-header-display":"","ast-hfb-mobile-header-display":"","site-post-title":"","ast-breadcrumbs-content":"","ast-featured-img":"","footer-sml-layout":"","theme-transparent-header-meta":"","adv-header-id-meta":"","stick-header-meta":"","header-above-stick-meta":"","header-main-stick-meta":"","header-below-stick-meta":"","astra-migrate-meta-layouts":"default","ast-page-background-enabled":"default","ast-page-background-meta":{"desktop":{"background-color":"var(--ast-global-color-4)","background-image":"","background-repeat":"repeat","background-position":"center center","background-size":"auto","background-attachment":"scroll","background-type":"","background-media":"","overlay-type":"","overlay-color":"","overlay-opacity":"","overlay-gradient":""},"tablet":{"background-color":"","background-image":"","background-repeat":"repeat","background-position":"center center","background-size":"auto","background-attachment":"scroll","background-type":"","background-media":"","overlay-type":"","overlay-color":"","overlay-opacity":"","overlay-gradient":""},"mobile":{"background-color":"","background-image":"","background-repeat":"repeat","background-position":"center center","background-size":"auto","background-attachment":"scroll","background-type":"","background-media":"","overlay-type":"","overlay-color":"","overlay-opacity":"","overlay-gradient":""}},"ast-content-background-meta":{"desktop":{"background-color":"var(--ast-global-color-5)","background-image":"","background-repeat":"repeat","background-position":"center center","background-size":"auto","background-attachment":"scroll","background-type":"","background-media":"","overlay-type":"","overlay-color":"","overlay-opacity":"","overlay-gradient":""},"tablet":{"background-color":"var(--ast-global-color-5)","background-image":"","background-repeat":"repeat","background-position":"center center","background-size":"auto","background-attachment":"scroll","background-type":"","background-media":"","overlay-type":"","overlay-color":"","overlay-opacity":"","overlay-gradient":""},"mobile":{"background-color":"var(--ast-global-color-5)","background-image":"","background-repeat":"repeat","background-position":"center center","background-size":"auto","background-attachment":"scroll","background-type":"","background-media":"","overlay-type":"","overlay-color":"","overlay-opacity":"","overlay-gradient":""}},"footnotes":""},"class_list":["post-2552","page","type-page","status-publish","hentry"],"post_mailing_queue_ids":[],"_links":{"self":[{"href":"https:\/\/agora.xtec.cat\/ceipfrigolet\/wp-json\/wp\/v2\/pages\/2552","targetHints":{"allow":["GET"]}}],"collection":[{"href":"https:\/\/agora.xtec.cat\/ceipfrigolet\/wp-json\/wp\/v2\/pages"}],"about":[{"href":"https:\/\/agora.xtec.cat\/ceipfrigolet\/wp-json\/wp\/v2\/types\/page"}],"author":[{"embeddable":true,"href":"https:\/\/agora.xtec.cat\/ceipfrigolet\/wp-json\/wp\/v2\/users\/1"}],"replies":[{"embeddable":true,"href":"https:\/\/agora.xtec.cat\/ceipfrigolet\/wp-json\/wp\/v2\/comments?post=2552"}],"version-history":[{"count":6,"href":"https:\/\/agora.xtec.cat\/ceipfrigolet\/wp-json\/wp\/v2\/pages\/2552\/revisions"}],"predecessor-version":[{"id":8903,"href":"https:\/\/agora.xtec.cat\/ceipfrigolet\/wp-json\/wp\/v2\/pages\/2552\/revisions\/8903"}],"wp:attachment":[{"href":"https:\/\/agora.xtec.cat\/ceipfrigolet\/wp-json\/wp\/v2\/media?parent=2552"}],"curies":[{"name":"wp","href":"https:\/\/api.w.org\/{rel}","templated":true}]}}