{"id":465,"date":"2017-01-31T23:54:27","date_gmt":"2017-01-31T22:54:27","guid":{"rendered":"http:\/\/agora.xtec.cat\/ceipfredericgodas\/?page_id=465"},"modified":"2017-02-05T19:20:56","modified_gmt":"2017-02-05T18:20:56","slug":"educacio-musical","status":"publish","type":"page","link":"https:\/\/agora.xtec.cat\/ceipfredericgodas\/projectes-2\/educacio-musical\/","title":{"rendered":"EDUCACI\u00d3 MUSICAL"},"content":{"rendered":"<p style=\"text-align: justify;\">\r\n\t<div class=\"slideshow_container slideshow_container_style-light\" style=\"height: 300px; \" data-slideshow-id=\"538\" data-style-name=\"style-light\" data-style-version=\"2.3.1\" >\r\n\r\n\t\t\t\t\t<div class=\"slideshow_loading_icon\"><\/div>\r\n\t\t\r\n\t\t<div class=\"slideshow_content\" style=\"display: none;\">\r\n\r\n\t\t\t<div class=\"slideshow_view\">\r\n\t\t\t\t<div class=\"slideshow_slide slideshow_slide_image\">\r\n\t\t\t\t\t\t\t\t\t\t\t<img src=\"https:\/\/agora.xtec.cat\/ceipfredericgodas\/wp-content\/uploads\/usu165\/2017\/02\/MUSICAWEB4.jpg\" alt=\"musicaweb4\" width=\"1024\" height=\"400\" \/>\r\n\t\t\t\t\t\t\t\t\t\t<div class=\"slideshow_description_box slideshow_transparent\">\r\n\t\t\t\t\t\t<div class=\"slideshow_title\">musicaweb4<\/div>\t\t\t\t\t\t\t\t\t\t\t<\/div>\r\n\t\t\t\t<\/div>\r\n\r\n\t\t\t\t\t\t<div style=\"clear: both;\"><\/div><\/div><div class=\"slideshow_view\">\r\n\t\t\t\t<div class=\"slideshow_slide slideshow_slide_image\">\r\n\t\t\t\t\t\t\t\t\t\t\t<img src=\"https:\/\/agora.xtec.cat\/ceipfredericgodas\/wp-content\/uploads\/usu165\/2017\/02\/MUSICAWEB3.jpg\" alt=\"musicaweb3\" width=\"1024\" height=\"400\" \/>\r\n\t\t\t\t\t\t\t\t\t\t<div class=\"slideshow_description_box slideshow_transparent\">\r\n\t\t\t\t\t\t<div class=\"slideshow_title\">musicaweb3<\/div>\t\t\t\t\t\t\t\t\t\t\t<\/div>\r\n\t\t\t\t<\/div>\r\n\r\n\t\t\t\t\t\t<div style=\"clear: both;\"><\/div><\/div><div class=\"slideshow_view\">\r\n\t\t\t\t<div class=\"slideshow_slide slideshow_slide_image\">\r\n\t\t\t\t\t\t\t\t\t\t\t<img src=\"https:\/\/agora.xtec.cat\/ceipfredericgodas\/wp-content\/uploads\/usu165\/2017\/02\/MUSICAWEB.jpg\" alt=\"musicaweb\" width=\"1024\" height=\"400\" \/>\r\n\t\t\t\t\t\t\t\t\t\t<div class=\"slideshow_description_box slideshow_transparent\">\r\n\t\t\t\t\t\t<div class=\"slideshow_title\">musicaweb<\/div>\t\t\t\t\t\t\t\t\t\t\t<\/div>\r\n\t\t\t\t<\/div>\r\n\r\n\t\t\t\t\t\t<div style=\"clear: both;\"><\/div><\/div>\r\n\t\t<\/div>\r\n\r\n\t\t<div class=\"slideshow_controlPanel slideshow_transparent\" style=\"display: none;\"><ul><li class=\"slideshow_togglePlay\" data-play-text=\"Visualitza\" data-pause-text=\"Pausa\"><\/li><\/ul><\/div>\r\n\r\n\t\t<div class=\"slideshow_button slideshow_previous slideshow_transparent\" role=\"button\" data-previous-text=\"Anterior\" style=\"display: none;\"><\/div>\r\n\t\t<div class=\"slideshow_button slideshow_next slideshow_transparent\" role=\"button\" data-next-text=\"Seg\u00fcent\" style=\"display: none;\"><\/div>\r\n\r\n\t\t<div class=\"slideshow_pagination\" style=\"display: none;\" data-go-to-text=\"V\u00e9s a la diapositiva\"><div class=\"slideshow_pagination_center\"><\/div><\/div>\r\n\r\n\t\t<!-- WordPress Slideshow Version 2.3.1 -->\r\n\r\n\t\t\t<\/div>\r\n\r\n<\/p>\n<p style=\"text-align: justify;\">L\u2019educaci\u00f3 musical suposa una part important dins de la hist\u00f2ria pedag\u00f2gica del centre. Des dels seus inicis (curs 1981-1982) s\u2019ha procurat desenvolupar una acurada tasca d\u2019ensenyament-aprenentatge intentant que la m\u00fasica contribu\u00eds al desenvolupament integral de l\u2019alumnat dotant-lo d\u2019una sensibilitat especial cap a les manifestacions art\u00edstiques de les diferents cultures i de la quotidianitat que ens envolta.<\/p>\n<p style=\"text-align: justify;\">El cant coral ha estat una de les manifestacions m\u00e9s representatives d\u2019aquest inter\u00e8s cap a la m\u00fasica i des de fa m\u00e9s de trenta-cinc anys s\u2019ha vingut treballant en la formaci\u00f3 i el manteniment de diferents grups corals: La coral dels petits, la dels mitjans i la dels grans enriquides amb el temps amb noves creacions com la coral d\u2019 exalumnes i la de professors\/res. \u00c9s un objectiu prioritari del centre continuar aquest impuls musical i mantenir l\u2019organitzaci\u00f3 actual, fins i tot ampliar-la ja que cada cop hi ha m\u00e9s demanda per part de les fam\u00edlies.<\/p>\n<p style=\"text-align: justify;\">A m\u00e9s, la m\u00fasica guia i acompanya les diferents festes tradicionals catalanes, contribuint a l\u2019arrelament de l\u2019alumnat a la comunitat que habita. Tamb\u00e9 \u00e9s un important element de cohesi\u00f3 social i d\u2019interrelaci\u00f3 amb les fam\u00edlies de l\u2019alumnat. Ja que estem immersos en un context multicultural es procurar\u00e0 treballar tamb\u00e9 elements musicals propis d\u2019altres cultures i emprar la llengua anglesa de manera natural dins d\u2019un context pluriling\u00fce.<\/p>\n","protected":false},"excerpt":{"rendered":"<p>\t\t\t\t\t\tmusicaweb4\t\t\t\t\t\t\t\t\t\t\t<\/p>\n<p>\t\t\t\t\t\tmusicaweb3\t\t\t\t\t\t\t\t\t\t\t<\/p>\n<p>\t\t\t\t\t\tmusicaweb\t\t\t\t\t\t\t\t\t\t\t<\/p>\n<ul>\n<li class=\"slideshow_togglePlay\" data-play-text=\"Visualitza\" data-pause-text=\"Pausa\"><\/li>\n<\/ul>\n<p>L\u2019educaci\u00f3 musical suposa una part important dins de la hist\u00f2ria pedag\u00f2gica del centre. Des dels seus inicis (curs 1981-1982) s\u2019ha procurat desenvolupar una acurada tasca d\u2019ensenyament-aprenentatge intentant que la m\u00fasica contribu\u00eds al desenvolupament integral de l\u2019alumnat dotant-lo d\u2019una sensibilitat especial cap a&hellip;  <a href=\"https:\/\/agora.xtec.cat\/ceipfredericgodas\/projectes-2\/educacio-musical\/\" title=\"Read EDUCACI\u00d3 MUSICAL\">Llegeix m\u00e9s\u00bb<\/a><\/p>\n","protected":false},"author":4,"featured_media":0,"parent":241,"menu_order":1,"comment_status":"closed","ping_status":"closed","template":"page-templates\/side-menu.php","meta":{"_bbp_topic_count":0,"_bbp_reply_count":0,"_bbp_total_topic_count":0,"_bbp_total_reply_count":0,"_bbp_voice_count":0,"_bbp_anonymous_reply_count":0,"_bbp_topic_count_hidden":0,"_bbp_reply_count_hidden":0,"_bbp_forum_subforum_count":0,"footnotes":""},"class_list":["post-465","page","type-page","status-publish","hentry"],"post_mailing_queue_ids":[],"_links":{"self":[{"href":"https:\/\/agora.xtec.cat\/ceipfredericgodas\/wp-json\/wp\/v2\/pages\/465","targetHints":{"allow":["GET"]}}],"collection":[{"href":"https:\/\/agora.xtec.cat\/ceipfredericgodas\/wp-json\/wp\/v2\/pages"}],"about":[{"href":"https:\/\/agora.xtec.cat\/ceipfredericgodas\/wp-json\/wp\/v2\/types\/page"}],"author":[{"embeddable":true,"href":"https:\/\/agora.xtec.cat\/ceipfredericgodas\/wp-json\/wp\/v2\/users\/4"}],"replies":[{"embeddable":true,"href":"https:\/\/agora.xtec.cat\/ceipfredericgodas\/wp-json\/wp\/v2\/comments?post=465"}],"version-history":[{"count":3,"href":"https:\/\/agora.xtec.cat\/ceipfredericgodas\/wp-json\/wp\/v2\/pages\/465\/revisions"}],"predecessor-version":[{"id":543,"href":"https:\/\/agora.xtec.cat\/ceipfredericgodas\/wp-json\/wp\/v2\/pages\/465\/revisions\/543"}],"up":[{"embeddable":true,"href":"https:\/\/agora.xtec.cat\/ceipfredericgodas\/wp-json\/wp\/v2\/pages\/241"}],"wp:attachment":[{"href":"https:\/\/agora.xtec.cat\/ceipfredericgodas\/wp-json\/wp\/v2\/media?parent=465"}],"curies":[{"name":"wp","href":"https:\/\/api.w.org\/{rel}","templated":true}]}}