{"id":767,"date":"2016-10-18T15:23:17","date_gmt":"2016-10-18T14:23:17","guid":{"rendered":"http:\/\/agora.xtec.cat\/ceipfortiasola\/?page_id=767"},"modified":"2025-10-18T19:35:12","modified_gmt":"2025-10-18T17:35:12","slug":"psicomotricitat-reeducativa","status":"publish","type":"page","link":"https:\/\/agora.xtec.cat\/ceipfortiasola\/psicomotricitat-reeducativa\/","title":{"rendered":"Psicomotricitat reeducativa"},"content":{"rendered":"<table style=\"border-collapse: collapse; width: 100%; height: 438px;\">\n<tbody>\n<tr style=\"height: 438px;\">\n<td style=\"width: 50%; height: 438px;\" colspan=\"2\">\n<h4 style=\"text-align: left;\">La psicomotricitat reeducativa treballa per millorar les dificultats o alteracions que el nen o nena presenta en els seu desenvolupament psicomotriu com poden ser: problemes d&#8217;atenci\u00f3 i hiperactivitat, alteracions t\u00f2nic-emocionals, dificultats de gestionar l&#8217;angoixa i estats an\u00edmics, problemes relacionals, alteracions de la lateralitat, desorientaci\u00f3 espai-temps,&#8230;<\/h4>\n<p><a style=\"font-family: inherit; font-size: 16px; font-style: normal; font-weight: 400; background-color: #ffffff; color: #3a3a3a;\" href=\"https:\/\/agora.xtec.cat\/ceipfortiasola\/wp-content\/uploads\/usu1327\/2024\/10\/IMG-20241009-WA0008.jpg\"><img loading=\"lazy\" decoding=\"async\" class=\"wp-image-5879 alignleft\" src=\"https:\/\/agora.xtec.cat\/ceipfortiasola\/wp-content\/uploads\/usu1327\/2024\/10\/IMG-20241009-WA0008-1024x768.jpg\" alt=\"\" width=\"272\" height=\"204\" srcset=\"https:\/\/agora.xtec.cat\/ceipfortiasola\/wp-content\/uploads\/usu1327\/2024\/10\/IMG-20241009-WA0008-1024x768.jpg 1024w, https:\/\/agora.xtec.cat\/ceipfortiasola\/wp-content\/uploads\/usu1327\/2024\/10\/IMG-20241009-WA0008-300x225.jpg 300w, https:\/\/agora.xtec.cat\/ceipfortiasola\/wp-content\/uploads\/usu1327\/2024\/10\/IMG-20241009-WA0008-768x576.jpg 768w, https:\/\/agora.xtec.cat\/ceipfortiasola\/wp-content\/uploads\/usu1327\/2024\/10\/IMG-20241009-WA0008-1536x1152.jpg 1536w, https:\/\/agora.xtec.cat\/ceipfortiasola\/wp-content\/uploads\/usu1327\/2024\/10\/IMG-20241009-WA0008-200x150.jpg 200w, https:\/\/agora.xtec.cat\/ceipfortiasola\/wp-content\/uploads\/usu1327\/2024\/10\/IMG-20241009-WA0008.jpg 1600w\" sizes=\"auto, (max-width: 272px) 100vw, 272px\" \/><\/a><span style=\"font-size: 16px; font-style: normal; font-weight: 400;\">En tots aquest casos cal acompanyar-los des d&#8217;una estimulaci\u00f3 sensorial adequada a les possibilitats i necessitats. A trav\u00e9s del moviment corporal conscient es busca la manera d&#8217;aconseguir l&#8217;equilibri entre el motor, el sensorial, ps\u00edquic i l&#8217;afectiu dels nenes i nenes. <\/span><span style=\"font-weight: 400;\">Pret\u00e9n que el nen arribi a la comunicaci\u00f3, a l\u2019adquisici\u00f3 del nivell simb\u00f2lic i als aprenentatges instrumentals.<\/span><\/p>\n<p>&nbsp;<\/p>\n<p>Les sessions de psicomotricitat reeducativa van adre\u00e7ades a l&#8217;alumnat d\u2019Educaci\u00f3 Infantil. \u00c9s una activitat que porta terme la mestra psicomotricista del centre i dins l&#8217;horari lectiu<\/p>\n<h6><a href=\"https:\/\/agora.xtec.cat\/ceipfortiasola\/wp-content\/uploads\/usu1327\/2024\/10\/IMG-20241009-WA0006.jpg\"><img loading=\"lazy\" decoding=\"async\" class=\"wp-image-5880 aligncenter\" src=\"https:\/\/agora.xtec.cat\/ceipfortiasola\/wp-content\/uploads\/usu1327\/2024\/10\/IMG-20241009-WA0006-1024x768.jpg\" alt=\"\" width=\"335\" height=\"252\" srcset=\"https:\/\/agora.xtec.cat\/ceipfortiasola\/wp-content\/uploads\/usu1327\/2024\/10\/IMG-20241009-WA0006-1024x768.jpg 1024w, https:\/\/agora.xtec.cat\/ceipfortiasola\/wp-content\/uploads\/usu1327\/2024\/10\/IMG-20241009-WA0006-300x225.jpg 300w, https:\/\/agora.xtec.cat\/ceipfortiasola\/wp-content\/uploads\/usu1327\/2024\/10\/IMG-20241009-WA0006-768x576.jpg 768w, https:\/\/agora.xtec.cat\/ceipfortiasola\/wp-content\/uploads\/usu1327\/2024\/10\/IMG-20241009-WA0006-1536x1152.jpg 1536w, https:\/\/agora.xtec.cat\/ceipfortiasola\/wp-content\/uploads\/usu1327\/2024\/10\/IMG-20241009-WA0006-200x150.jpg 200w, https:\/\/agora.xtec.cat\/ceipfortiasola\/wp-content\/uploads\/usu1327\/2024\/10\/IMG-20241009-WA0006.jpg 1600w\" sizes=\"auto, (max-width: 335px) 100vw, 335px\" \/><\/a><\/h6>\n<p>&nbsp;<\/td>\n<\/tr>\n<\/tbody>\n<\/table>\n","protected":false},"excerpt":{"rendered":"<p>La psicomotricitat reeducativa treballa per millorar les dificultats o alteracions que el nen o nena presenta en els seu desenvolupament psicomotriu com poden ser: problemes d&#8217;atenci\u00f3 i hiperactivitat, alteracions t\u00f2nic-emocionals, dificultats de gestionar l&#8217;angoixa i estats an\u00edmics, problemes relacionals, alteracions de la lateralitat, desorientaci\u00f3 espai-temps,&#8230; En tots aquest casos cal acompanyar-los des d&#8217;una estimulaci\u00f3 sensorial [&hellip;]<\/p>\n","protected":false},"author":4,"featured_media":1104,"parent":0,"menu_order":0,"comment_status":"closed","ping_status":"closed","template":"","meta":{"_bbp_topic_count":0,"_bbp_reply_count":0,"_bbp_total_topic_count":0,"_bbp_total_reply_count":0,"_bbp_voice_count":0,"_bbp_anonymous_reply_count":0,"_bbp_topic_count_hidden":0,"_bbp_reply_count_hidden":0,"_bbp_forum_subforum_count":0,"site-sidebar-layout":"default","site-content-layout":"","ast-site-content-layout":"default","site-content-style":"default","site-sidebar-style":"default","ast-global-header-display":"","ast-banner-title-visibility":"","ast-main-header-display":"","ast-hfb-above-header-display":"","ast-hfb-below-header-display":"","ast-hfb-mobile-header-display":"","site-post-title":"","ast-breadcrumbs-content":"","ast-featured-img":"","footer-sml-layout":"","theme-transparent-header-meta":"default","adv-header-id-meta":"","stick-header-meta":"","header-above-stick-meta":"","header-main-stick-meta":"","header-below-stick-meta":"","astra-migrate-meta-layouts":"set","ast-page-background-enabled":"default","ast-page-background-meta":{"desktop":{"background-color":"var(--ast-global-color-4)","background-image":"","background-repeat":"repeat","background-position":"center center","background-size":"auto","background-attachment":"scroll","background-type":"","background-media":"","overlay-type":"","overlay-color":"","overlay-opacity":"","overlay-gradient":""},"tablet":{"background-color":"","background-image":"","background-repeat":"repeat","background-position":"center center","background-size":"auto","background-attachment":"scroll","background-type":"","background-media":"","overlay-type":"","overlay-color":"","overlay-opacity":"","overlay-gradient":""},"mobile":{"background-color":"","background-image":"","background-repeat":"repeat","background-position":"center center","background-size":"auto","background-attachment":"scroll","background-type":"","background-media":"","overlay-type":"","overlay-color":"","overlay-opacity":"","overlay-gradient":""}},"ast-content-background-meta":{"desktop":{"background-color":"var(--ast-global-color-5)","background-image":"","background-repeat":"repeat","background-position":"center center","background-size":"auto","background-attachment":"scroll","background-type":"","background-media":"","overlay-type":"","overlay-color":"","overlay-opacity":"","overlay-gradient":""},"tablet":{"background-color":"var(--ast-global-color-5)","background-image":"","background-repeat":"repeat","background-position":"center center","background-size":"auto","background-attachment":"scroll","background-type":"","background-media":"","overlay-type":"","overlay-color":"","overlay-opacity":"","overlay-gradient":""},"mobile":{"background-color":"var(--ast-global-color-5)","background-image":"","background-repeat":"repeat","background-position":"center center","background-size":"auto","background-attachment":"scroll","background-type":"","background-media":"","overlay-type":"","overlay-color":"","overlay-opacity":"","overlay-gradient":""}},"footnotes":""},"class_list":["post-767","page","type-page","status-publish","has-post-thumbnail","hentry"],"post_mailing_queue_ids":[],"_links":{"self":[{"href":"https:\/\/agora.xtec.cat\/ceipfortiasola\/wp-json\/wp\/v2\/pages\/767","targetHints":{"allow":["GET"]}}],"collection":[{"href":"https:\/\/agora.xtec.cat\/ceipfortiasola\/wp-json\/wp\/v2\/pages"}],"about":[{"href":"https:\/\/agora.xtec.cat\/ceipfortiasola\/wp-json\/wp\/v2\/types\/page"}],"author":[{"embeddable":true,"href":"https:\/\/agora.xtec.cat\/ceipfortiasola\/wp-json\/wp\/v2\/users\/4"}],"replies":[{"embeddable":true,"href":"https:\/\/agora.xtec.cat\/ceipfortiasola\/wp-json\/wp\/v2\/comments?post=767"}],"version-history":[{"count":7,"href":"https:\/\/agora.xtec.cat\/ceipfortiasola\/wp-json\/wp\/v2\/pages\/767\/revisions"}],"predecessor-version":[{"id":6306,"href":"https:\/\/agora.xtec.cat\/ceipfortiasola\/wp-json\/wp\/v2\/pages\/767\/revisions\/6306"}],"wp:featuredmedia":[{"embeddable":true,"href":"https:\/\/agora.xtec.cat\/ceipfortiasola\/wp-json\/wp\/v2\/media\/1104"}],"wp:attachment":[{"href":"https:\/\/agora.xtec.cat\/ceipfortiasola\/wp-json\/wp\/v2\/media?parent=767"}],"curies":[{"name":"wp","href":"https:\/\/api.w.org\/{rel}","templated":true}]}}

<table style="border-collapse: collapse; width: 100%; height: 438px;">
<tbody>
<tr style="height: 438px;">
<td style="width: 50%; height: 438px;" colspan="2">
<h4 style="text-align: left;">La psicomotricitat reeducativa treballa per millorar les dificultats o alteracions que el nen o nena presenta en els seu desenvolupament psicomotriu com poden ser: problemes d&#8217;atenció i hiperactivitat, alteracions tònic-emocionals, dificultats de gestionar l&#8217;angoixa i estats anímics, problemes relacionals, alteracions de la lateralitat, desorientació espai-temps,&#8230;</h4>
<p><a style="font-family: inherit; font-size: 16px; font-style: normal; font-weight: 400; background-color: #ffffff; color: #3a3a3a;" href="https://agora.xtec.cat/ceipfortiasola/wp-content/uploads/usu1327/2024/10/IMG-20241009-WA0008.jpg"><img loading="lazy" decoding="async" class="wp-image-5879 alignleft" src="https://agora.xtec.cat/ceipfortiasola/wp-content/uploads/usu1327/2024/10/IMG-20241009-WA0008-1024x768.jpg" alt="" width="272" height="204" srcset="https://agora.xtec.cat/ceipfortiasola/wp-content/uploads/usu1327/2024/10/IMG-20241009-WA0008-1024x768.jpg 1024w, https://agora.xtec.cat/ceipfortiasola/wp-content/uploads/usu1327/2024/10/IMG-20241009-WA0008-300x225.jpg 300w, https://agora.xtec.cat/ceipfortiasola/wp-content/uploads/usu1327/2024/10/IMG-20241009-WA0008-768x576.jpg 768w, https://agora.xtec.cat/ceipfortiasola/wp-content/uploads/usu1327/2024/10/IMG-20241009-WA0008-1536x1152.jpg 1536w, https://agora.xtec.cat/ceipfortiasola/wp-content/uploads/usu1327/2024/10/IMG-20241009-WA0008-200x150.jpg 200w, https://agora.xtec.cat/ceipfortiasola/wp-content/uploads/usu1327/2024/10/IMG-20241009-WA0008.jpg 1600w" sizes="auto, (max-width: 272px) 100vw, 272px" /></a><span style="font-size: 16px; font-style: normal; font-weight: 400;">En tots aquest casos cal acompanyar-los des d&#8217;una estimulació sensorial adequada a les possibilitats i necessitats. A través del moviment corporal conscient es busca la manera d&#8217;aconseguir l&#8217;equilibri entre el motor, el sensorial, psíquic i l&#8217;afectiu dels nenes i nenes. </span><span style="font-weight: 400;">Pretén que el nen arribi a la comunicació, a l’adquisició del nivell simbòlic i als aprenentatges instrumentals.</span></p>
<p>&nbsp;</p>
<p>Les sessions de psicomotricitat reeducativa van adreçades a l&#8217;alumnat d’Educació Infantil. És una activitat que porta terme la mestra psicomotricista del centre i dins l&#8217;horari lectiu</p>
<h6><a href="https://agora.xtec.cat/ceipfortiasola/wp-content/uploads/usu1327/2024/10/IMG-20241009-WA0006.jpg"><img loading="lazy" decoding="async" class="wp-image-5880 aligncenter" src="https://agora.xtec.cat/ceipfortiasola/wp-content/uploads/usu1327/2024/10/IMG-20241009-WA0006-1024x768.jpg" alt="" width="335" height="252" srcset="https://agora.xtec.cat/ceipfortiasola/wp-content/uploads/usu1327/2024/10/IMG-20241009-WA0006-1024x768.jpg 1024w, https://agora.xtec.cat/ceipfortiasola/wp-content/uploads/usu1327/2024/10/IMG-20241009-WA0006-300x225.jpg 300w, https://agora.xtec.cat/ceipfortiasola/wp-content/uploads/usu1327/2024/10/IMG-20241009-WA0006-768x576.jpg 768w, https://agora.xtec.cat/ceipfortiasola/wp-content/uploads/usu1327/2024/10/IMG-20241009-WA0006-1536x1152.jpg 1536w, https://agora.xtec.cat/ceipfortiasola/wp-content/uploads/usu1327/2024/10/IMG-20241009-WA0006-200x150.jpg 200w, https://agora.xtec.cat/ceipfortiasola/wp-content/uploads/usu1327/2024/10/IMG-20241009-WA0006.jpg 1600w" sizes="auto, (max-width: 335px) 100vw, 335px" /></a></h6>
<p>&nbsp;</td>
</tr>
</tbody>
</table>

<p>La psicomotricitat reeducativa treballa per millorar les dificultats o alteracions que el nen o nena presenta en els seu desenvolupament psicomotriu com poden ser: problemes d&#8217;atenció i hiperactivitat, alteracions tònic-emocionals, dificultats de gestionar l&#8217;angoixa i estats anímics, problemes relacionals, alteracions de la lateralitat, desorientació espai-temps,&#8230; En tots aquest casos cal acompanyar-los des d&#8217;una estimulació sensorial [&hellip;]</p>
