{"id":15837,"date":"2025-01-13T13:11:48","date_gmt":"2025-01-13T12:11:48","guid":{"rendered":"https:\/\/agora.xtec.cat\/ceipfontrosella\/?page_id=15837"},"modified":"2025-01-22T16:30:22","modified_gmt":"2025-01-22T15:30:22","slug":"preinscripcio","status":"publish","type":"page","link":"https:\/\/agora.xtec.cat\/ceipfontrosella\/preinscripcio\/","title":{"rendered":"Preinscripci\u00f3 i matr\u00edcula"},"content":{"rendered":"<p><a href=\"https:\/\/agora.xtec.cat\/ceipfontrosella\/wp-content\/uploads\/usu43\/2025\/01\/PREINSCRIPCIO.png\"><img loading=\"lazy\" decoding=\"async\" class=\"wp-image-15972 aligncenter\" src=\"https:\/\/agora.xtec.cat\/ceipfontrosella\/wp-content\/uploads\/usu43\/2025\/01\/PREINSCRIPCIO-300x75.png\" alt=\"\" width=\"1000\" height=\"250\" srcset=\"https:\/\/agora.xtec.cat\/ceipfontrosella\/wp-content\/uploads\/usu43\/2025\/01\/PREINSCRIPCIO-300x75.png 300w, https:\/\/agora.xtec.cat\/ceipfontrosella\/wp-content\/uploads\/usu43\/2025\/01\/PREINSCRIPCIO-1024x256.png 1024w, https:\/\/agora.xtec.cat\/ceipfontrosella\/wp-content\/uploads\/usu43\/2025\/01\/PREINSCRIPCIO-768x192.png 768w, https:\/\/agora.xtec.cat\/ceipfontrosella\/wp-content\/uploads\/usu43\/2025\/01\/PREINSCRIPCIO-1536x384.png 1536w, https:\/\/agora.xtec.cat\/ceipfontrosella\/wp-content\/uploads\/usu43\/2025\/01\/PREINSCRIPCIO.png 1920w\" sizes=\"auto, (max-width: 1000px) 100vw, 1000px\" \/><\/a><\/p>\n<p>M\u00e9s endavant publicarem les dates per la preinscripci\u00f3 i matr\u00edcula.<\/p>\n","protected":false},"excerpt":{"rendered":"<p><a href=\"https:\/\/agora.xtec.cat\/ceipfontrosella\/wp-content\/uploads\/usu43\/2025\/01\/PREINSCRIPCIO.png\"><\/a><br \/>\nM\u00e9s endavant publicarem les dates per la preinscripci\u00f3 i matr\u00edcula.<\/p>\n","protected":false},"author":1,"featured_media":0,"parent":0,"menu_order":0,"comment_status":"closed","ping_status":"closed","template":"","meta":{"_bbp_topic_count":0,"_bbp_reply_count":0,"_bbp_total_topic_count":0,"_bbp_total_reply_count":0,"_bbp_voice_count":0,"_bbp_anonymous_reply_count":0,"_bbp_topic_count_hidden":0,"_bbp_reply_count_hidden":0,"_bbp_forum_subforum_count":0,"footnotes":""},"class_list":["post-15837","page","type-page","status-publish","hentry"],"post_mailing_queue_ids":[],"_links":{"self":[{"href":"https:\/\/agora.xtec.cat\/ceipfontrosella\/wp-json\/wp\/v2\/pages\/15837","targetHints":{"allow":["GET"]}}],"collection":[{"href":"https:\/\/agora.xtec.cat\/ceipfontrosella\/wp-json\/wp\/v2\/pages"}],"about":[{"href":"https:\/\/agora.xtec.cat\/ceipfontrosella\/wp-json\/wp\/v2\/types\/page"}],"author":[{"embeddable":true,"href":"https:\/\/agora.xtec.cat\/ceipfontrosella\/wp-json\/wp\/v2\/users\/1"}],"replies":[{"embeddable":true,"href":"https:\/\/agora.xtec.cat\/ceipfontrosella\/wp-json\/wp\/v2\/comments?post=15837"}],"version-history":[{"count":3,"href":"https:\/\/agora.xtec.cat\/ceipfontrosella\/wp-json\/wp\/v2\/pages\/15837\/revisions"}],"predecessor-version":[{"id":15974,"href":"https:\/\/agora.xtec.cat\/ceipfontrosella\/wp-json\/wp\/v2\/pages\/15837\/revisions\/15974"}],"wp:attachment":[{"href":"https:\/\/agora.xtec.cat\/ceipfontrosella\/wp-json\/wp\/v2\/media?parent=15837"}],"curies":[{"name":"wp","href":"https:\/\/api.w.org\/{rel}","templated":true}]}}