{"id":11845,"date":"2020-03-09T15:35:57","date_gmt":"2020-03-09T14:35:57","guid":{"rendered":"https:\/\/agora.xtec.cat\/ceipfontrosella\/?page_id=11845"},"modified":"2020-03-28T00:44:52","modified_gmt":"2020-03-27T23:44:52","slug":"projecte-linguistic-de-centre","status":"publish","type":"page","link":"https:\/\/agora.xtec.cat\/ceipfontrosella\/projecte-educatiu\/projecte-linguistic-de-centre\/","title":{"rendered":"Projecte ling\u00fc\u00edstic de centre ( PLC )"},"content":{"rendered":"<header class=\"entry-header\"><\/header>\n<p lang=\"ca-ES\" align=\"JUSTIFY\">\n<p lang=\"ca-ES\" align=\"JUSTIFY\"><span style=\"font-family: Segoe Print;\"><span style=\"font-size: large;\"><b>INTRODUCCI\u00d3 AL PROJECTE LING\u00dc\u00cdSTIC<\/b><\/span><\/span><\/p>\n<h1 class=\"western\" align=\"JUSTIFY\"><span style=\"color: #000000;\"><span style=\"font-size: large;\"><span style=\"font-family: Segoe Print;\"><span lang=\"ca-ES\">El document que ara presentem \u00e9s un document que es fa servir a l\u2019hora de prendre decisions i com a mesures organitzatives que permetin millorar el nivell acad\u00e8mic dels alumnes. \u00c9s fruit de la reflexi\u00f3 conjunta de tots els representants de la Comunitat de l\u2019Escola Font Rosella per tal de consensuar els objectius introdu\u00efts al PLC.<\/span><\/span><\/span><\/span><\/h1>\n<h1 class=\"western\" lang=\"ca-ES\" align=\"JUSTIFY\"><span style=\"color: #000000;\"><span style=\"font-family: Segoe Print;\"><span style=\"font-size: large;\">\u00c9s un instrument que vincula a fam\u00edlies, alumnat, professorat i personal del centre respecte a l\u2019objectiu com\u00fa de fer efectiva la normalitzaci\u00f3.<\/span><\/span><\/span><\/h1>\n<h1 class=\"western\" lang=\"ca-ES\" align=\"JUSTIFY\"><span style=\"color: #000000;\"><span style=\"font-family: Segoe Print;\"><span style=\"font-size: large;\">L\u2019escola propicia com a trets generals, crear un clima favorable al pluriling\u00fcisme i a la diversitat cultural, un \u00fas no sexista de la llengua i que el llenguatge faci de mediador en les problem\u00e0tiques que sorgeixen en el marc escolar.<\/span><\/span><\/span><\/h1>\n<h1 class=\"western\" lang=\"ca-ES\" align=\"JUSTIFY\"><span style=\"color: #000000;\"><span style=\"font-family: Segoe Print;\"><span style=\"font-size: large;\">Aqu\u00ed podeu accedir al document en PDF :<\/span><\/span><\/span><\/h1>\n<div class=\"entry-content\">\n<div id=\"buddypress\">\n<div class=\"bp-docs bp-docs-container bp-docs-theme-reactor-primaria-1 bp-docs-theme-reactor\">\n<div class=\"doc-attachments\">\n<h3>Fitxers adjunts<\/h3>\n<ul id=\"doc-attachments-ul\">\n<li id=\"doc-attachment-11150\" class=\"odd\"><a href=\"https:\/\/agora.xtec.cat\/ceipfontrosella\/docs\/projecte-linguistic-de-centre-plc\/?bp-attachment=PLC-Font-Rosella-DEFINITIU-MAR%C3%87-2020-WEB.pdf\">PLC-Font-Rosella-2020.pdf<\/a><\/li>\n<\/ul>\n<\/div>\n<div class=\"doc-meta\">\n<p>Etiquetes:\u00a0<a title=\"Documents etiquetats PLC\" href=\"https:\/\/agora.xtec.cat\/ceipfontrosella\/docs\/?bpd_tag=PLC\">PLC<\/a><\/p>\n<p>Pare:\u00a0<a title=\"Documents de centre\" href=\"https:\/\/agora.xtec.cat\/ceipfontrosella\/docs\/documents-de-centre\/\">Documents de centre<\/a><\/p>\n<\/div>\n<\/div>\n<\/div>\n<\/div>\n","protected":false},"excerpt":{"rendered":"<p>INTRODUCCI\u00d3 AL PROJECTE LING\u00dc\u00cdSTIC<br \/>\nEl document que ara presentem \u00e9s un document que es fa servir a l\u2019hora de prendre decisions i com a mesures organitzatives que permetin millorar el nivell acad\u00e8mic dels alumnes. \u00c9s fruit de la reflexi\u00f3 conjunta de tots els representants de la&hellip;  <a href=\"https:\/\/agora.xtec.cat\/ceipfontrosella\/projecte-educatiu\/projecte-linguistic-de-centre\/\" title=\"Read Projecte ling\u00fc\u00edstic de centre ( PLC )\">Llegeix m\u00e9s\u00bb<\/a><\/p>\n","protected":false},"author":1,"featured_media":0,"parent":64,"menu_order":4,"comment_status":"closed","ping_status":"closed","template":"page-templates\/side-menu.php","meta":{"_bbp_topic_count":0,"_bbp_reply_count":0,"_bbp_total_topic_count":0,"_bbp_total_reply_count":0,"_bbp_voice_count":0,"_bbp_anonymous_reply_count":0,"_bbp_topic_count_hidden":0,"_bbp_reply_count_hidden":0,"_bbp_forum_subforum_count":0,"footnotes":""},"class_list":["post-11845","page","type-page","status-publish","hentry"],"post_mailing_queue_ids":[],"_links":{"self":[{"href":"https:\/\/agora.xtec.cat\/ceipfontrosella\/wp-json\/wp\/v2\/pages\/11845","targetHints":{"allow":["GET"]}}],"collection":[{"href":"https:\/\/agora.xtec.cat\/ceipfontrosella\/wp-json\/wp\/v2\/pages"}],"about":[{"href":"https:\/\/agora.xtec.cat\/ceipfontrosella\/wp-json\/wp\/v2\/types\/page"}],"author":[{"embeddable":true,"href":"https:\/\/agora.xtec.cat\/ceipfontrosella\/wp-json\/wp\/v2\/users\/1"}],"replies":[{"embeddable":true,"href":"https:\/\/agora.xtec.cat\/ceipfontrosella\/wp-json\/wp\/v2\/comments?post=11845"}],"version-history":[{"count":4,"href":"https:\/\/agora.xtec.cat\/ceipfontrosella\/wp-json\/wp\/v2\/pages\/11845\/revisions"}],"predecessor-version":[{"id":12097,"href":"https:\/\/agora.xtec.cat\/ceipfontrosella\/wp-json\/wp\/v2\/pages\/11845\/revisions\/12097"}],"up":[{"embeddable":true,"href":"https:\/\/agora.xtec.cat\/ceipfontrosella\/wp-json\/wp\/v2\/pages\/64"}],"wp:attachment":[{"href":"https:\/\/agora.xtec.cat\/ceipfontrosella\/wp-json\/wp\/v2\/media?parent=11845"}],"curies":[{"name":"wp","href":"https:\/\/api.w.org\/{rel}","templated":true}]}}