{"id":22,"date":"2014-09-18T12:19:57","date_gmt":"2014-09-18T12:19:57","guid":{"rendered":"http:\/\/agora.xtec.cat\/ceipfontmartina\/?page_id=22"},"modified":"2021-01-19T09:06:41","modified_gmt":"2021-01-19T08:06:41","slug":"lescola","status":"publish","type":"page","link":"https:\/\/agora.xtec.cat\/ceipfontmartina\/lescola\/","title":{"rendered":"L&#8217;escola"},"content":{"rendered":"<p><script type=\"text\/javascript\">\n  var timeleft=4;\n  function timerRedirect(){\n    if(timeleft===0) {\n      clearInterval(counter);\n      timeleft=-1;\n      window.location.href ='https:\/\/escolafontmartina.cat\/escola\/';\n    }\n    else\n      document.getElementById('countRedirect').innerHTML = timeleft--;\n  };\n  function cancelRedirect(){\n    clearInterval(counter);\n    timeleft=-1;\n    document.getElementById('avisRedirect').innerHTML='';\n  };\n  var counter=setInterval(timerRedirect,1000);\n<\/script><\/p>\n<p><strong><span style=\"font-size: 24pt;\">Hem canviat d&#8217;adre\u00e7a! Si el navegador web no us hi redirigeix, seguiu <a href=\"https:\/\/escolafontmartina.cat\/escola\/\">aquest enlla\u00e7<\/a>.<\/span><\/strong><\/p>\n<p id=\"avisRedirect\"><strong><span style=\"font-size: 24pt;\">Sereu redirigits al nou lloc en <span id=\"countRedirect\">4<\/span> segons. Feu clic <a href=\"#\" onClick=\"cancelRedirect()\">aqu\u00ed<\/a> per cancel\u00b7lar la redirecci\u00f3.<\/span><\/strong><\/p>\n<p>&nbsp;<\/p>\n<p>Benvinguts a la nova p\u00e0gina web de l&#8217;escola.<\/p>\n<p>En aquests moments <strong>est\u00e0 en construcci\u00f3<\/strong> per\u00f2 alguns apartats ja s\u00f3n\u00a0plenament operatius.<\/p>\n<p>Gr\u00e0cies per visitar-nos!<\/p>\n<p>&nbsp;<\/p>\n","protected":false},"excerpt":{"rendered":"<p>Hem canviat d&#8217;adre\u00e7a! Si el navegador web no us hi redirigeix, seguiu <a href=\"https:\/\/escolafontmartina.cat\/escola\/\">aquest enlla\u00e7<\/a>.<br \/>\nSereu redirigits al nou lloc en 4 segons. Feu clic <a href=\"#\" onClick=\"cancelRedirect()\">aqu\u00ed<\/a> per cancel\u00b7lar la redirecci\u00f3.<br \/>\n&nbsp;<br \/>\nBenvinguts a la nova p\u00e0gina web de l&#8217;escola.<br \/>\nEn aquests moments est\u00e0 en construcci\u00f3 per\u00f2 alguns&hellip;  <a href=\"https:\/\/agora.xtec.cat\/ceipfontmartina\/lescola\/\" title=\"Read L&#8217;escola\">Llegeix m\u00e9s\u00bb<\/a><\/p>\n","protected":false},"author":2,"featured_media":0,"parent":0,"menu_order":1,"comment_status":"closed","ping_status":"closed","template":"page-templates\/side-menu.php","meta":{"_bbp_topic_count":0,"_bbp_reply_count":0,"_bbp_total_topic_count":0,"_bbp_total_reply_count":0,"_bbp_voice_count":0,"_bbp_anonymous_reply_count":0,"_bbp_topic_count_hidden":0,"_bbp_reply_count_hidden":0,"_bbp_forum_subforum_count":0,"footnotes":""},"class_list":["post-22","page","type-page","status-publish","hentry"],"post_mailing_queue_ids":[],"_links":{"self":[{"href":"https:\/\/agora.xtec.cat\/ceipfontmartina\/wp-json\/wp\/v2\/pages\/22","targetHints":{"allow":["GET"]}}],"collection":[{"href":"https:\/\/agora.xtec.cat\/ceipfontmartina\/wp-json\/wp\/v2\/pages"}],"about":[{"href":"https:\/\/agora.xtec.cat\/ceipfontmartina\/wp-json\/wp\/v2\/types\/page"}],"author":[{"embeddable":true,"href":"https:\/\/agora.xtec.cat\/ceipfontmartina\/wp-json\/wp\/v2\/users\/2"}],"replies":[{"embeddable":true,"href":"https:\/\/agora.xtec.cat\/ceipfontmartina\/wp-json\/wp\/v2\/comments?post=22"}],"version-history":[{"count":3,"href":"https:\/\/agora.xtec.cat\/ceipfontmartina\/wp-json\/wp\/v2\/pages\/22\/revisions"}],"predecessor-version":[{"id":1567,"href":"https:\/\/agora.xtec.cat\/ceipfontmartina\/wp-json\/wp\/v2\/pages\/22\/revisions\/1567"}],"wp:attachment":[{"href":"https:\/\/agora.xtec.cat\/ceipfontmartina\/wp-json\/wp\/v2\/media?parent=22"}],"curies":[{"name":"wp","href":"https:\/\/api.w.org\/{rel}","templated":true}]}}