{"id":64,"date":"2014-09-18T12:39:08","date_gmt":"2014-09-18T11:39:08","guid":{"rendered":"http:\/\/agora.xtec.cat\/ceipfmacia-orrius\/?page_id=64"},"modified":"2023-07-11T15:58:35","modified_gmt":"2023-07-11T13:58:35","slug":"projecte-educatiu","status":"publish","type":"page","link":"https:\/\/agora.xtec.cat\/ceipfmacia-orrius\/projecte-educatiu\/","title":{"rendered":"Projecte educatiu"},"content":{"rendered":"<p>El Projecte Educatiu de Centre \u00e9s el marc de refer\u00e8ncia de tota l\u2019activitat que es fa a l\u2019escola. El PEC recull els trets d\u2019identitat del centre i els objectius generals, al mateix temps que orienta totes les actuacions educatives i promou la col\u00b7laboraci\u00f3 entre els agents implicats.\u00a0Aix\u00ed, el PEC garanteix el sentit d\u2019aquesta orientaci\u00f3 que ha de ser tant interna (cap a la instituci\u00f3 escolar) com externa (cap a l\u2019entorn).<\/p>\n<p>Tot i el seu sentit de refer\u00e8ncia, el PEC ha de suposar una estructura que doni coher\u00e8ncia als diversos plans, projectes i programes i sigui capa\u00e7 d\u2019harmonitzar-los de manera cooperativa. El PEC adquireix sentit quan permet a la instituci\u00f3 escolar anar m\u00e9s enll\u00e0 i participar, de manera activa, de la vida del barri, ciutat, territori o pa\u00eds.<\/p>\n<p>Per tant, entenem el PEC com un instrument viu i din\u00e0mic, que m\u00e9s enll\u00e0 de complir uns requisits administratius, est\u00e0 al servei de la planificaci\u00f3 docent, la participaci\u00f3 de les fam\u00edlies i de totes les actuacions que fan dels centres institucions vives i atentes als canvis socials en qu\u00e8 participen.<\/p>\n<p>En aquest espai podreu trobar PEC i altres documents que el desenvolupen:<\/p>\n<ul>\n<li>Normes d&#8217;Organitzaci\u00f3 i Funcionament de Centre (NOFC)<\/li>\n<li>Projecte Ling\u00fc\u00edstic de Centre (PLC)<\/li>\n<li>Pla General Anual del curs actual (PGAC)<\/li>\n<li>Dodec\u00e0leg de treball per projectes<\/li>\n<\/ul>\n<p>I tot aix\u00f2, recolzat i ampliat pel projecte de direcci\u00f3 (<a href=\"https:\/\/agora.xtec.cat\/ceipfmacia-orrius\/wp-content\/uploads\/usu2067\/2023\/07\/PdD_Esther_Roig_Bosch.pdf\">PdD<\/a>) que s&#8217;inicia el curs 23-24.<\/p>\n","protected":false},"excerpt":{"rendered":"<p>El Projecte Educatiu de Centre \u00e9s el marc de refer\u00e8ncia de tota l\u2019activitat que es fa a l\u2019escola. El PEC recull els trets d\u2019identitat del centre i els objectius generals, al mateix temps que orienta totes les actuacions educatives i promou la col\u00b7laboraci\u00f3 entre els&hellip;  <a href=\"https:\/\/agora.xtec.cat\/ceipfmacia-orrius\/projecte-educatiu\/\" title=\"Read Projecte educatiu\">Llegeix m\u00e9s\u00bb<\/a><\/p>\n","protected":false},"author":1,"featured_media":0,"parent":0,"menu_order":0,"comment_status":"closed","ping_status":"closed","template":"page-templates\/side-menu.php","meta":{"_bbp_topic_count":0,"_bbp_reply_count":0,"_bbp_total_topic_count":0,"_bbp_total_reply_count":0,"_bbp_voice_count":0,"_bbp_anonymous_reply_count":0,"_bbp_topic_count_hidden":0,"_bbp_reply_count_hidden":0,"_bbp_forum_subforum_count":0,"footnotes":""},"class_list":["post-64","page","type-page","status-publish","hentry"],"post_mailing_queue_ids":[],"_links":{"self":[{"href":"https:\/\/agora.xtec.cat\/ceipfmacia-orrius\/wp-json\/wp\/v2\/pages\/64","targetHints":{"allow":["GET"]}}],"collection":[{"href":"https:\/\/agora.xtec.cat\/ceipfmacia-orrius\/wp-json\/wp\/v2\/pages"}],"about":[{"href":"https:\/\/agora.xtec.cat\/ceipfmacia-orrius\/wp-json\/wp\/v2\/types\/page"}],"author":[{"embeddable":true,"href":"https:\/\/agora.xtec.cat\/ceipfmacia-orrius\/wp-json\/wp\/v2\/users\/1"}],"replies":[{"embeddable":true,"href":"https:\/\/agora.xtec.cat\/ceipfmacia-orrius\/wp-json\/wp\/v2\/comments?post=64"}],"version-history":[{"count":2,"href":"https:\/\/agora.xtec.cat\/ceipfmacia-orrius\/wp-json\/wp\/v2\/pages\/64\/revisions"}],"predecessor-version":[{"id":3405,"href":"https:\/\/agora.xtec.cat\/ceipfmacia-orrius\/wp-json\/wp\/v2\/pages\/64\/revisions\/3405"}],"wp:attachment":[{"href":"https:\/\/agora.xtec.cat\/ceipfmacia-orrius\/wp-json\/wp\/v2\/media?parent=64"}],"curies":[{"name":"wp","href":"https:\/\/api.w.org\/{rel}","templated":true}]}}

<p>El Projecte Educatiu de Centre és el marc de referència de tota l’activitat que es fa a l’escola. El PEC recull els trets d’identitat del centre i els objectius generals, al mateix temps que orienta totes les actuacions educatives i promou la col·laboració entre els agents implicats. Així, el PEC garanteix el sentit d’aquesta orientació que ha de ser tant interna (cap a la institució escolar) com externa (cap a l’entorn).</p>
<p>Tot i el seu sentit de referència, el PEC ha de suposar una estructura que doni coherència als diversos plans, projectes i programes i sigui capaç d’harmonitzar-los de manera cooperativa. El PEC adquireix sentit quan permet a la institució escolar anar més enllà i participar, de manera activa, de la vida del barri, ciutat, territori o país.</p>
<p>Per tant, entenem el PEC com un instrument viu i dinàmic, que més enllà de complir uns requisits administratius, està al servei de la planificació docent, la participació de les famílies i de totes les actuacions que fan dels centres institucions vives i atentes als canvis socials en què participen.</p>
<p>En aquest espai podreu trobar PEC i altres documents que el desenvolupen:</p>
<ul>
<li>Normes d&#8217;Organització i Funcionament de Centre (NOFC)</li>
<li>Projecte Lingüístic de Centre (PLC)</li>
<li>Pla General Anual del curs actual (PGAC)</li>
<li>Dodecàleg de treball per projectes</li>
</ul>
<p>I tot això, recolzat i ampliat pel projecte de direcció (<a href="https://agora.xtec.cat/ceipfmacia-orrius/wp-content/uploads/usu2067/2023/07/PdD_Esther_Roig_Bosch.pdf">PdD</a>) que s&#8217;inicia el curs 23-24.</p>

<p>El Projecte Educatiu de Centre és el marc de referència de tota l’activitat que es fa a l’escola. El PEC recull els trets d’identitat del centre i els objectius generals, al mateix temps que orienta totes les actuacions educatives i promou la col·laboració entre els&hellip;  <a href="https://agora.xtec.cat/ceipfmacia-orrius/projecte-educatiu/" title="Read Projecte educatiu">Llegeix més»</a></p>
