{"id":4383,"date":"2025-05-08T11:39:04","date_gmt":"2025-05-08T09:39:04","guid":{"rendered":"https:\/\/agora.xtec.cat\/ceipfmacia-orrius\/?page_id=4383"},"modified":"2025-06-19T11:27:50","modified_gmt":"2025-06-19T09:27:50","slug":"noticies-i-novetats","status":"publish","type":"page","link":"https:\/\/agora.xtec.cat\/ceipfmacia-orrius\/que-es-lafi\/noticies-i-novetats\/","title":{"rendered":"\ud83d\udce2 Not\u00edcies i novetats"},"content":{"rendered":"<p><strong id=\"Inici\">A la comunitat educativa, cada dia hi ha noves iniciatives, activitats i informacions que poden ser \u00fatils per a les fam\u00edlies. En aquesta secci\u00f3 trobar\u00e0s totes les novetats relacionades amb l\u2019AFI: convocat\u00f2ries de reunions, esdeveniments, canvis en serveis i nous projectes que impulsem.<\/strong><\/p>\n<p>Aqu\u00ed tamb\u00e9 compartim avisos importants, actualitzacions i oportunitats per participar en les diferents iniciatives de l\u2019associaci\u00f3. Volem que estiguis sempre informat\/da i que puguis implicar-te activament en la vida de l\u2019escola.<\/p>\n<li> <span class=\"label\">Esdeveniments<\/span> <a href=\"\/ceipfmacia-orrius\/que-es-lafi\/noticies-i-novetats\/20-06-2025-nit-destels\/\" rel=\"noopener\"> 20\/06\/2025 \u2013 Nit d\u2019estels<\/a><\/li>\n<li> <span class=\"label\">Extraescolars<\/span> <a href=\"\/ceipfmacia-orrius\/que-es-lafi\/noticies-i-novetats\/15-06-2025-gran-espectacle-de-final-de-curs-de-teatre-musical\/\" rel=\"noopener\"> 15\/06\/2025 \u2013 Gran espectacle de final de curs de Teatre Musical<\/a><\/li>\n<li> <span class=\"label\">Manteniment<\/span> <a href=\"\/ceipfmacia-orrius\/que-es-lafi\/noticies-i-novetats\/20250531-jornada-de-manteniment\/\" rel=\"noopener\"> 31\/05\/2025 \u2013 Jornada de Manteniment<\/a><\/li>\n<p style=\"text-align: right;\"><a href=\"#Inici\">Pujar<\/a><\/p>\n<hr \/>\n<h5><strong>Premsa<\/strong><\/h5>\n<ul>\n<li> <span class=\"label\">Escola nova<\/span> <a href=\"https:\/\/www.tvmataro.cat\/story\/xavier-masgrau-alcalde-dorrius-fa-15-anys-que-ens-van-prometre-una-escola-nova-i-encara-estem-amb-moduls\" target=\"_blank\" rel=\"noopener\"> TV Matar\u00f3. Xavier Masgrau, alcalde d&#8217;\u00d2rrius: &#8220;Fa 15 anys que ens van prometre una escola nova&#8221;. TV Matar\u00f3, 8 novembre 2024.<\/a><\/li>\n<li><span class=\"label\">Escola nova<\/span> <a href=\"https:\/\/capgros.elnacional.cat\/ca\/maresme\/altre-curs-igual-escola-orrius-19-anys-en-barracons_807862_102.html\" target=\"_blank\" rel=\"noopener\"> <\/span>Capgr\u00f2s. &#8220;Altre curs igual: l&#8217;Escola d&#8217;\u00d2rrius, 19 anys en barracons.&#8221; <em>El Nacional<\/em>, 7 setembre 2022.<\/a><\/li>\n<li><span class=\"label\">Escola nova<\/span> <a href=\"https:\/\/govern.cat\/salapremsa\/notes-premsa\/356828\/conseller-educacio-ha-visitat-diversos-centres-orrius-dosrius-menduc-asseguranca-aquest-model-educatiu-avancat-solid-innovador\" target=\"_blank\" rel=\"noopener\"> Govern.cat. El conseller d&#8217;Educaci\u00f3 visita diversos centres a \u00d2rrius, Dosrius i Matar\u00f3. Govern de Catalunya, 24 maig 2019.<\/a><\/li>\n<\/ul>\n<p style=\"text-align: right;\"><a href=\"#Inici\">Pujar<\/a><\/p>\n<style>\n.label {\n    background-color: #ffcc00; \/* Color amarillo *\/\n    color: #000;\n    font-size: 12px;\n    font-weight: bold;\n    padding: 2px 6px;\n    border-radius: 4px;\n    margin-left: 8px;\n}\n<\/style>\n","protected":false},"excerpt":{"rendered":"<p>A la comunitat educativa, cada dia hi ha noves iniciatives, activitats i informacions que poden ser \u00fatils per a les fam\u00edlies. En aquesta secci\u00f3 trobar\u00e0s totes les novetats relacionades amb l\u2019AFI: convocat\u00f2ries de reunions, esdeveniments, canvis en serveis i nous projectes que impulsem.<br \/>\nAqu\u00ed tamb\u00e9 compartim&hellip;  <a href=\"https:\/\/agora.xtec.cat\/ceipfmacia-orrius\/que-es-lafi\/noticies-i-novetats\/\" title=\"Read \ud83d\udce2 Not\u00edcies i novetats\">Llegeix m\u00e9s\u00bb<\/a><\/p>\n","protected":false},"author":60,"featured_media":0,"parent":661,"menu_order":4,"comment_status":"closed","ping_status":"closed","template":"page-templates\/side-menu.php","meta":{"_bbp_topic_count":0,"_bbp_reply_count":0,"_bbp_total_topic_count":0,"_bbp_total_reply_count":0,"_bbp_voice_count":0,"_bbp_anonymous_reply_count":0,"_bbp_topic_count_hidden":0,"_bbp_reply_count_hidden":0,"_bbp_forum_subforum_count":0,"footnotes":""},"class_list":["post-4383","page","type-page","status-publish","hentry"],"post_mailing_queue_ids":[],"_links":{"self":[{"href":"https:\/\/agora.xtec.cat\/ceipfmacia-orrius\/wp-json\/wp\/v2\/pages\/4383","targetHints":{"allow":["GET"]}}],"collection":[{"href":"https:\/\/agora.xtec.cat\/ceipfmacia-orrius\/wp-json\/wp\/v2\/pages"}],"about":[{"href":"https:\/\/agora.xtec.cat\/ceipfmacia-orrius\/wp-json\/wp\/v2\/types\/page"}],"author":[{"embeddable":true,"href":"https:\/\/agora.xtec.cat\/ceipfmacia-orrius\/wp-json\/wp\/v2\/users\/60"}],"replies":[{"embeddable":true,"href":"https:\/\/agora.xtec.cat\/ceipfmacia-orrius\/wp-json\/wp\/v2\/comments?post=4383"}],"version-history":[{"count":6,"href":"https:\/\/agora.xtec.cat\/ceipfmacia-orrius\/wp-json\/wp\/v2\/pages\/4383\/revisions"}],"predecessor-version":[{"id":4820,"href":"https:\/\/agora.xtec.cat\/ceipfmacia-orrius\/wp-json\/wp\/v2\/pages\/4383\/revisions\/4820"}],"up":[{"embeddable":true,"href":"https:\/\/agora.xtec.cat\/ceipfmacia-orrius\/wp-json\/wp\/v2\/pages\/661"}],"wp:attachment":[{"href":"https:\/\/agora.xtec.cat\/ceipfmacia-orrius\/wp-json\/wp\/v2\/media?parent=4383"}],"curies":[{"name":"wp","href":"https:\/\/api.w.org\/{rel}","templated":true}]}}

📢 Notícies i novetats

<p><strong id="Inici">A la comunitat educativa, cada dia hi ha noves iniciatives, activitats i informacions que poden ser útils per a les famílies. En aquesta secció trobaràs totes les novetats relacionades amb l’AFI: convocatòries de reunions, esdeveniments, canvis en serveis i nous projectes que impulsem.</strong></p>
<p>Aquí també compartim avisos importants, actualitzacions i oportunitats per participar en les diferents iniciatives de l’associació. Volem que estiguis sempre informat/da i que puguis implicar-te activament en la vida de l’escola.</p>
<li> <span class="label">Esdeveniments</span> <a href="/ceipfmacia-orrius/que-es-lafi/noticies-i-novetats/20-06-2025-nit-destels/" rel="noopener"> 20/06/2025 – Nit d’estels</a></li>
<li> <span class="label">Extraescolars</span> <a href="/ceipfmacia-orrius/que-es-lafi/noticies-i-novetats/15-06-2025-gran-espectacle-de-final-de-curs-de-teatre-musical/" rel="noopener"> 15/06/2025 – Gran espectacle de final de curs de Teatre Musical</a></li>
<li> <span class="label">Manteniment</span> <a href="/ceipfmacia-orrius/que-es-lafi/noticies-i-novetats/20250531-jornada-de-manteniment/" rel="noopener"> 31/05/2025 – Jornada de Manteniment</a></li>
<p style="text-align: right;"><a href="#Inici">Pujar</a></p>
<hr />
<h5><strong>Premsa</strong></h5>
<ul>
<li> <span class="label">Escola nova</span> <a href="https://www.tvmataro.cat/story/xavier-masgrau-alcalde-dorrius-fa-15-anys-que-ens-van-prometre-una-escola-nova-i-encara-estem-amb-moduls" target="_blank" rel="noopener"> TV Mataró. Xavier Masgrau, alcalde d&#8217;Òrrius: &#8220;Fa 15 anys que ens van prometre una escola nova&#8221;. TV Mataró, 8 novembre 2024.</a></li>
<li><span class="label">Escola nova</span> <a href="https://capgros.elnacional.cat/ca/maresme/altre-curs-igual-escola-orrius-19-anys-en-barracons_807862_102.html" target="_blank" rel="noopener"> </span>Capgròs. &#8220;Altre curs igual: l&#8217;Escola d&#8217;Òrrius, 19 anys en barracons.&#8221; <em>El Nacional</em>, 7 setembre 2022.</a></li>
<li><span class="label">Escola nova</span> <a href="https://govern.cat/salapremsa/notes-premsa/356828/conseller-educacio-ha-visitat-diversos-centres-orrius-dosrius-menduc-asseguranca-aquest-model-educatiu-avancat-solid-innovador" target="_blank" rel="noopener"> Govern.cat. El conseller d&#8217;Educació visita diversos centres a Òrrius, Dosrius i Mataró. Govern de Catalunya, 24 maig 2019.</a></li>
</ul>
<p style="text-align: right;"><a href="#Inici">Pujar</a></p>
<style>
.label {
    background-color: #ffcc00; /* Color amarillo */
    color: #000;
    font-size: 12px;
    font-weight: bold;
    padding: 2px 6px;
    border-radius: 4px;
    margin-left: 8px;
}
</style>

<p>A la comunitat educativa, cada dia hi ha noves iniciatives, activitats i informacions que poden ser útils per a les famílies. En aquesta secció trobaràs totes les novetats relacionades amb l’AFI: convocatòries de reunions, esdeveniments, canvis en serveis i nous projectes que impulsem.<br />
Aquí també compartim&hellip;  <a href="https://agora.xtec.cat/ceipfmacia-orrius/que-es-lafi/noticies-i-novetats/" title="Read 📢 Notícies i novetats">Llegeix més»</a></p>
