{"id":4245,"date":"2025-05-07T12:31:15","date_gmt":"2025-05-07T10:31:15","guid":{"rendered":"https:\/\/agora.xtec.cat\/ceipfmacia-orrius\/?page_id=4245"},"modified":"2025-05-12T13:32:38","modified_gmt":"2025-05-12T11:32:38","slug":"menjador","status":"publish","type":"page","link":"https:\/\/agora.xtec.cat\/ceipfmacia-orrius\/que-es-lafi\/activitats-projectes\/menjador\/","title":{"rendered":"\ud83c\udf7d\ufe0f Menjador"},"content":{"rendered":"<div id=\"Inici\">\n<p><strong>El servei de menjador escolar ofereix als infants una alimentaci\u00f3 equilibrada i de qualitat en un entorn acollidor. Durant l\u2019hora de dinar, no nom\u00e9s es garanteix una dieta variada i adaptada a les necessitats nutricionals de cada edat, sin\u00f3 que tamb\u00e9 es fomenta la conviv\u00e8ncia i els bons h\u00e0bits alimentaris.<\/strong><\/p>\n<p>Els men\u00fas s\u00f3n elaborats amb productes de proximitat i supervisats per professionals per assegurar que siguin saludables i adequats per als nens i nenes. A m\u00e9s, el menjador es converteix en un espai educatiu on es treballen valors com l\u2019autonomia, el respecte i la responsabilitat.<\/p>\n<p>Aquest servei facilita la conciliaci\u00f3 familiar, oferint a les fam\u00edlies la tranquil\u00b7litat de saber que els seus fills gaudeixen d\u2019un \u00e0pat de qualitat en un entorn segur i supervisat.<\/p>\n<p>L&#8217;empresa que dona servei a l&#8217;espai de menjador i acollides \u00e9s <a href=\"https:\/\/www.mpenta.net\/\" target=\"_blank\" rel=\"noopener\"><i class=\"fa-solid fa-up-right-from-square\"><\/i> M-PENTA<\/a>.<\/p>\n<div style=\"text-align: center;\">\n<div style=\"text-align: center;\"><a href=\"https:\/\/www.areafamilies-mpenta.net\/menjador\/menus-mensuales\/t\" target=\"_blank\" rel=\"noopener\"><br \/>\n<button class=\"boto-xulo\">Men\u00fas mensuals<\/button><br \/>\n<\/a> <\/p>\n<style>\n    .boto-xulo {\n        background: linear-gradient(135deg, #ff7eb3, #ff758c);\n        border: none;\n        color: white;\n        padding: 15px 30px;\n        font-size: 18px;\n        border-radius: 30px;\n        cursor: pointer;\n        transition: all 0.3s ease-in-out;\n        box-shadow: 0px 4px 6px rgba(0, 0, 0, 0.1);\n    }<\/p>\n<p>    .boto-xulo:hover {\n        background: linear-gradient(135deg, #ff758c, #ff7eb3);\n        box-shadow: 0px 6px 10px rgba(0, 0, 0, 0.15);\n        transform: scale(1.05);\n    }\n<\/style>\n<p style=\"text-align: right;\"><a href=\"#Inici\">Pujar<\/a><\/p>\n<hr \/>\n<h2 id=\"EspaiMigdiaAcollides\" class=\"entry-title\" style=\"text-align: left;\">\ud83d\udcc2 Projecte: \u201cEspai de migdia i acollides\u201d<\/h2>\n<p style=\"text-align: left;\">Des de la comissi\u00f3 de menjador de l\u2019AFI, en col\u00b7laboraci\u00f3 amb la direcci\u00f3 de l\u2019escola, hem desenvolupat un projecte marc per a l\u2019espai de migdia i les acollides.<\/p>\n<p style=\"text-align: left;\">Aquest projecte s\u2019ha creat respectant la l\u00ednia pedag\u00f2gica de l\u2019escola i seguint les normatives establertes pel Departament de Salut i Educaci\u00f3 de la Generalitat.<\/p>\n<p style=\"text-align: left;\">El nostre objectiu \u00e9s garantir un espai educatiu i de qualitat, fomentant el benestar dels infants en un entorn segur i enriquidor.<\/p>\n<p style=\"text-align: left;\"><a target=\"_blank\" href=\"https:\/\/agora.xtec.cat\/ceipfmacia-orrius\/wp-content\/uploads\/usu2067\/2021\/05\/PROJECTE-GENERIC-DE-L\u2019ESPAI-DE-MIGDIA-I-ACOLLIDES-ESCOLA-O\u0300RRIUS.pdf\" rel=\"noopener\"><i class=\"fa-regular fa-file-pdf\"><\/i> Projecte gen\u00e8ric de l\u2019espai de migdia i acollides de l&#8217;Escola \u00d2rrius<\/a><\/p>\n<p style=\"text-align: left;\">Volem compartir l\u2019\u00faltima Guia d\u2019alimentaci\u00f3 saludable en etapa escolar publicada per l\u2019Ag\u00e8ncia de Salut P\u00fablica de Catalunya (ASPCAT). Aquesta guia estableix les pautes que han de seguir totes les empreses de menjadors escolars a l\u2019hora de confeccionar els men\u00fas, aix\u00ed com les recomanacions pedag\u00f2giques per fomentar una alimentaci\u00f3 equilibrada i saludable entre els infants.<\/p>\n<p style=\"text-align: left;\">\nAmb aquest recurs, contribu\u00efm a garantir que l\u2019alimentaci\u00f3 escolar estigui alineada amb criteris de salut i benestar, promovent bons h\u00e0bits alimentaris des de la inf\u00e0ncia.<\/p>\n<p style=\"text-align: left;\"><a target=\"_blank\" href=\"https:\/\/agora.xtec.cat\/ceipfmacia-orrius\/wp-content\/uploads\/usu2067\/2021\/05\/guia_alimentacio_etapa_escolar2020.pdf\" rel=\"noopener\"><i class=\"fa-regular fa-file-pdf\"><\/i> Guia_alimentacio_etapa_escolar2020<\/a><\/p>\n<p style=\"text-align: left;\">Novetats de l\u2019\u00faltima actualitzaci\u00f3:<\/p>\n<p><a target=\"_blank\" href=\"https:\/\/agora.xtec.cat\/ceipfmacia-orrius\/wp-content\/uploads\/usu2067\/2025\/05\/alimentacio_saludable_etapa_escolar_2020.png\" rel=\"noopener\"><img loading=\"lazy\" decoding=\"async\" src=\"https:\/\/agora.xtec.cat\/ceipfmacia-orrius\/wp-content\/uploads\/usu2067\/2025\/05\/alimentacio_saludable_etapa_escolar_2020-724x1024.png\" alt=\"\" width=\"500\" height=\"1024\" class=\"alignnone size-large wp-image-4640\" \/><\/a><\/p>\n<p style=\"text-align: right;\"><a href=\"#Inici\">Pujar<\/a><\/p>\n<hr \/>\n<h2 id=\"AltaMPenta\" style=\"text-align: left;\">Com donar-me d&#8217;alta al servei<\/h2>\n<p style=\"text-align: left;\"><em>Som Mpenta, la nova empresa que gestionar\u00e0 el servei de menjador de l\u2019escola.<\/em><\/p>\n<p style=\"text-align: left;\"><em><span style=\"font-family: inherit; font-size: 1em;\">Us volem agrair la confian\u00e7a i us emplacem a que conegueu una mica m\u00e9s sobre nosaltres a la web\u00a0<\/span><a style=\"font-family: inherit; font-size: 1em;\" href=\"http:\/\/www.mpenta.net\/\" target=\"_blank\" rel=\"noopener\" data-saferedirecturl=\"https:\/\/www.google.com\/url?q=http:\/\/www.mpenta.net&amp;source=gmail&amp;ust=1631373221176000&amp;usg=AFQjCNG6pWWEGacR-eIs9PPDdZqxpnum2g\">www.mpenta.net<\/a><span style=\"font-family: inherit; font-size: 1em;\">.<\/span><\/em><\/p>\n<p style=\"text-align: left;\"><em><span style=\"font-family: inherit; font-size: 1em;\">Totes les gestions al voltant del menjador i les acollides de mat\u00ed i tarda, les realitzem a trav\u00e9s d\u2019un aplicatiu online que trobareu a la nostra web, com ara les altes d\u2019alumnes fixes al servei, adquisici\u00f3 de men\u00fas i tiquets espor\u00e0dics, canvis de dieta, anul\u00b7lacions de men\u00fas, p\u00edcnics&#8230;<\/span><\/em><\/p>\n<p style=\"text-align: left;\"><em><span style=\"font-family: inherit; font-size: 1em;\">A continuaci\u00f3 us expliquem quines s\u00f3n les passes a seguir per a donar-vos d&#8217;alta:<\/span><\/em><\/p>\n<div class=\"entry-content\">\n<p style=\"font-weight: 400; text-align: left;\"><em><strong>Donar-vos d\u2019alta:<\/strong><\/em><\/p>\n<ol style=\"text-align: left;\">\n<li style=\"font-weight: 400;\"><em>Entreu a <a href=\"http:\/\/www.mpenta.net\/\" target=\"_blank\" rel=\"noopener\" data-saferedirecturl=\"https:\/\/www.google.com\/url?q=http:\/\/www.mpenta.net&amp;source=gmail&amp;ust=1631373221176000&amp;usg=AFQjCNG6pWWEGacR-eIs9PPDdZqxpnum2g\">www.mpenta.net<\/a><\/em><\/li>\n<li style=\"font-weight: 400;\"><em>Cliqueu a <a href=\"http:\/\/www.areafamilies-mpenta.net\/\" target=\"_blank\" rel=\"noopener\">Acc\u00e9s \u00e0rea fam\u00edlies<\/a><\/em><\/li>\n<li style=\"font-weight: 400;\"><em>A l&#8217;apartat ALTA NOVES FAM\u00cdLIES cliqueu <a href=\"https:\/\/www.areafamilies-mpenta.net\/solicitud-nueva-familia\" target=\"_blank\" rel=\"noopener\">SOL\u00b7LICITUD ALTA FAM\u00cdLIA<\/a><\/em><\/li>\n<li style=\"font-weight: 400;\"><em>Introdu\u00efu les dades que us demana seguint tots els passos Un cop feta la sol\u00b7licitud d\u2019alta, rebreu un correu amb el vostre usuari i contrasenya, que haureu de d\u2019utilitzar per al pas 2 (aquest correu pot trigar unes hores).<\/em><\/li>\n<\/ol>\n<p style=\"text-align: left;\"><em><strong>Contractar el servei:<\/strong><\/em><\/p>\n<ol style=\"text-align: left;\">\n<li style=\"font-weight: 400;\"><em>Entreu a <a href=\"http:\/\/www.mpenta.net\/\" target=\"_blank\" rel=\"noopener\" data-saferedirecturl=\"https:\/\/www.google.com\/url?q=http:\/\/www.mpenta.net&amp;source=gmail&amp;ust=1631373221176000&amp;usg=AFQjCNG6pWWEGacR-eIs9PPDdZqxpnum2g\">www.mpenta.net<\/a><\/em><\/li>\n<li style=\"font-weight: 400;\"><em>Cliqueu a <a href=\"http:\/\/www.areafamilies-mpenta.net\/\" target=\"_blank\" rel=\"noopener\">Acc\u00e9s \u00e0rea fam\u00edlies<\/a><\/em><\/li>\n<li style=\"font-weight: 400;\"><em>A l&#8217;apartat FAM\u00cdLIES REGISTRADES entreu amb el nom d\u2019usuari del pas anterior i la contrasenya rebuda al vostre correu.<\/em><\/li>\n<li style=\"font-weight: 400;\"><em>Un cop a dins, cliqueu al bot\u00f3 de menjador i contracteu el servei que necessiteu (altes i baixes del servei fix o sol\u00b7licitar dies espor\u00e0dics). Tamb\u00e9 trobareu informaci\u00f3 i preus sobre el servei a l\u2019apartat \u201cInformaci\u00f3 general de menjador\u201d<\/em><\/li>\n<\/ol>\n<p style=\"text-align: left;\"><em>Per qualsevol aclariment ens trobareu de dilluns a dijous de 9:30 h a 17 h. i divendres de 9:30 h a 15 h. al 93 867 05 48 o al mail <a href=\"mailto:info@mpenta.net\" target=\"_blank\" rel=\"noopener\"><i class=\"fa fa-envelope-o\" aria-hidden=\"true\"><\/i> info<span class=\"atwho-query\">@mpenta.net<\/span><\/a>. Estem oberts fins el 30 de juliol i tornem de vacances el 1 de setembre.<\/em><\/p>\n<p style=\"text-align: right;\"><a href=\"#Inici\">Pujar<\/a><\/p>\n<\/div>\n<\/div>\n<\/div>\n<\/div>\n","protected":false},"excerpt":{"rendered":"<p>El servei de menjador escolar ofereix als infants una alimentaci\u00f3 equilibrada i de qualitat en un entorn acollidor. Durant l\u2019hora de dinar, no nom\u00e9s es garanteix una dieta variada i adaptada a les necessitats nutricionals de cada edat, sin\u00f3 que tamb\u00e9 es fomenta la conviv\u00e8ncia&hellip;  <a href=\"https:\/\/agora.xtec.cat\/ceipfmacia-orrius\/que-es-lafi\/activitats-projectes\/menjador\/\" title=\"Read \ud83c\udf7d\ufe0f Menjador\">Llegeix m\u00e9s\u00bb<\/a><\/p>\n","protected":false},"author":60,"featured_media":0,"parent":66,"menu_order":1,"comment_status":"closed","ping_status":"closed","template":"page-templates\/side-menu.php","meta":{"_bbp_topic_count":0,"_bbp_reply_count":0,"_bbp_total_topic_count":0,"_bbp_total_reply_count":0,"_bbp_voice_count":0,"_bbp_anonymous_reply_count":0,"_bbp_topic_count_hidden":0,"_bbp_reply_count_hidden":0,"_bbp_forum_subforum_count":0,"footnotes":""},"class_list":["post-4245","page","type-page","status-publish","hentry"],"post_mailing_queue_ids":[],"_links":{"self":[{"href":"https:\/\/agora.xtec.cat\/ceipfmacia-orrius\/wp-json\/wp\/v2\/pages\/4245","targetHints":{"allow":["GET"]}}],"collection":[{"href":"https:\/\/agora.xtec.cat\/ceipfmacia-orrius\/wp-json\/wp\/v2\/pages"}],"about":[{"href":"https:\/\/agora.xtec.cat\/ceipfmacia-orrius\/wp-json\/wp\/v2\/types\/page"}],"author":[{"embeddable":true,"href":"https:\/\/agora.xtec.cat\/ceipfmacia-orrius\/wp-json\/wp\/v2\/users\/60"}],"replies":[{"embeddable":true,"href":"https:\/\/agora.xtec.cat\/ceipfmacia-orrius\/wp-json\/wp\/v2\/comments?post=4245"}],"version-history":[{"count":6,"href":"https:\/\/agora.xtec.cat\/ceipfmacia-orrius\/wp-json\/wp\/v2\/pages\/4245\/revisions"}],"predecessor-version":[{"id":4645,"href":"https:\/\/agora.xtec.cat\/ceipfmacia-orrius\/wp-json\/wp\/v2\/pages\/4245\/revisions\/4645"}],"up":[{"embeddable":true,"href":"https:\/\/agora.xtec.cat\/ceipfmacia-orrius\/wp-json\/wp\/v2\/pages\/66"}],"wp:attachment":[{"href":"https:\/\/agora.xtec.cat\/ceipfmacia-orrius\/wp-json\/wp\/v2\/media?parent=4245"}],"curies":[{"name":"wp","href":"https:\/\/api.w.org\/{rel}","templated":true}]}}

<div id="Inici">
<p><strong>El servei de menjador escolar ofereix als infants una alimentació equilibrada i de qualitat en un entorn acollidor. Durant l’hora de dinar, no només es garanteix una dieta variada i adaptada a les necessitats nutricionals de cada edat, sinó que també es fomenta la convivència i els bons hàbits alimentaris.</strong></p>
<p>Els menús són elaborats amb productes de proximitat i supervisats per professionals per assegurar que siguin saludables i adequats per als nens i nenes. A més, el menjador es converteix en un espai educatiu on es treballen valors com l’autonomia, el respecte i la responsabilitat.</p>
<p>Aquest servei facilita la conciliació familiar, oferint a les famílies la tranquil·litat de saber que els seus fills gaudeixen d’un àpat de qualitat en un entorn segur i supervisat.</p>
<p>L&#8217;empresa que dona servei a l&#8217;espai de menjador i acollides és <a href="https://www.mpenta.net/" target="_blank" rel="noopener"><i class="fa-solid fa-up-right-from-square"></i> M-PENTA</a>.</p>
<div style="text-align: center;">
<div style="text-align: center;"><a href="https://www.areafamilies-mpenta.net/menjador/menus-mensuales/t" target="_blank" rel="noopener"><br />
<button class="boto-xulo">Menús mensuals</button><br />
</a> </p>
<style>
    .boto-xulo {
        background: linear-gradient(135deg, #ff7eb3, #ff758c);
        border: none;
        color: white;
        padding: 15px 30px;
        font-size: 18px;
        border-radius: 30px;
        cursor: pointer;
        transition: all 0.3s ease-in-out;
        box-shadow: 0px 4px 6px rgba(0, 0, 0, 0.1);
    }</p>
<p>    .boto-xulo:hover {
        background: linear-gradient(135deg, #ff758c, #ff7eb3);
        box-shadow: 0px 6px 10px rgba(0, 0, 0, 0.15);
        transform: scale(1.05);
    }
</style>
<p style="text-align: right;"><a href="#Inici">Pujar</a></p>
<hr />
<h2 id="EspaiMigdiaAcollides" class="entry-title" style="text-align: left;">📂 Projecte: “Espai de migdia i acollides”</h2>
<p style="text-align: left;">Des de la comissió de menjador de l’AFI, en col·laboració amb la direcció de l’escola, hem desenvolupat un projecte marc per a l’espai de migdia i les acollides.</p>
<p style="text-align: left;">Aquest projecte s’ha creat respectant la línia pedagògica de l’escola i seguint les normatives establertes pel Departament de Salut i Educació de la Generalitat.</p>
<p style="text-align: left;">El nostre objectiu és garantir un espai educatiu i de qualitat, fomentant el benestar dels infants en un entorn segur i enriquidor.</p>
<p style="text-align: left;"><a target="_blank" href="https://agora.xtec.cat/ceipfmacia-orrius/wp-content/uploads/usu2067/2021/05/PROJECTE-GENERIC-DE-L’ESPAI-DE-MIGDIA-I-ACOLLIDES-ESCOLA-ÒRRIUS.pdf" rel="noopener"><i class="fa-regular fa-file-pdf"></i> Projecte genèric de l’espai de migdia i acollides de l&#8217;Escola Òrrius</a></p>
<p style="text-align: left;">Volem compartir l’última Guia d’alimentació saludable en etapa escolar publicada per l’Agència de Salut Pública de Catalunya (ASPCAT). Aquesta guia estableix les pautes que han de seguir totes les empreses de menjadors escolars a l’hora de confeccionar els menús, així com les recomanacions pedagògiques per fomentar una alimentació equilibrada i saludable entre els infants.</p>
<p style="text-align: left;">
Amb aquest recurs, contribuïm a garantir que l’alimentació escolar estigui alineada amb criteris de salut i benestar, promovent bons hàbits alimentaris des de la infància.</p>
<p style="text-align: left;"><a target="_blank" href="https://agora.xtec.cat/ceipfmacia-orrius/wp-content/uploads/usu2067/2021/05/guia_alimentacio_etapa_escolar2020.pdf" rel="noopener"><i class="fa-regular fa-file-pdf"></i> Guia_alimentacio_etapa_escolar2020</a></p>
<p style="text-align: left;">Novetats de l’última actualització:</p>
<p><a target="_blank" href="https://agora.xtec.cat/ceipfmacia-orrius/wp-content/uploads/usu2067/2025/05/alimentacio_saludable_etapa_escolar_2020.png" rel="noopener"><img loading="lazy" decoding="async" src="https://agora.xtec.cat/ceipfmacia-orrius/wp-content/uploads/usu2067/2025/05/alimentacio_saludable_etapa_escolar_2020-724x1024.png" alt="" width="500" height="1024" class="alignnone size-large wp-image-4640" /></a></p>
<p style="text-align: right;"><a href="#Inici">Pujar</a></p>
<hr />
<h2 id="AltaMPenta" style="text-align: left;">Com donar-me d&#8217;alta al servei</h2>
<p style="text-align: left;"><em>Som Mpenta, la nova empresa que gestionarà el servei de menjador de l’escola.</em></p>
<p style="text-align: left;"><em><span style="font-family: inherit; font-size: 1em;">Us volem agrair la confiança i us emplacem a que conegueu una mica més sobre nosaltres a la web </span><a style="font-family: inherit; font-size: 1em;" href="http://www.mpenta.net/" target="_blank" rel="noopener" data-saferedirecturl="https://www.google.com/url?q=http://www.mpenta.net&amp;source=gmail&amp;ust=1631373221176000&amp;usg=AFQjCNG6pWWEGacR-eIs9PPDdZqxpnum2g">www.mpenta.net</a><span style="font-family: inherit; font-size: 1em;">.</span></em></p>
<p style="text-align: left;"><em><span style="font-family: inherit; font-size: 1em;">Totes les gestions al voltant del menjador i les acollides de matí i tarda, les realitzem a través d’un aplicatiu online que trobareu a la nostra web, com ara les altes d’alumnes fixes al servei, adquisició de menús i tiquets esporàdics, canvis de dieta, anul·lacions de menús, pícnics&#8230;</span></em></p>
<p style="text-align: left;"><em><span style="font-family: inherit; font-size: 1em;">A continuació us expliquem quines són les passes a seguir per a donar-vos d&#8217;alta:</span></em></p>
<div class="entry-content">
<p style="font-weight: 400; text-align: left;"><em><strong>Donar-vos d’alta:</strong></em></p>
<ol style="text-align: left;">
<li style="font-weight: 400;"><em>Entreu a <a href="http://www.mpenta.net/" target="_blank" rel="noopener" data-saferedirecturl="https://www.google.com/url?q=http://www.mpenta.net&amp;source=gmail&amp;ust=1631373221176000&amp;usg=AFQjCNG6pWWEGacR-eIs9PPDdZqxpnum2g">www.mpenta.net</a></em></li>
<li style="font-weight: 400;"><em>Cliqueu a <a href="http://www.areafamilies-mpenta.net/" target="_blank" rel="noopener">Accés àrea famílies</a></em></li>
<li style="font-weight: 400;"><em>A l&#8217;apartat ALTA NOVES FAMÍLIES cliqueu <a href="https://www.areafamilies-mpenta.net/solicitud-nueva-familia" target="_blank" rel="noopener">SOL·LICITUD ALTA FAMÍLIA</a></em></li>
<li style="font-weight: 400;"><em>Introduïu les dades que us demana seguint tots els passos Un cop feta la sol·licitud d’alta, rebreu un correu amb el vostre usuari i contrasenya, que haureu de d’utilitzar per al pas 2 (aquest correu pot trigar unes hores).</em></li>
</ol>
<p style="text-align: left;"><em><strong>Contractar el servei:</strong></em></p>
<ol style="text-align: left;">
<li style="font-weight: 400;"><em>Entreu a <a href="http://www.mpenta.net/" target="_blank" rel="noopener" data-saferedirecturl="https://www.google.com/url?q=http://www.mpenta.net&amp;source=gmail&amp;ust=1631373221176000&amp;usg=AFQjCNG6pWWEGacR-eIs9PPDdZqxpnum2g">www.mpenta.net</a></em></li>
<li style="font-weight: 400;"><em>Cliqueu a <a href="http://www.areafamilies-mpenta.net/" target="_blank" rel="noopener">Accés àrea famílies</a></em></li>
<li style="font-weight: 400;"><em>A l&#8217;apartat FAMÍLIES REGISTRADES entreu amb el nom d’usuari del pas anterior i la contrasenya rebuda al vostre correu.</em></li>
<li style="font-weight: 400;"><em>Un cop a dins, cliqueu al botó de menjador i contracteu el servei que necessiteu (altes i baixes del servei fix o sol·licitar dies esporàdics). També trobareu informació i preus sobre el servei a l’apartat “Informació general de menjador”</em></li>
</ol>
<p style="text-align: left;"><em>Per qualsevol aclariment ens trobareu de dilluns a dijous de 9:30 h a 17 h. i divendres de 9:30 h a 15 h. al 93 867 05 48 o al mail <a href="mailto:info@mpenta.net" target="_blank" rel="noopener"><i class="fa fa-envelope-o" aria-hidden="true"></i> info<span class="atwho-query">@mpenta.net</span></a>. Estem oberts fins el 30 de juliol i tornem de vacances el 1 de setembre.</em></p>
<p style="text-align: right;"><a href="#Inici">Pujar</a></p>
</div>
</div>
</div>
</div>

<p>El servei de menjador escolar ofereix als infants una alimentació equilibrada i de qualitat en un entorn acollidor. Durant l’hora de dinar, no només es garanteix una dieta variada i adaptada a les necessitats nutricionals de cada edat, sinó que també es fomenta la convivència&hellip;  <a href="https://agora.xtec.cat/ceipfmacia-orrius/que-es-lafi/activitats-projectes/menjador/" title="Read 🍽️ Menjador">Llegeix més»</a></p>
