{"id":3751,"date":"2024-04-05T11:01:21","date_gmt":"2024-04-05T09:01:21","guid":{"rendered":"https:\/\/agora.xtec.cat\/ceipfmacia-orrius\/?page_id=3751"},"modified":"2024-05-14T10:36:26","modified_gmt":"2024-05-14T08:36:26","slug":"les-families-recomanen","status":"publish","type":"page","link":"https:\/\/agora.xtec.cat\/ceipfmacia-orrius\/les-families-recomanen\/","title":{"rendered":"Les fam\u00edlies recomanen&#8230;"},"content":{"rendered":"<p><strong>AQUESTS S\u00d3N ALGUNS ARTICLES O V\u00cdDEOS QUE LES FAM\u00cdLIES ENS HAN FET ARRIBAR:\u00a0<\/strong><\/p>\n<ul>\n<li><a href=\"https:\/\/www.youtube.com\/watch?v=eN9aQL99zpY\">\u00bfC\u00f3mo promover que tus hijos se sientan amados?<\/a> Entrevista a Carlota Sala (ninyacolorita).<\/li>\n<li>PODCAST: <a href=\"https:\/\/www.miriamtirado.com\/ca\/podcast\/\">M\u00edriam Tirado, <\/a>escriptora i consultora de crian\u00e7a.<\/li>\n<\/ul>\n","protected":false},"excerpt":{"rendered":"<p>AQUESTS S\u00d3N ALGUNS ARTICLES O V\u00cdDEOS QUE LES FAM\u00cdLIES ENS HAN FET ARRIBAR:\u00a0<\/p>\n<ul>\n<li><a href=\"https:\/\/www.youtube.com\/watch?v=eN9aQL99zpY\">\u00bfC\u00f3mo promover que tus hijos se sientan amados?<\/a> Entrevista a Carlota Sala (ninyacolorita).<\/li>\n<li>PODCAST: <a href=\"https:\/\/www.miriamtirado.com\/ca\/podcast\/\">M\u00edriam Tirado, <\/a>escriptora i consultora de crian\u00e7a.<\/li>\n<\/ul>\n","protected":false},"author":29,"featured_media":0,"parent":0,"menu_order":0,"comment_status":"closed","ping_status":"closed","template":"","meta":{"_bbp_topic_count":0,"_bbp_reply_count":0,"_bbp_total_topic_count":0,"_bbp_total_reply_count":0,"_bbp_voice_count":0,"_bbp_anonymous_reply_count":0,"_bbp_topic_count_hidden":0,"_bbp_reply_count_hidden":0,"_bbp_forum_subforum_count":0,"footnotes":""},"class_list":["post-3751","page","type-page","status-publish","hentry"],"post_mailing_queue_ids":[],"_links":{"self":[{"href":"https:\/\/agora.xtec.cat\/ceipfmacia-orrius\/wp-json\/wp\/v2\/pages\/3751","targetHints":{"allow":["GET"]}}],"collection":[{"href":"https:\/\/agora.xtec.cat\/ceipfmacia-orrius\/wp-json\/wp\/v2\/pages"}],"about":[{"href":"https:\/\/agora.xtec.cat\/ceipfmacia-orrius\/wp-json\/wp\/v2\/types\/page"}],"author":[{"embeddable":true,"href":"https:\/\/agora.xtec.cat\/ceipfmacia-orrius\/wp-json\/wp\/v2\/users\/29"}],"replies":[{"embeddable":true,"href":"https:\/\/agora.xtec.cat\/ceipfmacia-orrius\/wp-json\/wp\/v2\/comments?post=3751"}],"version-history":[{"count":2,"href":"https:\/\/agora.xtec.cat\/ceipfmacia-orrius\/wp-json\/wp\/v2\/pages\/3751\/revisions"}],"predecessor-version":[{"id":3878,"href":"https:\/\/agora.xtec.cat\/ceipfmacia-orrius\/wp-json\/wp\/v2\/pages\/3751\/revisions\/3878"}],"wp:attachment":[{"href":"https:\/\/agora.xtec.cat\/ceipfmacia-orrius\/wp-json\/wp\/v2\/media?parent=3751"}],"curies":[{"name":"wp","href":"https:\/\/api.w.org\/{rel}","templated":true}]}}

Les famílies recomanen&#8230;

<p><strong>AQUESTS SÓN ALGUNS ARTICLES O VÍDEOS QUE LES FAMÍLIES ENS HAN FET ARRIBAR: </strong></p>
<ul>
<li><a href="https://www.youtube.com/watch?v=eN9aQL99zpY">¿Cómo promover que tus hijos se sientan amados?</a> Entrevista a Carlota Sala (ninyacolorita).</li>
<li>PODCAST: <a href="https://www.miriamtirado.com/ca/podcast/">Míriam Tirado, </a>escriptora i consultora de criança.</li>
</ul>

<p>AQUESTS SÓN ALGUNS ARTICLES O VÍDEOS QUE LES FAMÍLIES ENS HAN FET ARRIBAR: </p>
<ul>
<li><a href="https://www.youtube.com/watch?v=eN9aQL99zpY">¿Cómo promover que tus hijos se sientan amados?</a> Entrevista a Carlota Sala (ninyacolorita).</li>
<li>PODCAST: <a href="https://www.miriamtirado.com/ca/podcast/">Míriam Tirado, </a>escriptora i consultora de criança.</li>
</ul>
