{"id":26,"date":"2014-09-18T12:24:32","date_gmt":"2014-09-18T11:24:32","guid":{"rendered":"http:\/\/agora.xtec.cat\/ceipfmacia-orrius\/?page_id=26"},"modified":"2023-12-26T13:22:28","modified_gmt":"2023-12-26T12:22:28","slug":"historia","status":"publish","type":"page","link":"https:\/\/agora.xtec.cat\/ceipfmacia-orrius\/lescola\/historia\/","title":{"rendered":"Hist\u00f2ria"},"content":{"rendered":"<p><strong>L&#8217;escola abans d&#8217;octubre de 2002<\/strong><br \/>\nFins a l&#8217;octubre de 2002 l&#8217;escola estava formada per un \u00fanic edifici inaugurat el 8 d&#8217;abril de l&#8217;any 1984. Els primers anys hi havia un nombre inferior a 20 alumnes amb dues mestres fixes, una d&#8217;Educaci\u00f3 Infantil i una de Prim\u00e0ria. Es distribu\u00efen els alumnes segons el seu nombre, per exemple una tutoria de P-3, P-4, P-5, 1r i 2n i una altra de 3r, 4t, 5\u00e8 i 6\u00e8. A tall anecd\u00f2tic es pot citar un curs que no hi havia cap alumne de 2n, per\u00f2 va arribar-ne un a mig curs i es va haver de decidir a quina tutoria enviar-lo. A partir del curs 2000-2001 la plantilla es va ampliar a 3 mestres i es van poder fer tres tutories: Petits, Mitjans i Grans repartits els cursos segons el seu nombre. Aquesta terminologia es va fer servir durant for\u00e7a temps. La classe dels Petits i dels Mitjans eren a les dues aules grans i el grup dels Grans es trobava a l&#8217;aula a la qual els pares de l&#8217;AMPA havien col\u00b7locat parquet l&#8217;estiu de l&#8217;any 2001. El pati era petit i es trobava situat a un nivell m\u00e9s alt que l&#8217;escola. La tanca estava coberta amb una immensa parra que ens regalava els seus fruits cada setembre (i es repartien entre totes les fam\u00edlies). Al peu de la parra hi havia un petit hort.<\/p>\n<p><strong>L&#8217;escola curs 2002-2003<\/strong><br \/>\nAquest curs la plantilla es va ampliar de 4 a 5 mestres fixos\/es. L&#8217;augment de matr\u00edcula a Educaci\u00f3 Infantil va motivar que el Departament conced\u00eds dues places de mestres per a P-3, P-4 i P-5. El maig de 2002 van comen\u00e7ar les obres de construcci\u00f3 del nou edifici i es van acabar el novembre del mateix any. Amb la construcci\u00f3 del nou m\u00f2dul l&#8217;escola va perdre una mica de pati, per\u00f2 a canvi es va poder obtenir un petit edifici d&#8217;uns 80 metres quadrats en el qual poder encabir permanentment el menjador amb els estris i aparells d&#8217;\u00fas habitual (rentaplats, nevera, microones&#8230;). Tamb\u00e9 s&#8217;hi va poder traslladar l&#8217;aula dels Grans (4t-5\u00e8-6\u00e8), guanyant un espai m\u00e9s ampli i ben il\u00b7luminat. El trasllat es va realitzar el novembre del 2002. L&#8217;anterior aula dels grans es va habilitar la resta del curs com a aula de psicomotricitat i magatzem. A l&#8217;edifici central seguien havent-hi dues tutories, la d&#8217;Educaci\u00f3 Infantil i la de 1r-2n-3r. L&#8217;aula d&#8217;ordinadors va comen\u00e7ar a cr\u00e9ixer pel que fa al nombre de m\u00e0quines si b\u00e9 encara tenia les rajoles amb solcs i un banc de maons, fets que dificultaven la seva disposici\u00f3. Aquest curs es va poder obrir la biblioteca de l&#8217;escola al poble en horari de tarda els dimarts, dimecres i dijous gr\u00e0cies a la col\u00b7laboraci\u00f3 de tres mares de l&#8217;escola.<\/p>\n<p><strong>L&#8217;escola cursos 2003-2004 i 2004-2005<\/strong><br \/>\nA mitjans del curs 03-04 es preveia que l&#8217;escola faria un salt endavant pel que fa al nombre d&#8217;alumnes matriculats. Per aix\u00f2 es va negociar amb el Departament d&#8217;Educaci\u00f3 poder donar resposta a la nova realitat. L&#8217;escola tornava a cr\u00e9ixer ampliant el pati i instal\u00b7lant-hi un m\u00f2dul prefabricat. El nou edifici tot i la seva provisionalitat, satisfeia \u00e0mpliament les necessitats dels cursos d&#8217;Educaci\u00f3 Infantil: una aula per alumnes i una altra per a psicomotricitat i usos diversos, lavabos adaptats als petits i un petit despatx que es va aprofitar com a magatzem. Les altes temperatures a les que s&#8217;arribava en el seu interior va fer plantejar a l&#8217;AMPA la necessitat de comprar-hi uns petits aparells d&#8217;aire condicionat. La primavera de 2004 l&#8217;Ajuntament va iniciar la construcci\u00f3 de la llar d&#8217;infants &#8220;Les Orenetes&#8221;, que volia recollir les necessitats de moltes fam\u00edlies del poble. Va poder obrir les portes l&#8217;1 de setembre de 2004. El curs 04-05 es va tornar a ampliar la plantilla de mestres amb el nomenament d&#8217;un mestre m\u00e9s de Prim\u00e0ria. Aix\u00f2 va permetre establir tres tutories de Prim\u00e0ria, una de Cicle Inicial, una de Cicle Mitj\u00e0 i una de Cicle Superior, amb el qual l&#8217;escola esdevinia c\u00edclica de deb\u00e0. A l&#8217;edifici central l&#8217;aula gran de baix es va poder habilitar com a biblioteca permanentment, com a aula d&#8217;Audiovisuals i per a poder realitzar les assemblees. A l&#8217;octubre de 2004 el Departament d&#8217;Educaci\u00f3 va instal\u00b7lar el cablejat inform\u00e0tic de tot l&#8217;edifici central i la instal\u00b7laci\u00f3 de dues antenes inal\u00e0mbriques que cobreixen l&#8217;aula de Cicle Superior i les d&#8217;Educaci\u00f3 Infantil, gr\u00e0cies a les gestions fetes el curs anterior. Tamb\u00e9 se&#8217;ns va dotar d&#8217;un projector multim\u00e8dia que va ser instal\u00b7lat a la biblioteca. A finals del curs 04-05 una s\u00e8rie de problemes en la l\u00ednia ADSL van for\u00e7ar al Departament a dotar-nos del servei d&#8217;internet via sat\u00e8l\u00b7lit, visible en la gran antena muntada a la cantonada de l&#8217;edifici central.<\/p>\n<p><strong>L&#8217;escola curs 2005-2006<\/strong><br \/>\nEl curs va comen\u00e7ar amb un fet anunciat fa uns mesos: el Departament d&#8217;educaci\u00f3 havia dissolt l&#8217;Agrupaci\u00f3 Rural Maresme-Vall\u00e8s i s&#8217;havien eliminat les places de mestres itinerants. Despr\u00e9s de negociar fermament amb el Departament es van aconseguir una mestra d&#8217;Angl\u00e8s a jornada completa i dues persones a mitja jornada per Educaci\u00f3 F\u00edsica i M\u00fasica. Un dels fets m\u00e9s novedosos va ser la concessi\u00f3 per part del Departament d&#8217;un Programa d&#8217;Innovaci\u00f3 Educativa en Educaci\u00f3 Ambiental, concretat a la nostra escola en el projecte de l&#8217;Hort. A m\u00e9s de la dotaci\u00f3 econ\u00f2mica prevista es va poder aconseguir una partida econ\u00f2mica especial que cobria en la seva majoria la compra d&#8217;una caseta de fusta on poder desar el material de l&#8217;hort i d&#8217;Educaci\u00f3 F\u00edsica.<\/p>\n","protected":false},"excerpt":{"rendered":"<p>L&#8217;escola abans d&#8217;octubre de 2002<br \/>\nFins a l&#8217;octubre de 2002 l&#8217;escola estava formada per un \u00fanic edifici inaugurat el 8 d&#8217;abril de l&#8217;any 1984. Els primers anys hi havia un nombre inferior a 20 alumnes amb dues mestres fixes, una d&#8217;Educaci\u00f3 Infantil i una de Prim\u00e0ria.&hellip;  <a href=\"https:\/\/agora.xtec.cat\/ceipfmacia-orrius\/lescola\/historia\/\" title=\"Read Hist\u00f2ria\">Llegeix m\u00e9s\u00bb<\/a><\/p>\n","protected":false},"author":1,"featured_media":0,"parent":22,"menu_order":2,"comment_status":"closed","ping_status":"closed","template":"page-templates\/side-menu.php","meta":{"_bbp_topic_count":0,"_bbp_reply_count":0,"_bbp_total_topic_count":0,"_bbp_total_reply_count":0,"_bbp_voice_count":0,"_bbp_anonymous_reply_count":0,"_bbp_topic_count_hidden":0,"_bbp_reply_count_hidden":0,"_bbp_forum_subforum_count":0,"footnotes":""},"class_list":["post-26","page","type-page","status-publish","hentry"],"post_mailing_queue_ids":[],"_links":{"self":[{"href":"https:\/\/agora.xtec.cat\/ceipfmacia-orrius\/wp-json\/wp\/v2\/pages\/26","targetHints":{"allow":["GET"]}}],"collection":[{"href":"https:\/\/agora.xtec.cat\/ceipfmacia-orrius\/wp-json\/wp\/v2\/pages"}],"about":[{"href":"https:\/\/agora.xtec.cat\/ceipfmacia-orrius\/wp-json\/wp\/v2\/types\/page"}],"author":[{"embeddable":true,"href":"https:\/\/agora.xtec.cat\/ceipfmacia-orrius\/wp-json\/wp\/v2\/users\/1"}],"replies":[{"embeddable":true,"href":"https:\/\/agora.xtec.cat\/ceipfmacia-orrius\/wp-json\/wp\/v2\/comments?post=26"}],"version-history":[{"count":4,"href":"https:\/\/agora.xtec.cat\/ceipfmacia-orrius\/wp-json\/wp\/v2\/pages\/26\/revisions"}],"predecessor-version":[{"id":3596,"href":"https:\/\/agora.xtec.cat\/ceipfmacia-orrius\/wp-json\/wp\/v2\/pages\/26\/revisions\/3596"}],"up":[{"embeddable":true,"href":"https:\/\/agora.xtec.cat\/ceipfmacia-orrius\/wp-json\/wp\/v2\/pages\/22"}],"wp:attachment":[{"href":"https:\/\/agora.xtec.cat\/ceipfmacia-orrius\/wp-json\/wp\/v2\/media?parent=26"}],"curies":[{"name":"wp","href":"https:\/\/api.w.org\/{rel}","templated":true}]}}

Història

<p><strong>L&#8217;escola abans d&#8217;octubre de 2002</strong><br />
Fins a l&#8217;octubre de 2002 l&#8217;escola estava formada per un únic edifici inaugurat el 8 d&#8217;abril de l&#8217;any 1984. Els primers anys hi havia un nombre inferior a 20 alumnes amb dues mestres fixes, una d&#8217;Educació Infantil i una de Primària. Es distribuïen els alumnes segons el seu nombre, per exemple una tutoria de P-3, P-4, P-5, 1r i 2n i una altra de 3r, 4t, 5è i 6è. A tall anecdòtic es pot citar un curs que no hi havia cap alumne de 2n, però va arribar-ne un a mig curs i es va haver de decidir a quina tutoria enviar-lo. A partir del curs 2000-2001 la plantilla es va ampliar a 3 mestres i es van poder fer tres tutories: Petits, Mitjans i Grans repartits els cursos segons el seu nombre. Aquesta terminologia es va fer servir durant força temps. La classe dels Petits i dels Mitjans eren a les dues aules grans i el grup dels Grans es trobava a l&#8217;aula a la qual els pares de l&#8217;AMPA havien col·locat parquet l&#8217;estiu de l&#8217;any 2001. El pati era petit i es trobava situat a un nivell més alt que l&#8217;escola. La tanca estava coberta amb una immensa parra que ens regalava els seus fruits cada setembre (i es repartien entre totes les famílies). Al peu de la parra hi havia un petit hort.</p>
<p><strong>L&#8217;escola curs 2002-2003</strong><br />
Aquest curs la plantilla es va ampliar de 4 a 5 mestres fixos/es. L&#8217;augment de matrícula a Educació Infantil va motivar que el Departament concedís dues places de mestres per a P-3, P-4 i P-5. El maig de 2002 van començar les obres de construcció del nou edifici i es van acabar el novembre del mateix any. Amb la construcció del nou mòdul l&#8217;escola va perdre una mica de pati, però a canvi es va poder obtenir un petit edifici d&#8217;uns 80 metres quadrats en el qual poder encabir permanentment el menjador amb els estris i aparells d&#8217;ús habitual (rentaplats, nevera, microones&#8230;). També s&#8217;hi va poder traslladar l&#8217;aula dels Grans (4t-5è-6è), guanyant un espai més ampli i ben il·luminat. El trasllat es va realitzar el novembre del 2002. L&#8217;anterior aula dels grans es va habilitar la resta del curs com a aula de psicomotricitat i magatzem. A l&#8217;edifici central seguien havent-hi dues tutories, la d&#8217;Educació Infantil i la de 1r-2n-3r. L&#8217;aula d&#8217;ordinadors va començar a créixer pel que fa al nombre de màquines si bé encara tenia les rajoles amb solcs i un banc de maons, fets que dificultaven la seva disposició. Aquest curs es va poder obrir la biblioteca de l&#8217;escola al poble en horari de tarda els dimarts, dimecres i dijous gràcies a la col·laboració de tres mares de l&#8217;escola.</p>
<p><strong>L&#8217;escola cursos 2003-2004 i 2004-2005</strong><br />
A mitjans del curs 03-04 es preveia que l&#8217;escola faria un salt endavant pel que fa al nombre d&#8217;alumnes matriculats. Per això es va negociar amb el Departament d&#8217;Educació poder donar resposta a la nova realitat. L&#8217;escola tornava a créixer ampliant el pati i instal·lant-hi un mòdul prefabricat. El nou edifici tot i la seva provisionalitat, satisfeia àmpliament les necessitats dels cursos d&#8217;Educació Infantil: una aula per alumnes i una altra per a psicomotricitat i usos diversos, lavabos adaptats als petits i un petit despatx que es va aprofitar com a magatzem. Les altes temperatures a les que s&#8217;arribava en el seu interior va fer plantejar a l&#8217;AMPA la necessitat de comprar-hi uns petits aparells d&#8217;aire condicionat. La primavera de 2004 l&#8217;Ajuntament va iniciar la construcció de la llar d&#8217;infants &#8220;Les Orenetes&#8221;, que volia recollir les necessitats de moltes famílies del poble. Va poder obrir les portes l&#8217;1 de setembre de 2004. El curs 04-05 es va tornar a ampliar la plantilla de mestres amb el nomenament d&#8217;un mestre més de Primària. Això va permetre establir tres tutories de Primària, una de Cicle Inicial, una de Cicle Mitjà i una de Cicle Superior, amb el qual l&#8217;escola esdevinia cíclica de debà. A l&#8217;edifici central l&#8217;aula gran de baix es va poder habilitar com a biblioteca permanentment, com a aula d&#8217;Audiovisuals i per a poder realitzar les assemblees. A l&#8217;octubre de 2004 el Departament d&#8217;Educació va instal·lar el cablejat informàtic de tot l&#8217;edifici central i la instal·lació de dues antenes inalàmbriques que cobreixen l&#8217;aula de Cicle Superior i les d&#8217;Educació Infantil, gràcies a les gestions fetes el curs anterior. També se&#8217;ns va dotar d&#8217;un projector multimèdia que va ser instal·lat a la biblioteca. A finals del curs 04-05 una sèrie de problemes en la línia ADSL van forçar al Departament a dotar-nos del servei d&#8217;internet via satèl·lit, visible en la gran antena muntada a la cantonada de l&#8217;edifici central.</p>
<p><strong>L&#8217;escola curs 2005-2006</strong><br />
El curs va començar amb un fet anunciat fa uns mesos: el Departament d&#8217;educació havia dissolt l&#8217;Agrupació Rural Maresme-Vallès i s&#8217;havien eliminat les places de mestres itinerants. Després de negociar fermament amb el Departament es van aconseguir una mestra d&#8217;Anglès a jornada completa i dues persones a mitja jornada per Educació Física i Música. Un dels fets més novedosos va ser la concessió per part del Departament d&#8217;un Programa d&#8217;Innovació Educativa en Educació Ambiental, concretat a la nostra escola en el projecte de l&#8217;Hort. A més de la dotació econòmica prevista es va poder aconseguir una partida econòmica especial que cobria en la seva majoria la compra d&#8217;una caseta de fusta on poder desar el material de l&#8217;hort i d&#8217;Educació Física.</p>

<p>L&#8217;escola abans d&#8217;octubre de 2002<br />
Fins a l&#8217;octubre de 2002 l&#8217;escola estava formada per un únic edifici inaugurat el 8 d&#8217;abril de l&#8217;any 1984. Els primers anys hi havia un nombre inferior a 20 alumnes amb dues mestres fixes, una d&#8217;Educació Infantil i una de Primària.&hellip;  <a href="https://agora.xtec.cat/ceipfmacia-orrius/lescola/historia/" title="Read Història">Llegeix més»</a></p>
