{"id":2348,"date":"2021-09-29T12:49:32","date_gmt":"2021-09-29T10:49:32","guid":{"rendered":"https:\/\/agora.xtec.cat\/ceipfmacia-orrius\/?page_id=2348"},"modified":"2025-05-15T21:11:13","modified_gmt":"2025-05-15T19:11:13","slug":"qui-som","status":"publish","type":"page","link":"https:\/\/agora.xtec.cat\/ceipfmacia-orrius\/que-es-lafi\/qui-som\/","title":{"rendered":"\ud83e\udd1d Qui som"},"content":{"rendered":"<p><strong>L\u2019AFI de l&#8217;Escola \u00d2rrius \u00e9s una entitat formada per les fam\u00edlies dels\/de les alumnes, amb l\u2019objectiu de representar-les davant l\u2019escola i les institucions educatives.<\/strong><\/p>\n<p>Creiem en la import\u00e0ncia de la participaci\u00f3 activa per millorar el dia a dia de l\u2019alumnat, promovent iniciatives pedag\u00f2giques, culturals i socials.<\/p>\n<p>L\u2019AFI de l\u2019Escola \u00d2rrius funciona gr\u00e0cies a la dedicaci\u00f3 i el comprom\u00eds de les fam\u00edlies que hi participen. Per garantir una gesti\u00f3 eficient i impulsar iniciatives diverses, organitzem el nostre treball en\u00a0<a href=\"https:\/\/agora.xtec.cat\/ceipfmacia-orrius\/que-es-lafi\/qui-som\/comissions-i-grups-de-treball\/\">comissions i grups de treball<\/a>, cadascun centrat en una \u00e0rea espec\u00edfica de millora per a l\u2019escola i els infants.<\/p>\n","protected":false},"excerpt":{"rendered":"<p>L\u2019AFI de l&#8217;Escola \u00d2rrius \u00e9s una entitat formada per les fam\u00edlies dels\/de les alumnes, amb l\u2019objectiu de representar-les davant l\u2019escola i les institucions educatives.<br \/>\nCreiem en la import\u00e0ncia de la participaci\u00f3 activa per millorar el dia a dia de l\u2019alumnat, promovent iniciatives pedag\u00f2giques, culturals i socials.<br \/>\nL\u2019AFI&hellip;  <a href=\"https:\/\/agora.xtec.cat\/ceipfmacia-orrius\/que-es-lafi\/qui-som\/\" title=\"Read \ud83e\udd1d Qui som\">Llegeix m\u00e9s\u00bb<\/a><\/p>\n","protected":false},"author":22,"featured_media":0,"parent":661,"menu_order":1,"comment_status":"closed","ping_status":"closed","template":"page-templates\/side-menu.php","meta":{"_bbp_topic_count":0,"_bbp_reply_count":0,"_bbp_total_topic_count":0,"_bbp_total_reply_count":0,"_bbp_voice_count":0,"_bbp_anonymous_reply_count":0,"_bbp_topic_count_hidden":0,"_bbp_reply_count_hidden":0,"_bbp_forum_subforum_count":0,"footnotes":""},"class_list":["post-2348","page","type-page","status-publish","hentry"],"post_mailing_queue_ids":[],"_links":{"self":[{"href":"https:\/\/agora.xtec.cat\/ceipfmacia-orrius\/wp-json\/wp\/v2\/pages\/2348","targetHints":{"allow":["GET"]}}],"collection":[{"href":"https:\/\/agora.xtec.cat\/ceipfmacia-orrius\/wp-json\/wp\/v2\/pages"}],"about":[{"href":"https:\/\/agora.xtec.cat\/ceipfmacia-orrius\/wp-json\/wp\/v2\/types\/page"}],"author":[{"embeddable":true,"href":"https:\/\/agora.xtec.cat\/ceipfmacia-orrius\/wp-json\/wp\/v2\/users\/22"}],"replies":[{"embeddable":true,"href":"https:\/\/agora.xtec.cat\/ceipfmacia-orrius\/wp-json\/wp\/v2\/comments?post=2348"}],"version-history":[{"count":6,"href":"https:\/\/agora.xtec.cat\/ceipfmacia-orrius\/wp-json\/wp\/v2\/pages\/2348\/revisions"}],"predecessor-version":[{"id":4749,"href":"https:\/\/agora.xtec.cat\/ceipfmacia-orrius\/wp-json\/wp\/v2\/pages\/2348\/revisions\/4749"}],"up":[{"embeddable":true,"href":"https:\/\/agora.xtec.cat\/ceipfmacia-orrius\/wp-json\/wp\/v2\/pages\/661"}],"wp:attachment":[{"href":"https:\/\/agora.xtec.cat\/ceipfmacia-orrius\/wp-json\/wp\/v2\/media?parent=2348"}],"curies":[{"name":"wp","href":"https:\/\/api.w.org\/{rel}","templated":true}]}}

<p><strong>L’AFI de l&#8217;Escola Òrrius és una entitat formada per les famílies dels/de les alumnes, amb l’objectiu de representar-les davant l’escola i les institucions educatives.</strong></p>
<p>Creiem en la importància de la participació activa per millorar el dia a dia de l’alumnat, promovent iniciatives pedagògiques, culturals i socials.</p>
<p>L’AFI de l’Escola Òrrius funciona gràcies a la dedicació i el compromís de les famílies que hi participen. Per garantir una gestió eficient i impulsar iniciatives diverses, organitzem el nostre treball en <a href="https://agora.xtec.cat/ceipfmacia-orrius/que-es-lafi/qui-som/comissions-i-grups-de-treball/">comissions i grups de treball</a>, cadascun centrat en una àrea específica de millora per a l’escola i els infants.</p>

<p>L’AFI de l&#8217;Escola Òrrius és una entitat formada per les famílies dels/de les alumnes, amb l’objectiu de representar-les davant l’escola i les institucions educatives.<br />
Creiem en la importància de la participació activa per millorar el dia a dia de l’alumnat, promovent iniciatives pedagògiques, culturals i socials.<br />
L’AFI&hellip;  <a href="https://agora.xtec.cat/ceipfmacia-orrius/que-es-lafi/qui-som/" title="Read 🤝 Qui som">Llegeix més»</a></p>
