{"id":911,"date":"2017-02-16T23:25:56","date_gmt":"2017-02-16T22:25:56","guid":{"rendered":"http:\/\/agora.xtec.cat\/ceipflix\/?page_id=911"},"modified":"2026-01-15T16:29:54","modified_gmt":"2026-01-15T15:29:54","slug":"guardons","status":"publish","type":"page","link":"https:\/\/agora.xtec.cat\/ceipflix\/altres\/guardons\/","title":{"rendered":"Guardons"},"content":{"rendered":"<h5>Curs 2025-26<\/h5>\n<p>Premi Fundaci\u00f3 Hermini Tudela: Espais Multisensorials Comunitaris &#8211; Snoezelen<\/p>\n<p>Premi Experi\u00e8ncia Nacional Educativa: Fundaci\u00f3 Pallach + Ajuntament de Figueres: Espais Multisensorials Comunitaris &#8211; Snoezelen<\/p>\n<h5 class=\"Estilo8\">___________________________<\/h5>\n<h5 class=\"Estilo8\">Curs 2024-25<\/h5>\n<p>Primer Premi mSchools categoria Educaci\u00f3 Medi\u00e0tica &#8211; GSMA Mobile World Capital<\/p>\n<p>3r Premi Federico Mayor Zaragoza &#8211; Amics UNESCOcat<\/p>\n<p>Finalistes als Jocs Florals Escolars de Catalunya en diverses categories (Comarcal i Territorial)<\/p>\n<p>Alumnes Finalistes al Certamen Lectura Veu Alta (territorial)<\/p>\n<h5 class=\"Estilo8\">___________________________<\/h5>\n<h5 class=\"Estilo8\">Curs 2023-24<\/h5>\n<p>Finalista Premi Educaci\u00f3 &#8211; Cercle d&#8217;Economia<\/p>\n<p>1r Premi Federico Mayor Zaragoza &#8211; Amics UNESCOcat<\/p>\n<p>Finalistes als Jocs Florals Escolars de Catalunya en diverses categories (Comarcal i Territorial)<\/p>\n<p>Alumna guanyadora al Certamen de Lectura en Veu Alta &#8211; Enciclop\u00e8dia Catalana &#8211; Departament d&#8217;Educaci\u00f3<\/p>\n<h5 class=\"Estilo8\">___________________________<\/h5>\n<h5 class=\"Estilo8\">Curs 2022-23<\/h5>\n<p>Primer Premi Participa &#8211; Generalitat de Catalunya<\/p>\n<p>3r Premi Federico Mayor Zaragoza &#8211; Amics UNESCOcat\u00e7<\/p>\n<p>Finalistes als Jocs Florals Escolars de Catalunya en diverses categories (Comarcal i Territorial)<\/p>\n<h5 class=\"Estilo8\">___________________________<\/h5>\n<h5 class=\"Estilo8\">Curs 2021-22<\/h5>\n<p>2n i 3r Premi Federico Mayor Zaragoza &#8211; Amics UNESCOcat<\/p>\n<p>Finalistes als Jocs Florals Escolars de Catalunya en diverses categories (Comarcal i Territorial)<\/p>\n<h5 class=\"Estilo8\">___________________________<\/h5>\n<h5 class=\"Estilo8\">Curs 2020-21<\/h5>\n<p>2n Premi Federico Mayor Zaragoza &#8211; Amics UNESCOcat<\/p>\n<p>Finalistes als Jocs Florals Escolars de Catalunya en diverses categories (Comarcal i Territorial)<\/p>\n<h5 class=\"Estilo8\">___________________________<\/h5>\n<h5 class=\"Estilo8\">Curs 2019-20<\/h5>\n<p>Premi Esport Escolar a la trajectoria del centre &#8211; Generalitat de Catalunya<\/p>\n<p>3r Premi Federico Mayor Zaragoza &#8211; Amics UNESCOcat<\/p>\n<p>Finalistes Crida Educaci\u00f3 360 &#8211; FMRP &#8211; Fund Bofill &#8211; Diputaci\u00f3 Barcelona<\/p>\n<p>Finalistes als Jocs Florals Escolars de Catalunya en diverses categories (Comarcal i Territorial)<\/p>\n<h5 class=\"Estilo8\">___________________________<\/h5>\n<h5 class=\"Estilo8\">Curs 2018-19<\/h5>\n<p>Premi Pilarin Bay\u00e9s &#8211; Cors Pac\u00edfics<\/p>\n<h5 class=\"Estilo8\">___________________________<\/h5>\n<h5 class=\"Estilo8\">Curs 2015-16<\/h5>\n<p>Megaesportista Jocs Escolars de la Ribera d&#8217;Ebre<\/p>\n<h5 class=\"Estilo8\">___________________________<\/h5>\n<h5 class=\"Estilo8\">Curs 2013-14<\/h5>\n<p class=\"Estilo8\"><strong>Premi<\/strong> fase Territorial primers Jocs Florals Escolars categoria D.<\/p>\n<p><strong>Premi<\/strong> fase comarcal primes Jocs Florals Escolars categoria C.<br \/>\n<strong>T\u00edtol<\/strong>: <em>El Sirgador<\/em>.<\/p>\n<h5 class=\"Estilo8\">___________________________<\/h5>\n<h5 class=\"Estilo8\"><strong style=\"font-size: 1.125em;\">Curs 2012-13<\/strong><\/h5>\n<p><strong>Treball guardonat<\/strong> en el Concurs\u00a0de Redaccions de l&#8217;Arr\u00f2s Montsi\u00e0.<\/p>\n<h5 class=\"Estilo8\">___________________________<\/h5>\n<h5 class=\"Estilo8\"><strong>Curs 2008-09<\/strong><\/h5>\n<p><span class=\"Estilo25\"><strong>Premi<\/strong> modalitat Fotografia La Mostra de Produccions Audiovisuals Escolars 2008-2009.\u00a0<\/span>Convocat pel Departament d&#8217;Educuaci\u00f3 de la Generalitat de Catalunya.<br \/>\n<strong>T\u00edtol<\/strong>: <a href=\"http:\/\/xtec.cat\/ceipflix\/fotografia\/tipusDplans\/tipusDplans.html\" target=\"_blank\" rel=\"noopener noreferrer\"><em>Tipus de plans<\/em><\/a>.<br \/>\nUn treball de l&#8217;alumnat de 1CS<\/p>\n<h5 class=\"Estilo8\">___________________________<\/h5>\n<h5 class=\"Estilo8\"><strong style=\"font-size: 1.125em;\">Curs 2007-08<\/strong><\/h5>\n<p><strong>Segon Premi <\/strong>del Concurs de Manualitats convocat amb motiu del 40\u00e8 aniversari de la publicaci\u00f3 del Zoo d&#8217;en Pitus organitzat per l&#8217;Editorial La Galera.<br \/>\n<strong>T\u00edtol:<\/strong> <a href=\"http:\/\/xtec.cat\/ceipflix\/calaixDeixes\/premis\/elZooPitus\/elZooPitus.htm\" target=\"_blank\" rel=\"noopener noreferrer\">Estru\u00e7<\/a>.<\/p>\n<p>&nbsp;<\/p>\n<h5 class=\"Estilo8\">___________________________<\/h5>\n<h5 class=\"Estilo8\"><strong>Curs 2006-07<\/strong><\/h5>\n<p><span class=\"Estilo18\"><span class=\"Estilo8\"><span class=\"Estilo19\"><strong>Premi <\/strong>Medi Ambient 2007 a actuacions de prevenci\u00f3 i reciclatge de residus en la categoria Centres Escolars.<\/span><\/span><\/span><span class=\"Estilo19\"><br \/>\nConvocat pel Departament de Medi Ambient i Habitatge de la Generalitat de Catalunya. <\/span><br \/>\nT\u00edtol: <em><a href=\"http:\/\/www.xtec.cat\/~mcervel3\/web_personal\/jo_reciclo.htm\" target=\"_blank\" rel=\"noopener noreferrer\">Jo reciclo, i tu?<\/a><\/em><br \/>\nUn treball per projectes a P4.<\/p>\n<h5 class=\"Estilo8\">___________________________<\/h5>\n<h5 class=\"Estilo8\"><strong>Curs 2005-06<\/strong><\/h5>\n<p><span class=\"Estilo8\"><strong>Premi<\/strong><\/span> <span class=\"Estilo8\">Baldiri Reixac.<\/span><em><span class=\"Estilo8\"><br \/>\n<\/span><\/em><span class=\"Estilo8\">Fundaci\u00f3 Llu\u00eds Carulla.<\/span><span class=\"Estilo8\"><br \/>\nT\u00edtol: <em>Flix i la seva hist\u00f2ria. Un treball per projectes a CI .<br \/>\n<\/em>Treball d&#8217;alumnes. 1 i 2CI (2004-05).<\/span><\/p>\n<p class=\"Estilo8\"><strong>Cartell guanyador<\/strong><br \/>\nConcurs escolar <em>Un NOU m\u00f3n per a tothom<\/em>.<br \/>\nConvocat per l&#8217;Editorial Cru\u00eflla amb motiu del Dia Mundial del Medi Ambient.<br \/>\nObra: <em>El m\u00f3n d&#8217;avui \u00e9s la llavor del m\u00f3n de dem\u00e0.<\/em><\/p>\n<p class=\"Estilo8\"><strong>Treball guanyador.<\/strong><br \/>\nXXI Concurs Bibl\u00edc<br \/>\nGuardonat: Pau Munt\u00e9 Ses\u00e9 2CM.<\/p>\n<h5 class=\"Estilo8\">___________________________<\/h5>\n<h5 class=\"Estilo8\"><strong>Curs 2004-05<\/strong><\/h5>\n<p class=\"Estilo8\"><strong>Treball guanyador<br \/>\n<\/strong>VIII Premis de Fotografia Escolar\u00a0<span class=\"Estilo12\">Departament d&#8217;Educaci\u00f3\u00a0<\/span>de la Generalitat de Catalunya<br \/>\nObra: <em><a href=\"http:\/\/xtec.cat\/ceipflix\/calaixDeixes\/premis\/8premisFotoEscolar\/index.htm\" target=\"_blank\" rel=\"noopener noreferrer\">Sebes, reserva natural de Flix<\/a>.<\/em><\/p>\n<h5 class=\"Estilo8\"><\/h5>\n<p class=\"Estilo8\"><span class=\"Estilo20\"><strong>Premi<\/strong> de Literatura 22\u00e8 Certamen Literari Infantil i Juvenil en homenatge a Salvador Da<\/span>l\u00ed.<br \/>\nObra:<a href=\"http:\/\/xtec.cat\/ceipflix\/calaixDeixes\/premis\/22Premi\/premiLiterari.htm\" target=\"_blank\" rel=\"noopener noreferrer\"> <em>Imitant Dal\u00ed<\/em><\/a>.<\/p>\n<h5 class=\"Estilo8\">___________________________<\/h5>\n<h5 class=\"Estilo8\"><strong>Curs 2003-04<\/strong><\/h5>\n<p class=\"Estilo8\"><strong>Premi<\/strong> Baldiri Reixac\u00a0<span class=\"Estilo9\">Fundaci\u00f3 Llu\u00eds Carulla<\/span><em><br \/>\n<\/em>Projecte:<em> <a href=\"http:\/\/xtec.cat\/ceipflix\/calaixDeixes\/trobadesVirtuals\/femTeatre\/contesCS03.htm\" target=\"_blank\" rel=\"noopener noreferrer\">Titelles<\/a><\/em><\/p>\n<p class=\"Estilo8\"><strong>Finaliste<\/strong>s VIII Premis de Fotografia Escolar<br \/>\n<span class=\"Estilo10\">Departament d&#8217;Educaci\u00f3\u00a0<\/span>de la Generalitat de Catalunya<br \/>\nObra: <em><a href=\"http:\/\/xtec.cat\/ceipflix\/calaixDeixes\/premis\/7premisFotoEscolar\/index.htm\" target=\"_blank\" rel=\"noopener noreferrer\">L&#8217;Energia<\/a>.<\/em><\/p>\n<p class=\"Estilo8\"><span class=\"Estilo21\"><strong>Premi<\/strong> de Literatura 21\u00e8 Certamen Literari Infantil i Juvenil en homenatge a Joan Salvat-Papasseit, Joan Miro i Federic Monpou convocat pel\u00a0<\/span>Departament d&#8217;Ensenyament de la Generalitat de Catalunya.<br \/>\nObra: <em><a href=\"http:\/\/xtec.cat\/ceipflix\/calaixDeixes\/premis\/21PremiLiteari\/premiLiterari.htm\" target=\"_blank\" rel=\"noopener noreferrer\">L&#8217;Univers<\/a>.<\/em><\/p>\n<p class=\"Estilo8\"><span class=\"Estilo22\"><strong>Premi<\/strong> de Dibuix 21\u00e8 Certamen Literari Infantil i Juvenil en homenatge a Joan Salvat-Papasseit, Joan Miro i Federic Monpou convocat pel\u00a0<\/span>Departament d&#8217;Ensenyament de la Gneneralitat de Catalunya.<br \/>\nObra:<a href=\"http:\/\/xtec.cat\/ceipflix\/calaixDeixes\/premis\/21PremiLiteari\/premiDibuix.htm\" target=\"_blank\" rel=\"noopener noreferrer\"> <em>Imitant<\/em> <em>Joan Miro<\/em><\/a>.<\/p>\n<h5 class=\"Estilo8\">___________________________<\/h5>\n<h5><strong>Curs 2002-03<\/strong><\/h5>\n<p class=\"Estilo23\"><strong>Premi<\/strong> Baldiri Reixac<br \/>\nFundaci\u00f3 Jaume I a ESOLES MESTRES I ALUMNES.<\/p>\n<p><strong>Finalista<\/strong> Tercer Concurs d&#8217;Orat\u00f2ria en Lleng\u00fces Estangeres del Projecte ORATOR\u00a0convocat pel Departament d&#8217;Ensenyament de la Generalitat de Catalunya.<br \/>\nTema: <em><a href=\"http:\/\/xtec.cat\/ceipflix\/calaixDeixes\/premis\/premiOratoria02_03\/pOratoria.htm\" target=\"_blank\" rel=\"noopener noreferrer\">Easter<\/a>.<\/em><\/p>\n<p>&nbsp;<\/p>\n<h5 class=\"Estilo8\">___________________________<\/h5>\n<h5><strong>Curs 2000-01<\/strong><\/h5>\n<p><strong>Finalista:<\/strong> Primer Concurs d&#8217;Orat\u00f2ria\u00a0en Lleng\u00fces Estangeres del Projecte ORATOR convocat pel Departament d&#8217;Ensenyament de la Generalitat de Catalunya.<br \/>\nTema: <em><a href=\"http:\/\/xtec.cat\/ceipflix\/calaixDeixes\/premis\/premiOratoria00_01\/pOratoria.htm\" target=\"_blank\" rel=\"noopener noreferrer\">Chrismas Time<\/a>.<\/em><\/p>\n<p>&nbsp;<\/p>\n<h5 class=\"Estilo8\">___________________________<\/h5>\n<h5><strong>Curs 1997-98<\/strong><\/h5>\n<p><strong>Tercer Premi <\/strong><span style=\"font-family: Arial, Helvetica;\"><br \/>\nConcurs de webs de centre <i>Presentem la nostra escola a Europa<\/i>, organitzat pel Programa d&#8217;Inform\u00e0tica Educativa en el marc dels Netdays&#8217;98.<\/span><\/p>\n<p>Amb el t\u00edtol <i>Presentem la nostra escola a Europa<\/i> el Departament d&#8217;Ensenyament de la Generalitat de Catalunya ha organitzat un concurs de webs de centres, ens hi hem presentat i&#8230;. hem quedat TERCERS!<\/p>\n","protected":false},"excerpt":{"rendered":"<p>Curs 2025-26 Premi Fundaci\u00f3 Hermini Tudela: Espais Multisensorials Comunitaris &#8211; Snoezelen Premi Experi\u00e8ncia Nacional Educativa: Fundaci\u00f3 Pallach + Ajuntament de Figueres: Espais Multisensorials Comunitaris &#8211; Snoezelen ___________________________ Curs 2024-25 Primer Premi mSchools categoria Educaci\u00f3 Medi\u00e0tica &#8211; GSMA Mobile World Capital 3r Premi Federico Mayor Zaragoza &#8211; Amics UNESCOcat Finalistes als Jocs Florals Escolars de Catalunya [&hellip;]<\/p>\n","protected":false},"author":1,"featured_media":0,"parent":908,"menu_order":0,"comment_status":"closed","ping_status":"closed","template":"","meta":{"_bbp_topic_count":0,"_bbp_reply_count":0,"_bbp_total_topic_count":0,"_bbp_total_reply_count":0,"_bbp_voice_count":0,"_bbp_anonymous_reply_count":0,"_bbp_topic_count_hidden":0,"_bbp_reply_count_hidden":0,"_bbp_forum_subforum_count":0,"site-sidebar-layout":"default","site-content-layout":"","ast-site-content-layout":"default","site-content-style":"default","site-sidebar-style":"default","ast-global-header-display":"","ast-banner-title-visibility":"","ast-main-header-display":"","ast-hfb-above-header-display":"","ast-hfb-below-header-display":"","ast-hfb-mobile-header-display":"","site-post-title":"","ast-breadcrumbs-content":"","ast-featured-img":"","footer-sml-layout":"","theme-transparent-header-meta":"default","adv-header-id-meta":"","stick-header-meta":"","header-above-stick-meta":"","header-main-stick-meta":"","header-below-stick-meta":"","astra-migrate-meta-layouts":"set","ast-page-background-enabled":"default","ast-page-background-meta":{"desktop":{"background-color":"var(--ast-global-color-4)","background-image":"","background-repeat":"repeat","background-position":"center center","background-size":"auto","background-attachment":"scroll","background-type":"","background-media":"","overlay-type":"","overlay-color":"","overlay-opacity":"","overlay-gradient":""},"tablet":{"background-color":"","background-image":"","background-repeat":"repeat","background-position":"center center","background-size":"auto","background-attachment":"scroll","background-type":"","background-media":"","overlay-type":"","overlay-color":"","overlay-opacity":"","overlay-gradient":""},"mobile":{"background-color":"","background-image":"","background-repeat":"repeat","background-position":"center center","background-size":"auto","background-attachment":"scroll","background-type":"","background-media":"","overlay-type":"","overlay-color":"","overlay-opacity":"","overlay-gradient":""}},"ast-content-background-meta":{"desktop":{"background-color":"var(--ast-global-color-5)","background-image":"","background-repeat":"repeat","background-position":"center center","background-size":"auto","background-attachment":"scroll","background-type":"","background-media":"","overlay-type":"","overlay-color":"","overlay-opacity":"","overlay-gradient":""},"tablet":{"background-color":"var(--ast-global-color-5)","background-image":"","background-repeat":"repeat","background-position":"center center","background-size":"auto","background-attachment":"scroll","background-type":"","background-media":"","overlay-type":"","overlay-color":"","overlay-opacity":"","overlay-gradient":""},"mobile":{"background-color":"var(--ast-global-color-5)","background-image":"","background-repeat":"repeat","background-position":"center center","background-size":"auto","background-attachment":"scroll","background-type":"","background-media":"","overlay-type":"","overlay-color":"","overlay-opacity":"","overlay-gradient":""}},"footnotes":""},"class_list":["post-911","page","type-page","status-publish","hentry"],"post_mailing_queue_ids":[],"_links":{"self":[{"href":"https:\/\/agora.xtec.cat\/ceipflix\/wp-json\/wp\/v2\/pages\/911","targetHints":{"allow":["GET"]}}],"collection":[{"href":"https:\/\/agora.xtec.cat\/ceipflix\/wp-json\/wp\/v2\/pages"}],"about":[{"href":"https:\/\/agora.xtec.cat\/ceipflix\/wp-json\/wp\/v2\/types\/page"}],"author":[{"embeddable":true,"href":"https:\/\/agora.xtec.cat\/ceipflix\/wp-json\/wp\/v2\/users\/1"}],"replies":[{"embeddable":true,"href":"https:\/\/agora.xtec.cat\/ceipflix\/wp-json\/wp\/v2\/comments?post=911"}],"version-history":[{"count":6,"href":"https:\/\/agora.xtec.cat\/ceipflix\/wp-json\/wp\/v2\/pages\/911\/revisions"}],"predecessor-version":[{"id":12597,"href":"https:\/\/agora.xtec.cat\/ceipflix\/wp-json\/wp\/v2\/pages\/911\/revisions\/12597"}],"up":[{"embeddable":true,"href":"https:\/\/agora.xtec.cat\/ceipflix\/wp-json\/wp\/v2\/pages\/908"}],"wp:attachment":[{"href":"https:\/\/agora.xtec.cat\/ceipflix\/wp-json\/wp\/v2\/media?parent=911"}],"curies":[{"name":"wp","href":"https:\/\/api.w.org\/{rel}","templated":true}]}}