{"id":32,"date":"2014-09-18T12:31:33","date_gmt":"2014-09-18T11:31:33","guid":{"rendered":"http:\/\/agora.xtec.cat\/ceipflix\/?page_id=32"},"modified":"2025-06-19T19:03:23","modified_gmt":"2025-06-19T17:03:23","slug":"calendari-del-curs","status":"publish","type":"page","link":"https:\/\/agora.xtec.cat\/ceipflix\/lescola\/calendari-del-curs\/","title":{"rendered":"Calendari del curs"},"content":{"rendered":"<div style=\"position: relative; width: 100%; height: 0; padding-top: 141.4286%; padding-bottom: 0; box-shadow: 0 2px 8px 0 rgba(63,69,81,0.16); margin-top: 1.6em; margin-bottom: 0.9em; overflow: hidden; border-radius: 8px; will-change: transform;\"><iframe style=\"position: absolute; width: 100%; height: 100%; top: 0; left: 0; border: none; padding: 0; margin: 0;\" src=\"https:\/\/www.canva.com\/design\/DAGp8rsnpgg\/phN9SoNP9xeCYDInOUJB4w\/view?embed\" allowfullscreen=\"allowfullscreen\"><br \/>\n<\/iframe><\/div>\n<p><a href=\"https:\/\/www.canva.com\/design\/DAGp8rsnpgg\/phN9SoNP9xeCYDInOUJB4w\/view?utm_content=DAGp8rsnpgg&amp;utm_campaign=designshare&amp;utm_medium=embeds&amp;utm_source=link\" target=\"_blank\" rel=\"noopener\">31<\/a> de Escola de Flix<\/p>\n<p>&nbsp;<\/p>\n<h4><b>Calendari del curs 2025-26<\/b><\/h4>\n<ul>\n<li>8 de setembre de 2025: inici de les classes al segon cicle de l&#8217;educaci\u00f3 infantil i l&#8217;educaci\u00f3 prim\u00e0ria.<\/li>\n<li>Del 22 de desembre de 2025 al 7 de gener de 2026 (ambd\u00f3s inclosos): vacances de Nadal.<\/li>\n<li>Del 28 de mar\u00e7 al 6 d&#8217;abril de 2026 (ambd\u00f3s inclosos): vacances de Setmana Santa.<\/li>\n<li>19 de juny de 2026: acaben les classes a tots els centres.<\/li>\n<\/ul>\n<p><strong>Dies de lliure disposici\u00f3.<\/strong><\/p>\n<p>Als 4 dies de lliure disposici\u00f3, aquest curs s\u2019hi sumen 2 de festa local perqu\u00e8 cau en per\u00edode vocacional d\u2019estiu.<\/p>\n<ul>\n<li>31 d&#8217;octubre<\/li>\n<li>3 de novembre<\/li>\n<li>9 de desembre<\/li>\n<li>16 de febrer<\/li>\n<li>30 d&#8217;abril<\/li>\n<li>4 de maig<\/li>\n<\/ul>\n<p>&nbsp;<\/p>\n<h4>Horaris<\/h4>\n<p>L\u2019<b>horari habitual\u00a0<\/b>del centre \u00e9s de 9 a 2 quarts d&#8217;1 de la tarda\u00a0\u00a0i de 3 a 2 quarts de 5 de la tarda per a tot l&#8217;alumnat de l&#8217;escola.<\/p>\n<p>L\u2019<b>horari de jornada continuada\u00a0<\/b>del centre \u00e9s de 9 a 1 de la tarda per a tot l&#8217;alumnat de l&#8217;escola.<\/p>\n<h4 style=\"text-align: left;\"><a href=\"https:\/\/www.canva.com\/design\/DAGp8rsnpgg\/CfTikIkVu2ZXWCKFZ0FAmw\/view?utm_content=DAGp8rsnpgg&amp;utm_campaign=designshare&amp;utm_medium=link2&amp;utm_source=uniquelinks&amp;utlId=hc0f5def6d9\" rel=\"attachment wp-att-8800\">Calendari 2025_2026<\/a><\/h4>\n<p>&nbsp;<\/p>\n","protected":false},"excerpt":{"rendered":"<p>31 de Escola de Flix &nbsp; Calendari del curs 2025-26 8 de setembre de 2025: inici de les classes al segon cicle de l&#8217;educaci\u00f3 infantil i l&#8217;educaci\u00f3 prim\u00e0ria. Del 22 de desembre de 2025 al 7 de gener de 2026 (ambd\u00f3s inclosos): vacances de Nadal. Del 28 de mar\u00e7 al 6 d&#8217;abril de 2026 (ambd\u00f3s [&hellip;]<\/p>\n","protected":false},"author":1,"featured_media":0,"parent":22,"menu_order":50,"comment_status":"closed","ping_status":"closed","template":"page-templates\/side-menu.php","meta":{"_bbp_topic_count":0,"_bbp_reply_count":0,"_bbp_total_topic_count":0,"_bbp_total_reply_count":0,"_bbp_voice_count":0,"_bbp_anonymous_reply_count":0,"_bbp_topic_count_hidden":0,"_bbp_reply_count_hidden":0,"_bbp_forum_subforum_count":0,"site-sidebar-layout":"default","site-content-layout":"","ast-site-content-layout":"","site-content-style":"default","site-sidebar-style":"default","ast-global-header-display":"","ast-banner-title-visibility":"","ast-main-header-display":"","ast-hfb-above-header-display":"","ast-hfb-below-header-display":"","ast-hfb-mobile-header-display":"","site-post-title":"","ast-breadcrumbs-content":"","ast-featured-img":"","footer-sml-layout":"","theme-transparent-header-meta":"","adv-header-id-meta":"","stick-header-meta":"","header-above-stick-meta":"","header-main-stick-meta":"","header-below-stick-meta":"","astra-migrate-meta-layouts":"default","ast-page-background-enabled":"default","ast-page-background-meta":{"desktop":{"background-color":"var(--ast-global-color-4)","background-image":"","background-repeat":"repeat","background-position":"center center","background-size":"auto","background-attachment":"scroll","background-type":"","background-media":"","overlay-type":"","overlay-color":"","overlay-opacity":"","overlay-gradient":""},"tablet":{"background-color":"","background-image":"","background-repeat":"repeat","background-position":"center center","background-size":"auto","background-attachment":"scroll","background-type":"","background-media":"","overlay-type":"","overlay-color":"","overlay-opacity":"","overlay-gradient":""},"mobile":{"background-color":"","background-image":"","background-repeat":"repeat","background-position":"center center","background-size":"auto","background-attachment":"scroll","background-type":"","background-media":"","overlay-type":"","overlay-color":"","overlay-opacity":"","overlay-gradient":""}},"ast-content-background-meta":{"desktop":{"background-color":"var(--ast-global-color-5)","background-image":"","background-repeat":"repeat","background-position":"center center","background-size":"auto","background-attachment":"scroll","background-type":"","background-media":"","overlay-type":"","overlay-color":"","overlay-opacity":"","overlay-gradient":""},"tablet":{"background-color":"var(--ast-global-color-5)","background-image":"","background-repeat":"repeat","background-position":"center center","background-size":"auto","background-attachment":"scroll","background-type":"","background-media":"","overlay-type":"","overlay-color":"","overlay-opacity":"","overlay-gradient":""},"mobile":{"background-color":"var(--ast-global-color-5)","background-image":"","background-repeat":"repeat","background-position":"center center","background-size":"auto","background-attachment":"scroll","background-type":"","background-media":"","overlay-type":"","overlay-color":"","overlay-opacity":"","overlay-gradient":""}},"footnotes":""},"class_list":["post-32","page","type-page","status-publish","hentry"],"post_mailing_queue_ids":[],"_links":{"self":[{"href":"https:\/\/agora.xtec.cat\/ceipflix\/wp-json\/wp\/v2\/pages\/32","targetHints":{"allow":["GET"]}}],"collection":[{"href":"https:\/\/agora.xtec.cat\/ceipflix\/wp-json\/wp\/v2\/pages"}],"about":[{"href":"https:\/\/agora.xtec.cat\/ceipflix\/wp-json\/wp\/v2\/types\/page"}],"author":[{"embeddable":true,"href":"https:\/\/agora.xtec.cat\/ceipflix\/wp-json\/wp\/v2\/users\/1"}],"replies":[{"embeddable":true,"href":"https:\/\/agora.xtec.cat\/ceipflix\/wp-json\/wp\/v2\/comments?post=32"}],"version-history":[{"count":7,"href":"https:\/\/agora.xtec.cat\/ceipflix\/wp-json\/wp\/v2\/pages\/32\/revisions"}],"predecessor-version":[{"id":12108,"href":"https:\/\/agora.xtec.cat\/ceipflix\/wp-json\/wp\/v2\/pages\/32\/revisions\/12108"}],"up":[{"embeddable":true,"href":"https:\/\/agora.xtec.cat\/ceipflix\/wp-json\/wp\/v2\/pages\/22"}],"wp:attachment":[{"href":"https:\/\/agora.xtec.cat\/ceipflix\/wp-json\/wp\/v2\/media?parent=32"}],"curies":[{"name":"wp","href":"https:\/\/api.w.org\/{rel}","templated":true}]}}