{"id":30,"date":"2014-09-18T12:30:23","date_gmt":"2014-09-18T11:30:23","guid":{"rendered":"http:\/\/agora.xtec.cat\/ceipflix\/?page_id=30"},"modified":"2017-02-23T23:41:47","modified_gmt":"2017-02-23T22:41:47","slug":"instal%c2%b7lacions","status":"publish","type":"page","link":"https:\/\/agora.xtec.cat\/ceipflix\/lescola\/instal%c2%b7lacions\/","title":{"rendered":"Instal\u00b7lacions"},"content":{"rendered":"<p>L&#8217;escola Enric Grau Fontser\u00e9 est\u00e0 ubicada al carrer Salvadors Espriu 2 de Flix.<\/p>\n<p>Compta amb una entrada principal que d\u00f3na acc\u00e8s als edificis d&#8217;Educaci\u00f3 Infantil i d&#8217;Educaci\u00f3 Prim\u00e0ria, situats a dreta i esquerra respectivament.<\/p>\n<p><a href=\"http:\/\/agora.xtec.cat\/ceipflix\/wp-content\/uploads\/usu61\/2014\/09\/TH033.jpg\"><img loading=\"lazy\" decoding=\"async\" class=\"alignnone size-full wp-image-1023\" src=\"http:\/\/agora.xtec.cat\/ceipflix\/wp-content\/uploads\/usu61\/2014\/09\/TH033.jpg\" alt=\"th033\" width=\"400\" height=\"267\" srcset=\"https:\/\/agora.xtec.cat\/ceipflix\/wp-content\/uploads\/usu61\/2014\/09\/TH033.jpg 400w, https:\/\/agora.xtec.cat\/ceipflix\/wp-content\/uploads\/usu61\/2014\/09\/TH033-300x200.jpg 300w\" sizes=\"auto, (max-width: 400px) 100vw, 400px\" \/><\/a><\/p>\n<p>L&#8217;edifici d&#8217;Eduaci\u00f3 Infantil compta amb 5\u00a0aules ordin\u00e0ries, comunicades 2 a 2 per cambres de banys d&#8217;\u00fas com\u00fa equipades amb v\u00e0ters i piques\u00a0i\u00a0una aula de psicomotricitat. Totes les aules tenen acc\u00e9s a patis, ja sigui el pati principal o patis interns.<\/p>\n<p><a href=\"http:\/\/agora.xtec.cat\/ceipflix\/wp-content\/uploads\/usu61\/2014\/09\/TH004.jpg\"><img loading=\"lazy\" decoding=\"async\" class=\"alignnone size-full wp-image-1024\" src=\"http:\/\/agora.xtec.cat\/ceipflix\/wp-content\/uploads\/usu61\/2014\/09\/TH004.jpg\" alt=\"th004\" width=\"400\" height=\"267\" srcset=\"https:\/\/agora.xtec.cat\/ceipflix\/wp-content\/uploads\/usu61\/2014\/09\/TH004.jpg 400w, https:\/\/agora.xtec.cat\/ceipflix\/wp-content\/uploads\/usu61\/2014\/09\/TH004-300x200.jpg 300w\" sizes=\"auto, (max-width: 400px) 100vw, 400px\" \/><\/a><\/p>\n<p>El pati d&#8217;Educaci\u00f3 Infanitl \u00e9s per al seu propi \u00fas i est\u00e0 totalment separat del d&#8217;Educaci\u00f3 Prim\u00e0ria, tot i que hi comparteix un fossat de salt de llargada que nom\u00e9s es fa servir per a impartir determinades classes d&#8217;Educaci\u00f3 F\u00edsica i desenvolupar-hi entrenaments fora d&#8217;horari escolar. En aquest espai tamb\u00e9 hi podem trobar dos zones for\u00e7a interessants: l&#8217;hort escolar i la feixa de fruiters. Finalment, el pati est\u00e0 equipat amb diversos tipus d&#8217;atraccions.<\/p>\n<p>L&#8217;edifici d&#8217;Educaci\u00f3 Prim\u00e0ria compta amb\u00a0un espai\u00f3s rebedor,\u00a012 aules ordin\u00e0ries, 3 aules d&#8217;ordinadors, 1 aula d&#8217;idiomes, 1 laboratori de naturals, 1\u00a0aula per treballar amb petits grups, 1 magatzem i 4 espais destinats a serveis i lavabos; tot plegat, distribuit en dos pisos. Al segon pis s&#8217;hi pot accedir per 2 escales o mitjan\u00e7ant l&#8217;ascensor.<\/p>\n<p><strong>Aules ordin\u00e0ries<\/strong><\/p>\n<p>Totes les aules ordin\u00e0ries de l&#8217;escola, a banda del equipament habitual, comptem amb projector,\u00a0pissarra interactiva i equipament de sonoritzaci\u00f3. Per altra banda, les aules de cicle superior estan equipades amb un notebook d&#8217;\u00fas personal per a cadascun i cadascuna de les alumnes.<\/p>\n<h5><strong>Aules especials<\/strong><\/h5>\n<h6>Aula d&#8217;idiomes<\/h6>\n<p>L&#8217;escola compta amb una aula d&#8217;idiomes dotada amb projector, pissarra interactiva i sonoritzaci\u00f3 5.1<\/p>\n<h6>Aules d&#8217;ordinadors<\/h6>\n<p>L&#8217;escola compta amb 3 aules d&#8217;ordinadors connectats amb xarxa i amb acc\u00e8s a Internet, per altra banda, totes les aules compten amb una dotaci\u00f3 de miniordinadors igual al nombre d&#8217;alumnes que formen el grup.<\/p>\n<p>Aquesta dotaci\u00f3 es complementa amb una xarxa wifi accessible des de qualsevol punt de l&#8217;edifici escolar.<\/p>\n<h6>Aula de psicomotricitat, gimn\u00e0s i pista poliesportiva<\/h6>\n<p>L&#8217;edifici d&#8217;Educaci\u00f3 Infantil compta amb una aula de psicomotricitat per a \u00fas exclusiu degudament equipada.<\/p>\n<p><a href=\"http:\/\/agora.xtec.cat\/ceipflix\/wp-content\/uploads\/usu61\/2014\/09\/TH054.jpg\"><img loading=\"lazy\" decoding=\"async\" class=\"alignnone size-full wp-image-1019\" src=\"http:\/\/agora.xtec.cat\/ceipflix\/wp-content\/uploads\/usu61\/2014\/09\/TH054.jpg\" alt=\"th054\" width=\"400\" height=\"267\" srcset=\"https:\/\/agora.xtec.cat\/ceipflix\/wp-content\/uploads\/usu61\/2014\/09\/TH054.jpg 400w, https:\/\/agora.xtec.cat\/ceipflix\/wp-content\/uploads\/usu61\/2014\/09\/TH054-300x200.jpg 300w\" sizes=\"auto, (max-width: 400px) 100vw, 400px\" \/><\/a><\/p>\n<p>Per altra banda, l&#8217;escola compta amb un gimn\u00e0s d&#8217;\u00fas habitual de l&#8217;alumnat de Prim\u00e0ria, amb un excel\u00b7lent equipament i complementada amb serveis i vestidors, on, a banda de desenvolupar-hi classes d&#8217;Educaci\u00f3 F\u00edsica, tamb\u00e9 es fa servir com a sala d&#8217;actes per tal de desenvolupar-hi el festival de Nadal, el lliurament de premis dels concursos de Sant Jordi&#8230;<\/p>\n<p><a href=\"http:\/\/agora.xtec.cat\/ceipflix\/wp-content\/uploads\/usu61\/2014\/09\/TH023.jpg\"><img loading=\"lazy\" decoding=\"async\" class=\"alignnone size-full wp-image-1020\" src=\"http:\/\/agora.xtec.cat\/ceipflix\/wp-content\/uploads\/usu61\/2014\/09\/TH023.jpg\" alt=\"th023\" width=\"400\" height=\"267\" srcset=\"https:\/\/agora.xtec.cat\/ceipflix\/wp-content\/uploads\/usu61\/2014\/09\/TH023.jpg 400w, https:\/\/agora.xtec.cat\/ceipflix\/wp-content\/uploads\/usu61\/2014\/09\/TH023-300x200.jpg 300w\" sizes=\"auto, (max-width: 400px) 100vw, 400px\" \/><\/a><\/p>\n<p>Aquest equipaments es complementen amb una pista poliesportiva que s&#8217;adequa als reglaments esportius vigents.<\/p>\n<p><a href=\"http:\/\/agora.xtec.cat\/ceipflix\/wp-content\/uploads\/usu61\/2014\/09\/TH032.jpg\"><img loading=\"lazy\" decoding=\"async\" class=\"alignnone size-full wp-image-1021\" src=\"http:\/\/agora.xtec.cat\/ceipflix\/wp-content\/uploads\/usu61\/2014\/09\/TH032.jpg\" alt=\"th032\" width=\"400\" height=\"267\" srcset=\"https:\/\/agora.xtec.cat\/ceipflix\/wp-content\/uploads\/usu61\/2014\/09\/TH032.jpg 400w, https:\/\/agora.xtec.cat\/ceipflix\/wp-content\/uploads\/usu61\/2014\/09\/TH032-300x200.jpg 300w\" sizes=\"auto, (max-width: 400px) 100vw, 400px\" \/><\/a><\/p>\n<h6>Biblioteca escolar<\/h6>\n<p>L&#8217;escola compta amb una biblioteca escolar que complementa les biblioteques d&#8217;aula, dotada amb una pissarra interactiva, un equipament multim\u00e8dia i un rac\u00f3\u00a0de consulta que compta amb dos ordinadors multim\u00e8dia connectats a Internet.<\/p>\n<p><a href=\"http:\/\/agora.xtec.cat\/ceipflix\/wp-content\/uploads\/usu61\/2014\/09\/TH021.jpg\"><img loading=\"lazy\" decoding=\"async\" class=\"alignnone size-full wp-image-1022\" src=\"http:\/\/agora.xtec.cat\/ceipflix\/wp-content\/uploads\/usu61\/2014\/09\/TH021.jpg\" alt=\"th021\" width=\"400\" height=\"267\" srcset=\"https:\/\/agora.xtec.cat\/ceipflix\/wp-content\/uploads\/usu61\/2014\/09\/TH021.jpg 400w, https:\/\/agora.xtec.cat\/ceipflix\/wp-content\/uploads\/usu61\/2014\/09\/TH021-300x200.jpg 300w\" sizes=\"auto, (max-width: 400px) 100vw, 400px\" \/><\/a><\/p>\n<p>L&#8217;espai de la biblioteca s&#8217;utilitza per altres finalitats, all\u00ed \u00e9s du a terme les reunions de pares i mares d&#8217;inici de curs, les activitats de formaci\u00f3 de l&#8217;Escola de Pares i Mares&#8230;<\/p>\n<h6>Laboratori<\/h6>\n<p>Her\u00e8ncia de l&#8217;antiga EGB, l&#8217;escola disposa d&#8217;un laboratori de naturals dotat una televisi\u00f3 de plasma connectada a un ordinador i, aquest, a un microscopi, tot plegat complementat amb un bon assortiment de material de laboratori (provetes, gots de precipitacions, microscopis, lupes binoculars&#8230;)<\/p>\n<h6>Menjador escolar<\/h6>\n<p>L&#8217;adequaci\u00f3 d&#8217;una aula d&#8217;Eduaci\u00f3 Infantil ha perm\u00e8s que l&#8217;escola compti amb un menjador escolar d&#8217;una capacitat de 30 comensals per torn.<\/p>\n","protected":false},"excerpt":{"rendered":"<p>L&#8217;escola Enric Grau Fontser\u00e9 est\u00e0 ubicada al carrer Salvadors Espriu 2 de Flix. Compta amb una entrada principal que d\u00f3na acc\u00e8s als edificis d&#8217;Educaci\u00f3 Infantil i d&#8217;Educaci\u00f3 Prim\u00e0ria, situats a dreta i esquerra respectivament. L&#8217;edifici d&#8217;Eduaci\u00f3 Infantil compta amb 5\u00a0aules ordin\u00e0ries, comunicades 2 a 2 per cambres de banys d&#8217;\u00fas com\u00fa equipades amb v\u00e0ters i [&hellip;]<\/p>\n","protected":false},"author":1,"featured_media":0,"parent":22,"menu_order":40,"comment_status":"closed","ping_status":"closed","template":"page-templates\/side-menu.php","meta":{"_bbp_topic_count":0,"_bbp_reply_count":0,"_bbp_total_topic_count":0,"_bbp_total_reply_count":0,"_bbp_voice_count":0,"_bbp_anonymous_reply_count":0,"_bbp_topic_count_hidden":0,"_bbp_reply_count_hidden":0,"_bbp_forum_subforum_count":0,"site-sidebar-layout":"default","site-content-layout":"","ast-site-content-layout":"","site-content-style":"default","site-sidebar-style":"default","ast-global-header-display":"","ast-banner-title-visibility":"","ast-main-header-display":"","ast-hfb-above-header-display":"","ast-hfb-below-header-display":"","ast-hfb-mobile-header-display":"","site-post-title":"","ast-breadcrumbs-content":"","ast-featured-img":"","footer-sml-layout":"","theme-transparent-header-meta":"","adv-header-id-meta":"","stick-header-meta":"","header-above-stick-meta":"","header-main-stick-meta":"","header-below-stick-meta":"","astra-migrate-meta-layouts":"default","ast-page-background-enabled":"default","ast-page-background-meta":{"desktop":{"background-color":"var(--ast-global-color-4)","background-image":"","background-repeat":"repeat","background-position":"center center","background-size":"auto","background-attachment":"scroll","background-type":"","background-media":"","overlay-type":"","overlay-color":"","overlay-opacity":"","overlay-gradient":""},"tablet":{"background-color":"","background-image":"","background-repeat":"repeat","background-position":"center center","background-size":"auto","background-attachment":"scroll","background-type":"","background-media":"","overlay-type":"","overlay-color":"","overlay-opacity":"","overlay-gradient":""},"mobile":{"background-color":"","background-image":"","background-repeat":"repeat","background-position":"center center","background-size":"auto","background-attachment":"scroll","background-type":"","background-media":"","overlay-type":"","overlay-color":"","overlay-opacity":"","overlay-gradient":""}},"ast-content-background-meta":{"desktop":{"background-color":"var(--ast-global-color-5)","background-image":"","background-repeat":"repeat","background-position":"center center","background-size":"auto","background-attachment":"scroll","background-type":"","background-media":"","overlay-type":"","overlay-color":"","overlay-opacity":"","overlay-gradient":""},"tablet":{"background-color":"var(--ast-global-color-5)","background-image":"","background-repeat":"repeat","background-position":"center center","background-size":"auto","background-attachment":"scroll","background-type":"","background-media":"","overlay-type":"","overlay-color":"","overlay-opacity":"","overlay-gradient":""},"mobile":{"background-color":"var(--ast-global-color-5)","background-image":"","background-repeat":"repeat","background-position":"center center","background-size":"auto","background-attachment":"scroll","background-type":"","background-media":"","overlay-type":"","overlay-color":"","overlay-opacity":"","overlay-gradient":""}},"footnotes":""},"class_list":["post-30","page","type-page","status-publish","hentry"],"post_mailing_queue_ids":[],"_links":{"self":[{"href":"https:\/\/agora.xtec.cat\/ceipflix\/wp-json\/wp\/v2\/pages\/30","targetHints":{"allow":["GET"]}}],"collection":[{"href":"https:\/\/agora.xtec.cat\/ceipflix\/wp-json\/wp\/v2\/pages"}],"about":[{"href":"https:\/\/agora.xtec.cat\/ceipflix\/wp-json\/wp\/v2\/types\/page"}],"author":[{"embeddable":true,"href":"https:\/\/agora.xtec.cat\/ceipflix\/wp-json\/wp\/v2\/users\/1"}],"replies":[{"embeddable":true,"href":"https:\/\/agora.xtec.cat\/ceipflix\/wp-json\/wp\/v2\/comments?post=30"}],"version-history":[{"count":4,"href":"https:\/\/agora.xtec.cat\/ceipflix\/wp-json\/wp\/v2\/pages\/30\/revisions"}],"predecessor-version":[{"id":495,"href":"https:\/\/agora.xtec.cat\/ceipflix\/wp-json\/wp\/v2\/pages\/30\/revisions\/495"}],"up":[{"embeddable":true,"href":"https:\/\/agora.xtec.cat\/ceipflix\/wp-json\/wp\/v2\/pages\/22"}],"wp:attachment":[{"href":"https:\/\/agora.xtec.cat\/ceipflix\/wp-json\/wp\/v2\/media?parent=30"}],"curies":[{"name":"wp","href":"https:\/\/api.w.org\/{rel}","templated":true}]}}