{"id":26,"date":"2014-09-18T12:24:32","date_gmt":"2014-09-18T11:24:32","guid":{"rendered":"http:\/\/agora.xtec.cat\/ceipflix\/?page_id=26"},"modified":"2018-04-24T16:00:03","modified_gmt":"2018-04-24T14:00:03","slug":"historia","status":"publish","type":"page","link":"https:\/\/agora.xtec.cat\/ceipflix\/lescola\/historia\/","title":{"rendered":"Hist\u00f2ria"},"content":{"rendered":"<p><strong>1842<\/strong>. Domingo Agust\u00edn, nom del primer mestre que tenim const\u00e0ncia de Flix. Va prendre possessi\u00f3 de la pla\u00e7a de l&#8217;escola p\u00fablica elemental dels nens el mes de maig.<br \/>\n<strong>1844<\/strong>. Flix, 1937 habitants i 416 ve\u00efns. A l\u2019escola que era dotada amb 3,200 rals, hi assistien uns 100 alumnes.<br \/>\n<strong>1845<\/strong>, setembre. Pren possessi\u00f3 com a propietari de la pla\u00e7a p\u00fablica dels nens de Flix Ramon Cabr\u00e9 Pag\u00e9s. Pla\u00e7a que ocupar\u00e0 fins el 1873, any de l&#8217;inici de la el III guerra carlina.<br \/>\n<strong>1846<\/strong>. El 25 de gener neix a Flix Llu\u00eds Adell Pepi\u00f3. El 1886 quan havia complert el 40 anys va prendre possessi\u00f3 com a mestre inter\u00ed de la pla\u00e7a de Gandesa (Terra Alta), el 1898, tamb\u00e9 com a inter\u00ed. ocuparia la pla\u00e7a de la Morera de Montsant (Priorat). La darrera informaci\u00f3 que tenim \u00e9s el seu nomenament el 1898 a l&#8217;escola de Passanant (Conca de Barber\u00e0) on hi estigu\u00e9 fins l&#8217;abril del 1900.<br \/>\n<strong>1857<\/strong>. S&#8217;aprova la &#8220;Ley Moyano&#8221;, llei educativa que declarava obligat\u00f2ria l&#8217;ensenyament des dels 6 fins els 9 anys, i gratu\u00efta per als que no poguessin pagar l&#8217;escola. En la pr\u00e0ctica depenien de la iniciativa dels ajuntaments o de la iniciativa privada.. Aquesta llei d&#8217;educaci\u00f3 seria derogada per &#8220;la Ley General de Educaci\u00f3n&#8221; de l&#8217;any 1970, coneguda per l&#8217;EGB, el BUP i el COU.<br \/>\n<strong>1858<\/strong>. Francisca Segarra, \u00e9s la primera mestra de l&#8217;escola p\u00fablica elemental de nenes que tenim const\u00e0ncia. Aquell curs tingu\u00e9 50 alumnes matriculades. Ocup\u00e0 la pla\u00e7a el febrer de 1858. Els nens matriculats eren 60.<br \/>\n<strong>1859<\/strong>. Antonia L\u00f3pez Gir\u00f3n \u00e9s nomenada mestra de les nenes de Flix el m\u00e9s d&#8217;agost de 1859. Ho ser\u00e0 fins la seua mort l&#8217;any 1901, amb 42 anys i 10 mesos de servei docent. Mare del que fou alcalde durant la dictadura de Primo de Rivera, Manuel Alabart L\u00f3pez Gir\u00f3n.<br \/>\n<strong>1864<\/strong>. Hi havia 132 matriculats a l&#8217;escola dels nens. 40 menors de 6 anys, 49 de 6 a 10 anys, i 37 majors de 10 anys. L&#8217;assist\u00e8ncia regular era de 70 alumnes, \u00e9s adir hi havia un absentisme del 42,63 per cent.<br \/>\nA l&#8217;escola de les nenes, n&#8217;hi havia 94 de matriculades. 16 menors de 6 anys, 68 entre els 6 i 10 anys, i 10 majors de 10 anys. L&#8217;assist\u00e8ncia era del 100 per cent.(Informe d&#8217;una visita d&#8217;inspecci\u00f3).<br \/>\n1870. Neix a Flix Benet Bag\u00e9s Galcer\u00e1n. Inici\u00e0 la seva formaci\u00f3 a l&#8217;Escola Normal de Val\u00e8ncia el 1889 com alumne lliure, acabant els estudis a Tarragona el 1893. La primera destinaci\u00f3 va ser a Flix el 1895 com a substitut de Francisco Vit\u00f2ria. Estada a l&#8217;escola de Flix fins el 1897. Altres destinacions a Vilanova d&#8217;Alpicat (Segri\u00e0), Centelles (Osona). Els 1910 seria nomenat mestre propietari de l&#8217;escola d&#8217;Agramunt (Urgell), el 1915 faria de mestre a Sant Pere de Torell\u00f3 (Osona).<br \/>\n<strong>1875<\/strong>. 20 de gener. Provisi\u00f3 de la pla\u00e7a de mestre de Flix per 975 pta.<br \/>\n<strong>1876<\/strong>. Despr\u00e9s de la 3 Guerra Carlista consten com a mestres de Flix: Joan Baptista Cugat i Serrano i Antonia L\u00f3pez Gir\u00f3n. Flix tenia 1914 habitants.<br \/>\n<strong>1878<\/strong>. Baptista Cugat Serrano, mestre d\u2019escola, consta com &#8220;maestro de instrucci\u00f3n p\u00fablica&#8221;. Ocupar\u00e0 la pla\u00e7a de Flix durant 4 anys i 2 mesos, fins el 1880.<br \/>\n<strong>1881<\/strong>. Isidre Cugat Serrano ocupa la pla\u00e7a com a inter\u00ed.<br \/>\n<strong>1883<\/strong>. Flix comptava amb 1914 habitants i 716 cases, 422 formen el nucli urb\u00e0. Tenia unes escoles per a 130 nens i nenes. Mestre titular, Juan Just Borr\u00e0s.<br \/>\n1 de maig. S\u2019instal\u2022len les monges de l\u2019ordre de la Consolaci\u00f3 a Flix a fi d\u2019obrir un col\u2022legi de primera ensenyan\u00e7a per a nenes i classe de p\u00e0rvuls de nens i nenes. L&#8217;any 1968 abandonaran la poblaci\u00f3.<br \/>\n<strong>1884 &#8211; 1891<\/strong>, Ocupa la pla\u00e7a de les escoles en propietat Francisco Victoria Lucia, 13 anys i 3 mesos de servei.<br \/>\n<strong>1896<\/strong>. Els curs 1896-1897 ocupar\u00e1 la pla\u00e7a de manera interina, Benet Bag\u00e9s Galcer\u00e1n.<br \/>\n<strong>1897<\/strong>. El mestre nascut a Reus Enric Grau Fontser\u00e9 (1877-1946), l&#8217;agost de 1897 ser\u00e0 el nou mestre de nens de l&#8217;escola p\u00fablica substituint Benet Bag\u00e9s Galcer\u00e1. Previament, Enric Grau havia estat el 1894 mestre inter\u00ed de la Casa de Benefici\u00e8ncia de la seva ciutat natal. Ant\u00f2nia Gir\u00f3n ocupava la pla\u00e7a de les nenes des de l\u2019any 1859. El seu sou reconegut al \u201cBoletin Oficial de la Provincia\u201d era de 206, 25 pta. al trimestre. Flix tenia 2257 habitants.<br \/>\n24 de juliol. El Diari de Tarragona esmenta que el tribunal d\u2019oposicions a vacants en escoles p\u00fabliques, amb el n\u00famero 18, ha concedit la vacant de Flix a don Enrique Grau Fontser\u00e9.<br \/>\n<strong>1901<\/strong>. El juny d&#8217;aquest anys figura com a mestra Ramona Aub\u00e0 Echave, qui ocupar\u00e0 de manera interina la pla\u00e7a despr\u00e9s de la sobtada mort de la titular, Antonia L\u00f3pez Gir\u00f3n. Ser\u00e0 la mestra de les nenes el curs 1901-1902.<br \/>\n<strong>1902<\/strong>. 1 d\u2019octubre. Angeles Arraez Amillano nova mestra provisional de les nenes.<br \/>\nOctubre. L\u2019ajuntament subvenciona amb 90 ptas any a les Germanes de la Consolaci\u00f3 a canvi d\u2019admetre aquestes gratuitament a la classe de p\u00e0rvuls a 10 nens\/es pobres que designi l\u2019ajuntament.<br \/>\n<strong>1903<\/strong>. Ol\u00edmpia Baig\u00e9s Mir\u00f3, ocupa la pla\u00e7a de les nenes en propietat fins<br \/>\nl&#8217;abril de 1914.<br \/>\n<strong>1906<\/strong>. 7 de novembre. Es tanquen les escoles per l&#8217;epid\u00e8mia de la xarampi\u00f3.<br \/>\n<strong>1915<\/strong>. Gener, la revista &#8220;Magisterio Espa\u00f1ol&#8221; del 30 de gener informa del trasllat a Flix des d&#8217;Escatr\u00f3n de la mestra Feliciana Balaguer Palacian.<br \/>\nOctubre. Comencen les classes de prim\u00e0ria a nou edifici situat al carrer de les Escoles, l\u2019edifici ha estat projectat per l\u2019arquitecte alemany Paul M\u00fcller. El mestre Enric Grau Fontser\u00e9 fou el primer director.<br \/>\n30 de desembre: La Vanguardia. Amb motiu dels actes de benedicci\u00f3 de les noves escoles, el poble anomena fill adoptiu de Flix al director de la F\u00e0brica Wilhelm M\u00fcller<br \/>\n<em>\u201cSolemnes y commovedores han resultado los actos celebrados con motivo de la bendici\u00f3n de las nuevas escuelas graduadas; de la entrega del pergamino nombrando hijo adoptivo de Flix al digno e ilustrado director de la &#8220;Sociedad Electroqu\u00edmica de Flix&#8221;, doctor Muller, y de la celebraci\u00f3n por primera vez en esta villa, de la fiesta del \u00e1rbol&#8230;<\/em><br \/>\n<em> Una ni\u00f1a de la escuela nacional ley\u00f3 un discurso de la maestra do\u00f1a Feliciana Balaguer agradeciendo lo mucho que hab\u00edan hecho el Ayuntamiento y el director de la &#8220;Sociedad Electroqu\u00edmica&#8221; en pro de la cultura de los ni\u00f1os y rogando una beneficio igual para las ni\u00f1as. Un ni\u00f1o de la escuela nacional ley\u00f3 unos versos de su maestro don Enrique Grau&#8230;.&#8221;<\/em><br \/>\n<strong>1916<\/strong>. 27 de febrer. \u00c9s nomenat mestre de Flix \u201cDon Jos\u00e9 Coll\u201d.<br \/>\n1 de mar\u00e7. El departament d&#8217;Ensenyament accepta la petici\u00f3 de la mestra Feliciana Balaguer de realitzar a l&#8217;escola i de manera gratu\u00efta classes als adults.<br \/>\n27 de mar\u00e7 Text manuscrit d&#8217;Enric Grau Fontser\u00e9.<\/p>\n<p style=\"text-align: right;\"><a href=\"https:\/\/ca.wikipedia.org\/wiki\/Pere_Mu%C3%B1oz_i_Hern%C3%A1ndez\" target=\"_blank\" rel=\"noopener noreferrer\">Pere Mu\u00f1oz Hern\u00e1ndez<\/a><\/p>\n","protected":false},"excerpt":{"rendered":"<p>1842. Domingo Agust\u00edn, nom del primer mestre que tenim const\u00e0ncia de Flix. Va prendre possessi\u00f3 de la pla\u00e7a de l&#8217;escola p\u00fablica elemental dels nens el mes de maig. 1844. Flix, 1937 habitants i 416 ve\u00efns. A l\u2019escola que era dotada amb 3,200 rals, hi assistien uns 100 alumnes. 1845, setembre. Pren possessi\u00f3 com a propietari [&hellip;]<\/p>\n","protected":false},"author":1,"featured_media":0,"parent":22,"menu_order":20,"comment_status":"closed","ping_status":"closed","template":"","meta":{"_bbp_topic_count":0,"_bbp_reply_count":0,"_bbp_total_topic_count":0,"_bbp_total_reply_count":0,"_bbp_voice_count":0,"_bbp_anonymous_reply_count":0,"_bbp_topic_count_hidden":0,"_bbp_reply_count_hidden":0,"_bbp_forum_subforum_count":0,"site-sidebar-layout":"default","site-content-layout":"","ast-site-content-layout":"","site-content-style":"default","site-sidebar-style":"default","ast-global-header-display":"","ast-banner-title-visibility":"","ast-main-header-display":"","ast-hfb-above-header-display":"","ast-hfb-below-header-display":"","ast-hfb-mobile-header-display":"","site-post-title":"","ast-breadcrumbs-content":"","ast-featured-img":"","footer-sml-layout":"","theme-transparent-header-meta":"","adv-header-id-meta":"","stick-header-meta":"","header-above-stick-meta":"","header-main-stick-meta":"","header-below-stick-meta":"","astra-migrate-meta-layouts":"default","ast-page-background-enabled":"default","ast-page-background-meta":{"desktop":{"background-color":"var(--ast-global-color-4)","background-image":"","background-repeat":"repeat","background-position":"center center","background-size":"auto","background-attachment":"scroll","background-type":"","background-media":"","overlay-type":"","overlay-color":"","overlay-opacity":"","overlay-gradient":""},"tablet":{"background-color":"","background-image":"","background-repeat":"repeat","background-position":"center center","background-size":"auto","background-attachment":"scroll","background-type":"","background-media":"","overlay-type":"","overlay-color":"","overlay-opacity":"","overlay-gradient":""},"mobile":{"background-color":"","background-image":"","background-repeat":"repeat","background-position":"center center","background-size":"auto","background-attachment":"scroll","background-type":"","background-media":"","overlay-type":"","overlay-color":"","overlay-opacity":"","overlay-gradient":""}},"ast-content-background-meta":{"desktop":{"background-color":"var(--ast-global-color-5)","background-image":"","background-repeat":"repeat","background-position":"center center","background-size":"auto","background-attachment":"scroll","background-type":"","background-media":"","overlay-type":"","overlay-color":"","overlay-opacity":"","overlay-gradient":""},"tablet":{"background-color":"var(--ast-global-color-5)","background-image":"","background-repeat":"repeat","background-position":"center center","background-size":"auto","background-attachment":"scroll","background-type":"","background-media":"","overlay-type":"","overlay-color":"","overlay-opacity":"","overlay-gradient":""},"mobile":{"background-color":"var(--ast-global-color-5)","background-image":"","background-repeat":"repeat","background-position":"center center","background-size":"auto","background-attachment":"scroll","background-type":"","background-media":"","overlay-type":"","overlay-color":"","overlay-opacity":"","overlay-gradient":""}},"footnotes":""},"class_list":["post-26","page","type-page","status-publish","hentry"],"post_mailing_queue_ids":[],"_links":{"self":[{"href":"https:\/\/agora.xtec.cat\/ceipflix\/wp-json\/wp\/v2\/pages\/26","targetHints":{"allow":["GET"]}}],"collection":[{"href":"https:\/\/agora.xtec.cat\/ceipflix\/wp-json\/wp\/v2\/pages"}],"about":[{"href":"https:\/\/agora.xtec.cat\/ceipflix\/wp-json\/wp\/v2\/types\/page"}],"author":[{"embeddable":true,"href":"https:\/\/agora.xtec.cat\/ceipflix\/wp-json\/wp\/v2\/users\/1"}],"replies":[{"embeddable":true,"href":"https:\/\/agora.xtec.cat\/ceipflix\/wp-json\/wp\/v2\/comments?post=26"}],"version-history":[{"count":4,"href":"https:\/\/agora.xtec.cat\/ceipflix\/wp-json\/wp\/v2\/pages\/26\/revisions"}],"predecessor-version":[{"id":3755,"href":"https:\/\/agora.xtec.cat\/ceipflix\/wp-json\/wp\/v2\/pages\/26\/revisions\/3755"}],"up":[{"embeddable":true,"href":"https:\/\/agora.xtec.cat\/ceipflix\/wp-json\/wp\/v2\/pages\/22"}],"wp:attachment":[{"href":"https:\/\/agora.xtec.cat\/ceipflix\/wp-json\/wp\/v2\/media?parent=26"}],"curies":[{"name":"wp","href":"https:\/\/api.w.org\/{rel}","templated":true}]}}