{"id":619,"date":"2016-07-13T16:51:43","date_gmt":"2016-07-13T15:51:43","guid":{"rendered":"http:\/\/agora.xtec.cat\/ceipflama\/?page_id=619"},"modified":"2024-05-21T15:48:49","modified_gmt":"2024-05-21T13:48:49","slug":"beques-i-ajuts","status":"publish","type":"page","link":"https:\/\/agora.xtec.cat\/ceipflama\/beques-i-ajuts\/","title":{"rendered":"Beques i Ajuts"},"content":{"rendered":"<h2 style=\"text-align: justify;\"><span style=\"color: #cc99ff;\">BEQUES MENJADOR DEL CONSELL COMARCAL PEL CURS 2024\/25<\/span><\/h2>\n<p>Us informem que s\u2019ha iniciat el per\u00edode de presentaci\u00f3 dels ajuts individuals de menjador per al Curs 2022-23 que atorga el Departament d\u2019Educaci\u00f3 i gestiona el Consell Comarcal del Bages.<\/p>\n<p><strong><em><u>1 &#8211; Calendari:<\/u><\/em><\/strong><\/p>\n<p><em>\u00a0<\/em>Presentaci\u00f3 de sol\u00b7licituds del <strong>2 d\u2019abril al 30 d&#8217;abril<\/strong><\/p>\n<p><strong>\u00a0<\/strong><strong><em><u>2 &#8211; Presentaci\u00f3 de sol\u00b7licituds:<\/u><\/em><\/strong><\/p>\n<p><em>\u00a0 <\/em><strong><em><u>AMB CERTIFICACI\u00d3 DIGITAL (NOVA i RENOVACI\u00d3): <\/u><\/em><\/strong>Al finalitzar i enviar aquesta sol\u00b7licitud tindreu la possibilitat de descarregar-la amb el registre d\u2019entrada corresponent. Aquest document servir\u00e0 com a justificants de la seva presentaci\u00f3 i es donar\u00e0 el tr\u00e0mit per finalitzat.<\/p>\n<p><strong><em><u>SENSE CERTIFICACI\u00d3 DIGITAL (NOVA i RENOVACI\u00d3) <\/u><\/em><\/strong>(*): Al finalitzar aquesta sol\u00b7licitud <strong>NO <\/strong>estar\u00e0 presentada<em>, sense certificat digital<\/em>, quedar\u00e0 pendent fer-ne el tr\u00e0mit, <em>presencialment<\/em>, al <strong>\u201cRegistre d\u2019entrada\u201d<\/strong> del Consell Comarcal. En cas de no fer-ho l\u2019ajut no constar\u00e0 com a presentat, i per tant, no es far\u00e0 la seva tramitaci\u00f3.<\/p>\n<p>(*) On i com es pot\u00a0 fer el <strong>\u201cRegistre d\u2019entrada\u201d <\/strong>al Consell Comarcal del Bages\u00a0 sense certificat digital propi:<\/p>\n<p>1 &#8211; Registre presencial al Consell Comarcal del Bages.<\/p>\n<p>2 &#8211; A les oficines d\u2019atenci\u00f3 ciutadana dels Ajuntaments.<\/p>\n<p>3 &#8211; A trav\u00e9s del Registre dels Ajuntaments<\/p>\n<p><strong><em><u>3 &#8211; Autoritzacions:<\/u><\/em><\/strong><\/p>\n<p><em>\u00a0<\/em>La presentaci\u00f3 de la sol\u00b7licitud implica l\u2019autoritzaci\u00f3, de tots i cadascun dels membres de la unitat familiar.<\/p>\n<p>La presentaci\u00f3 de la sol\u00b7licitud implica l\u2019autoritzaci\u00f3 per tal que el Consell Comarcal pugui cedir la documentaci\u00f3 necess\u00e0ria a altres consells receptors, en el cas que hi hagi un trasllat de l\u2019alumnat.<\/p>\n<p>En cas que no s\u2019aconsegueixi la corresponent autoritzaci\u00f3 per realitzar la consulta de les dades, caldr\u00e0 que tots els membres de la unitat familiar aportin la documentaci\u00f3 necess\u00e0ria, expedida pels organismes competents, per tal de determinar la renda familiar, els rendiments patrimonials i el volum de negoci.<\/p>\n<p>&nbsp;<\/p>\n<p><strong><em><u>4 &#8211; Sol\u00b7licituds:<\/u><\/em><\/strong><\/p>\n<ol>\n<li>a) <strong>Procediment ordinari<\/strong><\/li>\n<\/ol>\n<p><strong>\u00a0<\/strong>1)<strong> Noves sol\u00b7licituds <\/strong>(nou alumne demandant de l\u2019ajut) sempre que no hi hagi un germ\u00e0\/na amb ajut concedit a la convocat\u00f2ria anterior.<\/p>\n<p><strong>\u00a0<\/strong>2) El cas de cust\u00f2dia compartida per modificar la sol\u00b7licitud d\u2019algun progenitor.<\/p>\n<p>3) Fam\u00edlies que es denegu\u00e9s l\u2019ajut per falta de documentaci\u00f3 a la convocat\u00f2ria anterior.<\/p>\n<p>&nbsp;<\/p>\n<ol>\n<li>b) <strong>Procediment abreujat (RENOVACI\u00d3)<\/strong><\/li>\n<\/ol>\n<p>Adre\u00e7at a les persones sol\u00b7licitants d\u2019Ajut individual de menjador en les seg\u00fcents situacions:<\/p>\n<p>1) Modificaci\u00f3 en la unitat familiar amb relaci\u00f3 a l\u2019anterior convocat\u00f2ria (naixements, defuncions, separacions amb cust\u00f2dies no compartides).<\/p>\n<p>2) No hagin sofert cap modificaci\u00f3 en les dades i documentaci\u00f3 requerida i presentada a la Convocat\u00f2ria del Curs escolar 2021\/22.<\/p>\n<p>3) Noves sol\u00b7licituds (nou alumne demandant de l\u2019ajut) amb germans que ja van presentar sol\u00b7licitud\u00a0 a la Convocat\u00f2ria del Curs 2021\/22.<\/p>\n<p>Per tal de facilitar la tramitaci\u00f3 dels Ajuts de menjador, s\u2019han elaborat els manuals per a les persones que ho sol\u00b7liciten directament.<\/p>\n<p><strong><em><u>5 &#8211; Documentaci\u00f3 important<\/u><\/em><\/strong><\/p>\n<p><strong>-DNI\/NIF\/NIE de l\u2019alumnat: <\/strong>En relaci\u00f3 amb l\u2019alumnat beneficiari, cal presentar <strong>c\u00f2pia<\/strong> del<strong> DNI o NIE\u00a0 <\/strong>i en els casos que no se\u2019n disposi es por optar a obtenir un <strong>NIF <\/strong>(model K o M)<\/p>\n<p><strong>-Altres membres de la unitat familiar<\/strong>: <strong>C\u00f2pia<\/strong> del <strong>DNI\/NIF\/NIE<\/strong><\/p>\n<p>-Els <strong>infants menors d\u2019edat <\/strong>que formin part de la unitat familiar i per als quals no es sol\u00b7licita l\u2019ajut, es podran identificar amb <strong>el Llibre de Fam\u00edlia o el Certificat de naixement<\/strong>.<\/p>\n<p>-En cas de <strong>no tenir nacionalitat \u00a0ni perm\u00eds de resid\u00e8ncia<\/strong>, cal presentar <strong>Certificat de naixement o Llibre de Fam\u00edlia.<\/strong><\/p>\n<p>-En cas de<strong> no tenir nacionalitat ni perm\u00eds de resid\u00e8ncia, <\/strong>cal presentar <strong>certificat de naixement o \u00a0Llibre de Fam\u00edlia.<\/strong><\/p>\n<p><strong>&#8211;<\/strong><strong>Conveni regulador de separaci\u00f3 presentat al jutjat, <\/strong>l\u2019acta final de mediaci\u00f3 del Departament de Just\u00edcia o la sent\u00e8ncia de divorci que faci refer\u00e8ncia a qualsevol menor d\u2019edat sigui o no sol\u00b7licitant d\u2019ajut.<\/p>\n<p><strong>-Prestacions econ\u00f2miques <\/strong>d\u2019urg\u00e8ncia social com per exemple: l\u2019alimentaci\u00f3, el vestit i l\u2019allotjament.<\/p>\n<p>&nbsp;<\/p>\n<p><strong><em><u>6 &#8211; Terminis extraordinaris:<\/u><\/em><\/strong><\/p>\n<p>*\u00a0 Alumnes nova matr\u00edcula (30 dies naturals posteriors a la data de matriculaci\u00f3).<\/p>\n<p>* Unitats familiars amb variacions de la situaci\u00f3 sociofamiliar o econ\u00f2mica greument afectada per causa de for\u00e7a major i degudament acreditada.<\/p>\n<p>*\u00a0 Situacions sobrevingudes.<\/p>\n<p><strong><em><u>7 &#8211; Llindar de renda:<\/u><\/em><\/strong><\/p>\n<p><strong><em>*\u00a0 <\/em><\/strong>Primer adult (sustentadors principals): 11.365,60\u20ac<\/p>\n<p>*\u00a0 Segon adult (sustentadors principals):\u00a0\u00a0 5.682,80\u20ac<\/p>\n<p>*\u00a0 Altres adults que integren la unitat familiar diferents dels sustentadors principals: 2.841,40\u20ac<\/p>\n<p>*\u00a0 Per cada nen\/a de la unitat familiar:\u00a0 3.409,70\u20ac<\/p>\n<p><strong><em><u>8 &#8211; Compactaci\u00f3 de l\u2019ajut:<\/u><\/em><\/strong><\/p>\n<p><strong><em>\u00a0*\u00a0 <\/em><\/strong>Compactar en per\u00edodes setmanals (p. ex. 3 dies de cada setmana) i no al llarg d\u2019uns mesos (p.ex. de setembre a febrer).<\/p>\n<p>*\u00a0 La data d\u2019<strong>inici i finalitzaci\u00f3 <\/strong>de la compactaci\u00f3 coincidir\u00e0 amb el dia 1 de cada mes.<\/p>\n<p>_______________________________________________________________________________________________________________________________<\/p>\n<h4 style=\"text-align: justify;\"><span style=\"color: #808000;\">AJUTS PER A ALUMNES AMB NECESSITAT ESPEC\u00cdFICA DE SUPORT EDUCATIU. Curs 2024\/25<\/span><\/h4>\n<p style=\"text-align: justify;\">Les sol\u00b7licituds de les beques s\u2019han de complementar mitjan\u00e7ant el formulari disponible a la p\u00e0gina web del Departament d&#8217;Educaci\u00f3 en l&#8217;apartat de tr\u00e0mits.<\/p>\n<h5>TERMINI: FINS EL 9 DE SETEMBRE DE 2024<\/h5>\n<h5><span style=\"color: #99cc00;\">DOCUMENTACI\u00d3:<\/span><\/h5>\n<ol>\n<li>Per acreditar que es compleixen els requisits d&#8217;acc\u00e9s a la convocat\u00f2ria:\n<ul>\n<li>l&#8217;alumnat amb\u00a0<strong>necessitat derivada de discapacitat<\/strong>\u00a0ha d&#8217;aportar certificat de discapacitat igual o superior al\u00a0<strong>25 %<\/strong>,<\/li>\n<li>l&#8217;alumnat amb\u00a0<strong>necessitat derivada de trastorn greu de conducta o trastorn de la comunicaci\u00f3 i el llenguatge<\/strong>\u00a0ha d&#8217;aportar certificat d&#8217;un equip d&#8217;orientaci\u00f3 educativa i psicopedag\u00f2gica o del depenent de l&#8217;administraci\u00f3 educativa corresponent, i<\/li>\n<li>l&#8217;alumnat amb\u00a0<strong>necessitat derivada de trastorn de l&#8217;espectre autista<\/strong>\u00a0ha d&#8217;aportar certificat m\u00e8dic dels serveis de salut sostinguts amb fons p\u00fablics i certificat d&#8217;un equip d&#8217;orientaci\u00f3 educativa i psicopedag\u00f2gica o del depenent de l&#8217;administraci\u00f3 educativa corresponent.<\/li>\n<\/ul>\n<\/li>\n<li>A m\u00e9s a m\u00e9s, els alumnes que presenten\u00a0<strong>necessitat de reeducaci\u00f3 pedag\u00f2gica o del llenguatge<\/strong>\u00a0han de presentar:\n<ul>\n<li>Certificaci\u00f3 expedida per l&#8217;inspector de la zona en la qual s&#8217;acrediti la necessitat de rebre aquests tractaments per la inexist\u00e8ncia o insufici\u00e8ncia de l&#8217;atenci\u00f3 pedag\u00f2gica proporcionada pel centre en qu\u00e8 est\u00e0 escolaritzat l&#8217;alumne sol\u00b7licitant i la inviabilitat de matriculaci\u00f3 de l&#8217;alumne sol\u00b7licitant en un centre que disposi del servei de reeducaci\u00f3 requerit.<\/li>\n<li>Informe espec\u00edfic de l&#8217;equip d&#8217;orientaci\u00f3 educativa i psicopedag\u00f2gica o del departament d&#8217;orientaci\u00f3 en el qual es detalli i justifiqui l&#8217;assist\u00e8ncia educativa i les hores setmanals que es considerin necess\u00e0ries per a la seva correcci\u00f3, aix\u00ed com, si \u00e9s el cas, les prestades pel centre, la durada previsible de la mateixa i les condicions que en garanteixin la prestaci\u00f3.<\/li>\n<li>Mem\u00f2ria expedida pel centre o reeducador que presti el servei en la qual consti informaci\u00f3 detallada de les caracter\u00edstiques del mateix, incloent-hi nombre d&#8217;hores setmanals i especialista que el presta aix\u00ed com del cost mensual.<\/li>\n<li>Declaraci\u00f3 responsable de la persona que imparteixi la reeducaci\u00f3 pedag\u00f2gica o del llenguatge.<\/li>\n<\/ul>\n<\/li>\n<li>Els alumnes que presenten\u00a0<strong>necessitat espec\u00edfica de suport educatiu associat a altes capacitats intel\u00b7lectuals<\/strong>\u00a0han de presentar:\n<ul>\n<li>Certificat o informe d&#8217;un equip d&#8217;orientaci\u00f3 educativa i psicopedag\u00f2gica o del departament d&#8217;orientaci\u00f3 depenent de l&#8217;administraci\u00f3 educativa corresponent en qu\u00e8 es detalli i justifiqui l&#8217;assist\u00e8ncia i condicions necess\u00e0ries, aix\u00ed com el nombre d&#8217;hores setmanals i la durada de l&#8217;assist\u00e8ncia.<\/li>\n<li>Mem\u00f2ria expedida pel centre o el reeducador que presti el servei en la qual consti les caracter\u00edstiques d&#8217;aquest servei, aix\u00ed com les hores setmanals, l&#8217;especialista que el presta i el cost.<\/li>\n<\/ul>\n<\/li>\n<\/ol>\n<h5 style=\"text-align: justify;\"><span style=\"color: #99cc00;\">REQUISITS GENERALS:<\/span><\/h5>\n<p>Alumnes que presenten\u00a0<strong>necessitats educatives especifiques derivades de discapacitat o trastorn greu de conducta o trastorn de la comunicaci\u00f3 i el llenguatge o trastorn de l&#8217;espectre autista<\/strong>:<\/p>\n<ol>\n<li>Presentar necessitat espec\u00edfica de suport educatiu derivada de discapacitat o trastorn greu de conducta o trastorn de la comunicaci\u00f3 i el llenguatge o trastorn de l&#8217;espectre autista, sempre que aquesta necessitat hagi estat acreditada mitjan\u00e7ant la documentaci\u00f3 indicada (vegeu l&#8217;apartat documentaci\u00f3). Tenir complerts 2\u00a0anys d&#8217;edat a 31 de desembre de 2023.<\/li>\n<li>Excepcionalment, es podran concedir ajudes a alumnes menors de dos anys sempre que els equips corresponents certifiquin la necessitat d&#8217;escolaritzaci\u00f3 primerenca per ra\u00f3 de les caracter\u00edstiques de la discapacitat.<\/li>\n<li>Estar escolaritzat en centre espec\u00edfic, en unitat d&#8217;educaci\u00f3 especial de centre ordinari o en centre ordinari que escolaritzi alumnes que presenten necessitats educatives especials, que hagin estat creats o autoritzats definitivament com a tals per l&#8217;administraci\u00f3 educativa competent, en la data d&#8217;acabament del termini de presentaci\u00f3 de sol\u00b7licituds.<\/li>\n<li>Estar cursant algun dels seg\u00fcents nivells educatius: educaci\u00f3 infantil, educaci\u00f3 prim\u00e0ria, educaci\u00f3 secund\u00e0ria obligat\u00f2ria, batxillerat, cicles formatius de grau mitj\u00e0 i superior, ensenyaments art\u00edstics professionals, cicles formatius de grau b\u00e0sic, programes de formaci\u00f3 per a la transici\u00f3 a la vida adulta.<\/li>\n<li>A m\u00e9s, per obtenir el subsidi de transport i menjador es requereix ser membre de fam\u00edlia nombrosa de qualsevol categoria, d&#8217;acord amb la normativa vigent a 31 de desembre del 2023.<\/li>\n<\/ol>\n<p>Alumnes amb\u00a0<strong>necessitat espec\u00edfica de suport educatiu associat a altes capacitats intel\u00b7lectuals<\/strong>:<\/p>\n<ol>\n<li style=\"list-style-type: none;\">\n<ol>\n<li>Presentar necessitat espec\u00edfica de suport educatiu associada a alta capacitat intel\u00b7lectual sempre que aquesta necessitat hagi estat acreditada mitjan\u00e7ant la documentaci\u00f3 indicada (consulta l&#8217;apartat &#8220;documentaci\u00f3&#8221;).<\/li>\n<li>Tenir complerts 6\u00a0anys d&#8217;edat a\u00a031 desembre 2024.<\/li>\n<li>Estar cursant algun dels seg\u00fcents nivells educatius: educaci\u00f3 prim\u00e0ria, educaci\u00f3 secund\u00e0ria obligat\u00f2ria, batxillerat, cicles formatius de grau mitj\u00e0 i superior o ensenyaments art\u00edstics professionals.<\/li>\n<\/ol>\n<\/li>\n<\/ol>\n<h5><span style=\"color: #99cc00;\"><span style=\"caret-color: #99cc00;\">REQUISITS ECON\u00d2MICS:<\/span><\/span><\/h5>\n<p>Segons els ingressos de la unitat familiar durant l&#8217;exercici fiscal de l&#8217;any 2023, s&#8217;estableixen els seg\u00fcents llindars o l\u00edmits de renda:<\/p>\n<ul>\n<li>Fam\u00edlies d&#8217;1 membre: 12.534 \u20ac<\/li>\n<li>Fam\u00edlies de 2 membres: 20.416 \u20ac<\/li>\n<li>Fam\u00edlies de 3 membres: 26.811 \u20ac<\/li>\n<li>Fam\u00edlies de 4 membres: 31.801 \u20ac<\/li>\n<li>Fam\u00edlies de 5 membres: 36.089 \u20ac<\/li>\n<li>Fam\u00edlies de 6 membres: 40.229 \u20ac<\/li>\n<li>Fam\u00edlies de 7 membres: 44.143 \u20ac<\/li>\n<li>Fam\u00edlies de 8 membres: 48.031 \u20ac<\/li>\n<li>A partir del 8\u00e8 membre s&#8217;afegiran 3.856 \u20ac per cada nou membre computable de la fam\u00edlia.<\/li>\n<\/ul>\n<p>Per als llindars indicatius de patrimoni familiar consulta l&#8217;article 4.1 del cap\u00edtol 2 de la\u00a0<a title=\"Descarrega el document\" href=\"https:\/\/educacio.gencat.cat\/web\/shared\/OVT\/Departaments\/ENS\/TramitOVT\/beques-ministeri\/ajuts-nee\/convocatoria-boe-ee.pdf\">convocat\u00f2ria<\/a>.<\/p>\n<p>La presentaci\u00f3 de la sol\u00b7licitud implica l&#8217;autoritzaci\u00f3 a l&#8217;administraci\u00f3 educativa a obtenir les dades necess\u00e0ries per determinar la renda a trav\u00e9s d&#8217;altres administracions p\u00fabliques.<\/p>\n<h5><span style=\"color: #99cc00;\">TIPUS D&#8217;AJUTS:<\/span><\/h5>\n<ul>\n<li>Alumnes que presenten<strong>\u00a0necessitat espec\u00edfica de suport educatiu derivada de discapacitat o trastorns greus de conducta o trastorn de la comunicaci\u00f3 i el llenguatge o trastorn de l&#8217;espectre autista<\/strong>:\n<ul>\n<li>Ensenyament: fins a 862 \u20ac<\/li>\n<li>Transport escolar: fins a 617 \u20ac<\/li>\n<li>Menjador escolar: fins a 574 \u20ac<\/li>\n<li>Resid\u00e8ncia escolar: fins a 1.795 \u20ac<\/li>\n<li>Transport per a trasllat de cap de setmana (alumnes interns en centres d&#8217;educaci\u00f3 especial): fins a 442 \u20ac<\/li>\n<li>Transport urb\u00e0: fins a 308 \u20ac<\/li>\n<li>Llibres i material did\u00e0ctic d&#8217;educaci\u00f3\u00a0prim\u00e0ria, secund\u00e0ria obligat\u00f2ria\u00a0i\u00a0formaci\u00f3 professional b\u00e0sica: fins a 105 \u20ac (per a la resta de nivells de l&#8217;ensenyament postobligatori: fins a 204 \u20ac)<\/li>\n<li>Reeducaci\u00f3 pedag\u00f2gica o del llenguatge: la que en cada cas es fixi com a necess\u00e0ria i suficient amb un l\u00edmit m\u00e0xim de 913 \u20ac per a cada una.<\/li>\n<\/ul>\n<\/li>\n<li>Alumnes que pertanyen a\u00a0<strong>fam\u00edlies nombroses<\/strong>\u00a0amb necessitat espec\u00edfica de suport educatiu derivada de discapacitat o trastorns greus de conducta o trastorn de la comunicaci\u00f3 i el llenguatge o trastorn de l&#8217;espectre autista i que superin els llindars econ\u00f2mics:\n<ul>\n<li>Subsidi transport interurb\u00e0: fins a 617 \u20ac<\/li>\n<li>Subsidi transport urb\u00e0: fins a 308 \u20ac<\/li>\n<li>Subsidi menjador escolar: fins a 574 \u20ac<\/li>\n<\/ul>\n<\/li>\n<li>Alumnes que presenten<strong>\u00a0necessitat espec\u00edfica de suport educatiu associat a altes capacitats intel\u00b7lectuals<\/strong>:\n<ul>\n<li>Assist\u00e8ncia a programes espec\u00edfics: fins a 913 \u20ac<\/li>\n<\/ul>\n<\/li>\n<li>Alumnes que acreditin la necessitat espec\u00edfica de suport educatiu percebran, encara que superin els llindars econ\u00f2mics, el\u00a0<strong>subsidi de quantia fixa per a despeses addicionals de car\u00e0cter general<\/strong>:\n<ul>\n<li>L&#8217;import d&#8217;aquest ajut ser\u00e0 de 400 \u20ac.<\/li>\n<\/ul>\n<\/li>\n<\/ul>\n<h4 style=\"text-align: justify;\"><strong><span style=\"color: #339966;\">______________________________________________________________________________________<\/span><\/strong><\/h4>\n<h2 style=\"text-align: justify;\"><span style=\"color: #ff6600;\"><strong>CONVOCAT\u00d2RIA D\u2019AJUTS PER A MATERIAL ESCOLAR\u00a0 I ACTIVITATS DE SUPORT A LA NORMALITZACI\u00d3 EDUCATIVA PER AL CURS 2024\/25.\u00a0<\/strong><\/span><\/h2>\n<p><strong>Objecte de la convocat\u00f2ria<\/strong><\/p>\n<p style=\"text-align: justify;\">L\u2019objecte del programa i la seva convocat\u00f2ria \u00e9s l\u2019atorgament d\u2019ajuts escolars a alumnat d\u2019educaci\u00f3 prim\u00e0ria (1r. a 6\u00e8) i quart d\u2019ensenyament secundari obligatori, que presenten dificultats econ\u00f2miques per la compra de llibres, material did\u00e0ctic escolar i\/o la participaci\u00f3 de les activitats programades al llarg del curs escolar 2024\/25 i que formen part del projecte educatiu del centre com ara sortides, excursions, tallers assistits d\u2019estudi, etc.<\/p>\n<div>\n<p dir=\"ltr\">Terminis:<\/p>\n<ul>\n<li dir=\"ltr\">\n<p dir=\"ltr\" role=\"presentation\"><strong><span style=\"color: #ff00ff;\">A partir del 21 de juny<\/span><\/strong><\/p>\n<\/li>\n<\/ul>\n<p dir=\"ltr\">Per sol\u00b7licitar l&#8217;ajut cal demanar cita pr\u00e8via\u00a0<b>a partir del dia 21 de juny<\/b>\u00a0a la p\u00e0gina web:\u00a0<a href=\"http:\/\/www.manresa.cat\/react\/citaprevia\/solicitud\/EDU\" target=\"_blank\" rel=\"noopener\" data-saferedirecturl=\"https:\/\/www.google.com\/url?q=http:\/\/www.manresa.cat\/react\/citaprevia\/solicitud\/EDU&amp;source=gmail&amp;ust=1716381127828000&amp;usg=AOvVaw25-otbTmg2HAZ70TD1xsUe\">http:\/\/www.manresa.cat\/<wbr \/>react\/citaprevia\/solicitud\/EDU<\/a>\u00a0o al tel\u00e8fon 938752485. No es donaran hores abans del dia 21 de juny.<\/p>\n<ul>\n<li dir=\"ltr\">\n<p dir=\"ltr\" style=\"text-align: justify;\" role=\"presentation\"><strong><span style=\"color: #ff00ff;\">1 al 26 de juliol: <\/span><\/strong>Es presentaran les sol\u00b7licituds.<\/p>\n<\/li>\n<\/ul>\n<p dir=\"ltr\"><strong><span style=\"color: #ff0000;\">Requisits:<\/span><\/strong><\/p>\n<ul>\n<li dir=\"ltr\">Estar empadronat a Manresa.<\/li>\n<li dir=\"ltr\">Estar matriculat\/da en un centre educatiu de Manresa per al curs 2024\/25 en qualsevol dels cursos de 1r. a 6\u00e8. d\u2019educaci\u00f3 prim\u00e0ria i 4t d\u2019ensenyament secundari obligatori.<\/li>\n<li dir=\"ltr\">Pert\u00e0nyer a una unitat familiar de conviv\u00e8ncia que no supera la renda anual fixada en el tram E del barem establert en el sistema integrat de tarifaci\u00f3 social de l\u2019Ajuntament de Manresa per a l\u2019any 2024, i que \u00e9s el seg\u00fcent:<br \/>\n2 persones\u00a0 \u00a0 \u00a0 \u00a03 persones\u00a0 \u00a0 \u00a0 \u00a04 persones\u00a0 \u00a0 \u00a0 \u00a0 5 persones\u00a0 \u00a0 \u00a0 \u00a0 \u00a0 6 persones\u00a0 \u00a0 \u00a0 \u00a0 \u00a0 \u00a0 \u22657 persones<br \/>\nTram E\u00a0 \u00a0 20.633,87\u00a0 \u00a0 \u00a0 \u00a0 25.395,53\u00a0 \u00a0 \u00a0 \u00a0 \u00a0 30.157,19\u00a0 \u00a0 \u00a0 \u00a0 \u00a0 34.918,85\u00a0 \u00a0 \u00a0 \u00a0 \u00a0 \u00a0 \u00a039.680,52\u00a0 \u00a0 \u00a0 \u00a0 \u00a0 \u00a0 \u00a044.442,18<\/li>\n<\/ul>\n<div dir=\"ltr\" align=\"center\"><\/div>\n<p dir=\"ltr\"><strong><span style=\"color: #ff0000;\">Documentaci\u00f3 que caldr\u00e0 aportar el dia de la cita pr\u00e8via:<\/span><\/strong><\/p>\n<p dir=\"ltr\">-Fotoc\u00f2pia del NIF\/NIE de <strong>tots<\/strong> els membres de la unitat familiar.<\/p>\n<p dir=\"ltr\">-Llibre o llibres de fam\u00edlia.<\/p>\n<\/div>\n<h4>__________________________________________________________________________<\/h4>\n<p>&nbsp;<\/p>\n","protected":false},"excerpt":{"rendered":"<p>BEQUES MENJADOR DEL CONSELL COMARCAL PEL CURS 2024\/25 Us informem que s\u2019ha iniciat el per\u00edode de presentaci\u00f3 dels ajuts individuals de menjador per al Curs 2022-23 que atorga el Departament d\u2019Educaci\u00f3 i gestiona el Consell Comarcal del Bages. 1 &#8211; Calendari: \u00a0Presentaci\u00f3 de sol\u00b7licituds del 2 d\u2019abril al 30 d&#8217;abril \u00a02 &#8211; Presentaci\u00f3 de sol\u00b7licituds: [&hellip;]<\/p>\n","protected":false},"author":1,"featured_media":0,"parent":0,"menu_order":0,"comment_status":"closed","ping_status":"closed","template":"","meta":{"_bbp_topic_count":0,"_bbp_reply_count":0,"_bbp_total_topic_count":0,"_bbp_total_reply_count":0,"_bbp_voice_count":0,"_bbp_anonymous_reply_count":0,"_bbp_topic_count_hidden":0,"_bbp_reply_count_hidden":0,"_bbp_forum_subforum_count":0,"site-sidebar-layout":"default","site-content-layout":"","ast-site-content-layout":"","site-content-style":"default","site-sidebar-style":"default","ast-global-header-display":"","ast-banner-title-visibility":"","ast-main-header-display":"","ast-hfb-above-header-display":"","ast-hfb-below-header-display":"","ast-hfb-mobile-header-display":"","site-post-title":"","ast-breadcrumbs-content":"","ast-featured-img":"","footer-sml-layout":"","theme-transparent-header-meta":"","adv-header-id-meta":"","stick-header-meta":"","header-above-stick-meta":"","header-main-stick-meta":"","header-below-stick-meta":"","astra-migrate-meta-layouts":"default","ast-page-background-enabled":"default","ast-page-background-meta":{"desktop":{"background-color":"var(--ast-global-color-4)","background-image":"","background-repeat":"repeat","background-position":"center center","background-size":"auto","background-attachment":"scroll","background-type":"","background-media":"","overlay-type":"","overlay-color":"","overlay-opacity":"","overlay-gradient":""},"tablet":{"background-color":"","background-image":"","background-repeat":"repeat","background-position":"center center","background-size":"auto","background-attachment":"scroll","background-type":"","background-media":"","overlay-type":"","overlay-color":"","overlay-opacity":"","overlay-gradient":""},"mobile":{"background-color":"","background-image":"","background-repeat":"repeat","background-position":"center center","background-size":"auto","background-attachment":"scroll","background-type":"","background-media":"","overlay-type":"","overlay-color":"","overlay-opacity":"","overlay-gradient":""}},"ast-content-background-meta":{"desktop":{"background-color":"var(--ast-global-color-5)","background-image":"","background-repeat":"repeat","background-position":"center center","background-size":"auto","background-attachment":"scroll","background-type":"","background-media":"","overlay-type":"","overlay-color":"","overlay-opacity":"","overlay-gradient":""},"tablet":{"background-color":"var(--ast-global-color-5)","background-image":"","background-repeat":"repeat","background-position":"center center","background-size":"auto","background-attachment":"scroll","background-type":"","background-media":"","overlay-type":"","overlay-color":"","overlay-opacity":"","overlay-gradient":""},"mobile":{"background-color":"var(--ast-global-color-5)","background-image":"","background-repeat":"repeat","background-position":"center center","background-size":"auto","background-attachment":"scroll","background-type":"","background-media":"","overlay-type":"","overlay-color":"","overlay-opacity":"","overlay-gradient":""}},"footnotes":""},"class_list":["post-619","page","type-page","status-publish","hentry"],"post_mailing_queue_ids":[],"_links":{"self":[{"href":"https:\/\/agora.xtec.cat\/ceipflama\/wp-json\/wp\/v2\/pages\/619","targetHints":{"allow":["GET"]}}],"collection":[{"href":"https:\/\/agora.xtec.cat\/ceipflama\/wp-json\/wp\/v2\/pages"}],"about":[{"href":"https:\/\/agora.xtec.cat\/ceipflama\/wp-json\/wp\/v2\/types\/page"}],"author":[{"embeddable":true,"href":"https:\/\/agora.xtec.cat\/ceipflama\/wp-json\/wp\/v2\/users\/1"}],"replies":[{"embeddable":true,"href":"https:\/\/agora.xtec.cat\/ceipflama\/wp-json\/wp\/v2\/comments?post=619"}],"version-history":[{"count":7,"href":"https:\/\/agora.xtec.cat\/ceipflama\/wp-json\/wp\/v2\/pages\/619\/revisions"}],"predecessor-version":[{"id":20125,"href":"https:\/\/agora.xtec.cat\/ceipflama\/wp-json\/wp\/v2\/pages\/619\/revisions\/20125"}],"wp:attachment":[{"href":"https:\/\/agora.xtec.cat\/ceipflama\/wp-json\/wp\/v2\/media?parent=619"}],"curies":[{"name":"wp","href":"https:\/\/api.w.org\/{rel}","templated":true}]}}