{"id":16937,"date":"2022-05-24T15:49:13","date_gmt":"2022-05-24T13:49:13","guid":{"rendered":"https:\/\/agora.xtec.cat\/ceipflama\/?page_id=16937"},"modified":"2024-01-11T15:44:43","modified_gmt":"2024-01-11T14:44:43","slug":"cultural-digital","status":"publish","type":"page","link":"https:\/\/agora.xtec.cat\/ceipflama\/documents\/estrategia-digital-de-centre\/cultural-digital\/","title":{"rendered":"Cultural digital"},"content":{"rendered":"<p><strong>1.CREACI\u00d3 CORREUS<\/strong><\/p>\n<table style=\"border-collapse: collapse; width: 57.4045452972973%;\">\n<tbody>\n<tr>\n<td style=\"width: 22.48956592797784%;\"><a href=\"https:\/\/agora.xtec.cat\/ceipflama\/wp-content\/uploads\/usu1313\/2022\/05\/carta-explicativa-2.docx.pdf\"><img loading=\"lazy\" decoding=\"async\" class=\"wp-image-16947 aligncenter\" src=\"https:\/\/agora.xtec.cat\/ceipflama\/wp-content\/uploads\/usu1313\/2022\/05\/1-291x300.png\" alt=\"\" width=\"110\" height=\"113\" srcset=\"https:\/\/agora.xtec.cat\/ceipflama\/wp-content\/uploads\/usu1313\/2022\/05\/1-291x300.png 291w, https:\/\/agora.xtec.cat\/ceipflama\/wp-content\/uploads\/usu1313\/2022\/05\/1.png 300w\" sizes=\"auto, (max-width: 110px) 100vw, 110px\" \/><\/a><\/td>\n<td style=\"width: 33.1840695081588%;\"><a href=\"https:\/\/agora.xtec.cat\/ceipflama\/wp-content\/uploads\/usu1313\/2022\/05\/normes-dus.docx.pdf\"><img loading=\"lazy\" decoding=\"async\" class=\"wp-image-16948 aligncenter\" src=\"https:\/\/agora.xtec.cat\/ceipflama\/wp-content\/uploads\/usu1313\/2022\/05\/2-1.jpg\" alt=\"\" width=\"144\" height=\"89\" \/><\/a><\/td>\n<td style=\"width: 33.91411886740893%;\"><a href=\"https:\/\/agora.xtec.cat\/ceipflama\/wp-content\/uploads\/usu1313\/2022\/05\/autoritzacio-14.pdf\"><img loading=\"lazy\" decoding=\"async\" class=\"alignnone size-medium wp-image-16949\" src=\"https:\/\/agora.xtec.cat\/ceipflama\/wp-content\/uploads\/usu1313\/2022\/05\/3-300x252.png\" alt=\"\" width=\"300\" height=\"252\" srcset=\"https:\/\/agora.xtec.cat\/ceipflama\/wp-content\/uploads\/usu1313\/2022\/05\/3-300x252.png 300w, https:\/\/agora.xtec.cat\/ceipflama\/wp-content\/uploads\/usu1313\/2022\/05\/3.png 400w\" sizes=\"auto, (max-width: 300px) 100vw, 300px\" \/><\/a><\/td>\n<\/tr>\n<\/tbody>\n<\/table>\n<p><strong>2. INSTAGRAM<\/strong><\/p>\n<table style=\"border-collapse: collapse; width: 39.92587159533075%; height: 163px;\">\n<tbody>\n<tr style=\"height: 108px;\">\n<td style=\"width: 14.8768%; height: 108px;\"><a href=\"https:\/\/agora.xtec.cat\/ceipflama\/wp-content\/uploads\/usu1313\/2022\/05\/NORMES-INSTAGRAM.docx.pdf\"><img loading=\"lazy\" decoding=\"async\" class=\"alignnone wp-image-16951\" src=\"https:\/\/agora.xtec.cat\/ceipflama\/wp-content\/uploads\/usu1313\/2022\/05\/7-300x200.jpg\" alt=\"\" width=\"146\" height=\"97\" srcset=\"https:\/\/agora.xtec.cat\/ceipflama\/wp-content\/uploads\/usu1313\/2022\/05\/7-300x200.jpg 300w, https:\/\/agora.xtec.cat\/ceipflama\/wp-content\/uploads\/usu1313\/2022\/05\/7-768x512.jpg 768w, https:\/\/agora.xtec.cat\/ceipflama\/wp-content\/uploads\/usu1313\/2022\/05\/7.jpg 800w\" sizes=\"auto, (max-width: 146px) 100vw, 146px\" \/><\/a><\/td>\n<td style=\"width: 14.5246%; height: 108px;\"><a href=\"https:\/\/agora.xtec.cat\/ceipflama\/wp-content\/uploads\/usu1313\/2022\/05\/INSTAGRAM-20_21.pdf\"><img loading=\"lazy\" decoding=\"async\" class=\"alignnone size-medium wp-image-16952\" src=\"https:\/\/agora.xtec.cat\/ceipflama\/wp-content\/uploads\/usu1313\/2022\/05\/1-1-300x169.jpg\" alt=\"\" width=\"300\" height=\"169\" srcset=\"https:\/\/agora.xtec.cat\/ceipflama\/wp-content\/uploads\/usu1313\/2022\/05\/1-1-300x169.jpg 300w, https:\/\/agora.xtec.cat\/ceipflama\/wp-content\/uploads\/usu1313\/2022\/05\/1-1.jpg 720w\" sizes=\"auto, (max-width: 300px) 100vw, 300px\" \/><\/a><\/td>\n<\/tr>\n<\/tbody>\n<\/table>\n<p><strong>3. NORMES GSUITE<\/strong><\/p>\n<table style=\"border-collapse: collapse; width: 25.03067516295026%;\">\n<tbody>\n<tr>\n<td style=\"width: 100%;\"><a href=\"https:\/\/agora.xtec.cat\/ceipflama\/wp-content\/uploads\/usu1313\/2022\/05\/Normes-dus-GSUITE.docx.pdf\"><img loading=\"lazy\" decoding=\"async\" class=\"alignnone size-medium wp-image-16953\" src=\"https:\/\/agora.xtec.cat\/ceipflama\/wp-content\/uploads\/usu1313\/2022\/05\/2-300x165.png\" alt=\"\" width=\"300\" height=\"165\" srcset=\"https:\/\/agora.xtec.cat\/ceipflama\/wp-content\/uploads\/usu1313\/2022\/05\/2-300x165.png 300w, https:\/\/agora.xtec.cat\/ceipflama\/wp-content\/uploads\/usu1313\/2022\/05\/2.png 303w\" sizes=\"auto, (max-width: 300px) 100vw, 300px\" \/><\/a><\/td>\n<\/tr>\n<\/tbody>\n<\/table>\n<p><strong>4. ORDINADORS ALUMNES<\/strong><\/p>\n<table style=\"border-collapse: collapse; width: 41.13286547559513%; height: 107px;\">\n<tbody>\n<tr>\n<td style=\"width: 46.044166109609236%;\"><a href=\"https:\/\/agora.xtec.cat\/ceipflama\/wp-content\/uploads\/usu1313\/2022\/05\/Contracte-families-ordinadors-1.pdf\"><img loading=\"lazy\" decoding=\"async\" class=\"alignnone size-medium wp-image-16954\" src=\"https:\/\/agora.xtec.cat\/ceipflama\/wp-content\/uploads\/usu1313\/2022\/05\/1-2-300x289.jpg\" alt=\"\" width=\"300\" height=\"289\" srcset=\"https:\/\/agora.xtec.cat\/ceipflama\/wp-content\/uploads\/usu1313\/2022\/05\/1-2-300x289.jpg 300w, https:\/\/agora.xtec.cat\/ceipflama\/wp-content\/uploads\/usu1313\/2022\/05\/1-2-1024x988.jpg 1024w, https:\/\/agora.xtec.cat\/ceipflama\/wp-content\/uploads\/usu1313\/2022\/05\/1-2-768x741.jpg 768w, https:\/\/agora.xtec.cat\/ceipflama\/wp-content\/uploads\/usu1313\/2022\/05\/1-2.jpg 1300w\" sizes=\"auto, (max-width: 300px) 100vw, 300px\" \/><\/a><\/td>\n<td style=\"width: 65.16458885276109%;\"><a href=\"https:\/\/agora.xtec.cat\/ceipflama\/wp-content\/uploads\/usu1313\/2022\/05\/Document-us-ordinadors-6e.pdf\"><img loading=\"lazy\" decoding=\"async\" class=\"alignnone size-medium wp-image-16955\" src=\"https:\/\/agora.xtec.cat\/ceipflama\/wp-content\/uploads\/usu1313\/2022\/05\/2-2-300x214.jpg\" alt=\"\" width=\"300\" height=\"214\" srcset=\"https:\/\/agora.xtec.cat\/ceipflama\/wp-content\/uploads\/usu1313\/2022\/05\/2-2-300x214.jpg 300w, https:\/\/agora.xtec.cat\/ceipflama\/wp-content\/uploads\/usu1313\/2022\/05\/2-2.jpg 626w\" sizes=\"auto, (max-width: 300px) 100vw, 300px\" \/><\/a><\/td>\n<\/tr>\n<\/tbody>\n<\/table>\n<p><strong>5. ORDINADORS DOCENTS<\/strong><\/p>\n<table style=\"border-collapse: collapse; width: 47.68386576666517%; height: 164px;\">\n<tbody>\n<tr>\n<td style=\"width: 25.2356%;\"><a href=\"https:\/\/agora.xtec.cat\/ceipflama\/wp-content\/uploads\/usu1313\/2022\/05\/Ordinadors-docents.pdf\"><img loading=\"lazy\" decoding=\"async\" class=\"alignnone size-medium wp-image-16956\" src=\"https:\/\/agora.xtec.cat\/ceipflama\/wp-content\/uploads\/usu1313\/2022\/05\/1-3-300x225.jpg\" alt=\"\" width=\"300\" height=\"225\" srcset=\"https:\/\/agora.xtec.cat\/ceipflama\/wp-content\/uploads\/usu1313\/2022\/05\/1-3-300x225.jpg 300w, https:\/\/agora.xtec.cat\/ceipflama\/wp-content\/uploads\/usu1313\/2022\/05\/1-3-768x576.jpg 768w, https:\/\/agora.xtec.cat\/ceipflama\/wp-content\/uploads\/usu1313\/2022\/05\/1-3-200x150.jpg 200w, https:\/\/agora.xtec.cat\/ceipflama\/wp-content\/uploads\/usu1313\/2022\/05\/1-3.jpg 800w\" sizes=\"auto, (max-width: 300px) 100vw, 300px\" \/><\/a><\/td>\n<td style=\"width: 31.694055555555558%;\"><a href=\"https:\/\/agora.xtec.cat\/ceipflama\/wp-content\/uploads\/usu1313\/2022\/05\/Portal-Company.pdf\"><img loading=\"lazy\" decoding=\"async\" class=\"alignnone wp-image-16957\" src=\"https:\/\/agora.xtec.cat\/ceipflama\/wp-content\/uploads\/usu1313\/2022\/05\/2-3-300x125.jpg\" alt=\"\" width=\"224\" height=\"93\" srcset=\"https:\/\/agora.xtec.cat\/ceipflama\/wp-content\/uploads\/usu1313\/2022\/05\/2-3-300x125.jpg 300w, https:\/\/agora.xtec.cat\/ceipflama\/wp-content\/uploads\/usu1313\/2022\/05\/2-3.jpg 600w\" sizes=\"auto, (max-width: 224px) 100vw, 224px\" \/><\/a><\/td>\n<\/tr>\n<\/tbody>\n<\/table>\n<p><strong>6. DOCUMENTS OFICIALS<\/strong><\/p>\n<table style=\"border-collapse: collapse; width: 100%;\">\n<tbody>\n<tr>\n<td style=\"width: 39.16761687571266%;\"><strong>PROJECTE EDUCATIU DE CENTRE<\/strong><\/td>\n<td style=\"width: 60.83238312428734%;\">Desplegament de les tecnologies digitals: p\u00e0g. 30 i 31<\/td>\n<\/tr>\n<tr>\n<td style=\"width: 39.16761687571266%;\"><strong>PROJECTE DE DIRECCI\u00d3<\/strong><\/td>\n<td style=\"width: 60.83238312428734%;\">Valoraci\u00f3 projecte direcci\u00f3 anterior: p\u00e0g. 8<\/p>\n<p>DAFO: p\u00e0g. 22<\/p>\n<p>Objectius a assolir: p\u00e0g. 24 &#8211; 26<\/td>\n<\/tr>\n<tr>\n<td style=\"width: 39.16761687571266%;\"><strong>PROJECTE LING\u00dc\u00cdSTIC<\/strong><\/td>\n<td style=\"width: 60.83238312428734%;\">Projecci\u00f3 del centre: p\u00e0g. 26<\/td>\n<\/tr>\n<tr>\n<td style=\"width: 39.16761687571266%;\"><strong>NORMES D&#8217;ORGANITZACI\u00d3 I FUNCIONAMENT<\/strong><\/td>\n<td style=\"width: 60.83238312428734%;\">Estrat\u00e8gia digital de centre: p\u00e0g. 32 &#8211; 35<\/td>\n<\/tr>\n<\/tbody>\n<\/table>\n","protected":false},"excerpt":{"rendered":"<p>1.CREACI\u00d3 CORREUS 2. INSTAGRAM 3. NORMES GSUITE 4. ORDINADORS ALUMNES 5. ORDINADORS DOCENTS 6. DOCUMENTS OFICIALS PROJECTE EDUCATIU DE CENTRE Desplegament de les tecnologies digitals: p\u00e0g. 30 i 31 PROJECTE DE DIRECCI\u00d3 Valoraci\u00f3 projecte direcci\u00f3 anterior: p\u00e0g. 8 DAFO: p\u00e0g. 22 Objectius a assolir: p\u00e0g. 24 &#8211; 26 PROJECTE LING\u00dc\u00cdSTIC Projecci\u00f3 del centre: p\u00e0g. 26 [&hellip;]<\/p>\n","protected":false},"author":1,"featured_media":0,"parent":16907,"menu_order":2,"comment_status":"closed","ping_status":"closed","template":"page-templates\/side-menu.php","meta":{"_bbp_topic_count":0,"_bbp_reply_count":0,"_bbp_total_topic_count":0,"_bbp_total_reply_count":0,"_bbp_voice_count":0,"_bbp_anonymous_reply_count":0,"_bbp_topic_count_hidden":0,"_bbp_reply_count_hidden":0,"_bbp_forum_subforum_count":0,"site-sidebar-layout":"default","site-content-layout":"","ast-site-content-layout":"","site-content-style":"default","site-sidebar-style":"default","ast-global-header-display":"","ast-banner-title-visibility":"","ast-main-header-display":"","ast-hfb-above-header-display":"","ast-hfb-below-header-display":"","ast-hfb-mobile-header-display":"","site-post-title":"","ast-breadcrumbs-content":"","ast-featured-img":"","footer-sml-layout":"","theme-transparent-header-meta":"","adv-header-id-meta":"","stick-header-meta":"","header-above-stick-meta":"","header-main-stick-meta":"","header-below-stick-meta":"","astra-migrate-meta-layouts":"default","ast-page-background-enabled":"default","ast-page-background-meta":{"desktop":{"background-color":"var(--ast-global-color-4)","background-image":"","background-repeat":"repeat","background-position":"center center","background-size":"auto","background-attachment":"scroll","background-type":"","background-media":"","overlay-type":"","overlay-color":"","overlay-opacity":"","overlay-gradient":""},"tablet":{"background-color":"","background-image":"","background-repeat":"repeat","background-position":"center center","background-size":"auto","background-attachment":"scroll","background-type":"","background-media":"","overlay-type":"","overlay-color":"","overlay-opacity":"","overlay-gradient":""},"mobile":{"background-color":"","background-image":"","background-repeat":"repeat","background-position":"center center","background-size":"auto","background-attachment":"scroll","background-type":"","background-media":"","overlay-type":"","overlay-color":"","overlay-opacity":"","overlay-gradient":""}},"ast-content-background-meta":{"desktop":{"background-color":"var(--ast-global-color-5)","background-image":"","background-repeat":"repeat","background-position":"center center","background-size":"auto","background-attachment":"scroll","background-type":"","background-media":"","overlay-type":"","overlay-color":"","overlay-opacity":"","overlay-gradient":""},"tablet":{"background-color":"var(--ast-global-color-5)","background-image":"","background-repeat":"repeat","background-position":"center center","background-size":"auto","background-attachment":"scroll","background-type":"","background-media":"","overlay-type":"","overlay-color":"","overlay-opacity":"","overlay-gradient":""},"mobile":{"background-color":"var(--ast-global-color-5)","background-image":"","background-repeat":"repeat","background-position":"center center","background-size":"auto","background-attachment":"scroll","background-type":"","background-media":"","overlay-type":"","overlay-color":"","overlay-opacity":"","overlay-gradient":""}},"footnotes":""},"class_list":["post-16937","page","type-page","status-publish","hentry"],"post_mailing_queue_ids":[],"_links":{"self":[{"href":"https:\/\/agora.xtec.cat\/ceipflama\/wp-json\/wp\/v2\/pages\/16937","targetHints":{"allow":["GET"]}}],"collection":[{"href":"https:\/\/agora.xtec.cat\/ceipflama\/wp-json\/wp\/v2\/pages"}],"about":[{"href":"https:\/\/agora.xtec.cat\/ceipflama\/wp-json\/wp\/v2\/types\/page"}],"author":[{"embeddable":true,"href":"https:\/\/agora.xtec.cat\/ceipflama\/wp-json\/wp\/v2\/users\/1"}],"replies":[{"embeddable":true,"href":"https:\/\/agora.xtec.cat\/ceipflama\/wp-json\/wp\/v2\/comments?post=16937"}],"version-history":[{"count":3,"href":"https:\/\/agora.xtec.cat\/ceipflama\/wp-json\/wp\/v2\/pages\/16937\/revisions"}],"predecessor-version":[{"id":16982,"href":"https:\/\/agora.xtec.cat\/ceipflama\/wp-json\/wp\/v2\/pages\/16937\/revisions\/16982"}],"up":[{"embeddable":true,"href":"https:\/\/agora.xtec.cat\/ceipflama\/wp-json\/wp\/v2\/pages\/16907"}],"wp:attachment":[{"href":"https:\/\/agora.xtec.cat\/ceipflama\/wp-json\/wp\/v2\/media?parent=16937"}],"curies":[{"name":"wp","href":"https:\/\/api.w.org\/{rel}","templated":true}]}}