{"id":16907,"date":"2022-05-23T16:14:11","date_gmt":"2022-05-23T14:14:11","guid":{"rendered":"https:\/\/agora.xtec.cat\/ceipflama\/?page_id=16907"},"modified":"2024-01-11T15:57:49","modified_gmt":"2024-01-11T14:57:49","slug":"estrategia-digital-de-centre","status":"publish","type":"page","link":"https:\/\/agora.xtec.cat\/ceipflama\/documents\/estrategia-digital-de-centre\/","title":{"rendered":"ESTRAT\u00c8GIA DIGITAL DE CENTRE"},"content":{"rendered":"<p>L&#8217;Estrat\u00e8gia digital del centre (EDC)defineix i concreta les l\u00ednies d&#8217;actuaci\u00f3 del nostre centre que fan possible que els docents, l&#8217;alumnat i el centre assoleixin la compet\u00e8ncia digital.<\/p>\n<p>Per assolir aquesta compet\u00e8ncia digital es tenen en compte tots els \u00e0mbits: organitzatius, metodol\u00f2gics, curriculars i comunicatius, els quals s&#8217;han de veure necess\u00e0riament implicats, i si \u00e9s el cas, transformats, des d&#8217;una perspectiva d&#8217;innovaci\u00f3 i millora cont\u00ednua.<\/p>\n<p style=\"text-align: center;\"><a class=\"button large\" style=\"padding: 1em; font-weight: 400; margin: 0.1em; background-color: transparent; border: 1px solid #0eb1ff; color: #0eb1ff;\" href=\"https:\/\/agora.xtec.cat\/ceipflama\/documents\/estrategia-digital-de-centre\/estrategia-digital\/\" rel=\"noopener noreferrer\">Estrat\u00e8gia<\/a> <a class=\"button large\" style=\"padding: 1em; font-weight: 400; margin: 0.1em; background-color: transparent; border: 1px solid #0eb1ff; color: #0eb1ff;\" href=\"https:\/\/agora.xtec.cat\/ceipflama\/documents\/estrategia-digital-de-centre\/cultural-digital\/\" rel=\"noopener noreferrer\">Cultura<\/a><\/p>\n<p>&nbsp;<\/p>\n<p>&nbsp;<\/p>\n","protected":false},"excerpt":{"rendered":"<p>L&#8217;Estrat\u00e8gia digital del centre (EDC)defineix i concreta les l\u00ednies d&#8217;actuaci\u00f3 del nostre centre que fan possible que els docents, l&#8217;alumnat i el centre assoleixin la compet\u00e8ncia digital. Per assolir aquesta compet\u00e8ncia digital es tenen en compte tots els \u00e0mbits: organitzatius, metodol\u00f2gics, curriculars i comunicatius, els quals s&#8217;han de veure necess\u00e0riament implicats, i si \u00e9s el [&hellip;]<\/p>\n","protected":false},"author":1,"featured_media":0,"parent":550,"menu_order":0,"comment_status":"closed","ping_status":"closed","template":"page-templates\/side-menu.php","meta":{"_bbp_topic_count":0,"_bbp_reply_count":0,"_bbp_total_topic_count":0,"_bbp_total_reply_count":0,"_bbp_voice_count":0,"_bbp_anonymous_reply_count":0,"_bbp_topic_count_hidden":0,"_bbp_reply_count_hidden":0,"_bbp_forum_subforum_count":0,"site-sidebar-layout":"default","site-content-layout":"","ast-site-content-layout":"","site-content-style":"default","site-sidebar-style":"default","ast-global-header-display":"","ast-banner-title-visibility":"","ast-main-header-display":"","ast-hfb-above-header-display":"","ast-hfb-below-header-display":"","ast-hfb-mobile-header-display":"","site-post-title":"","ast-breadcrumbs-content":"","ast-featured-img":"","footer-sml-layout":"","theme-transparent-header-meta":"","adv-header-id-meta":"","stick-header-meta":"","header-above-stick-meta":"","header-main-stick-meta":"","header-below-stick-meta":"","astra-migrate-meta-layouts":"default","ast-page-background-enabled":"default","ast-page-background-meta":{"desktop":{"background-color":"var(--ast-global-color-4)","background-image":"","background-repeat":"repeat","background-position":"center center","background-size":"auto","background-attachment":"scroll","background-type":"","background-media":"","overlay-type":"","overlay-color":"","overlay-opacity":"","overlay-gradient":""},"tablet":{"background-color":"","background-image":"","background-repeat":"repeat","background-position":"center center","background-size":"auto","background-attachment":"scroll","background-type":"","background-media":"","overlay-type":"","overlay-color":"","overlay-opacity":"","overlay-gradient":""},"mobile":{"background-color":"","background-image":"","background-repeat":"repeat","background-position":"center center","background-size":"auto","background-attachment":"scroll","background-type":"","background-media":"","overlay-type":"","overlay-color":"","overlay-opacity":"","overlay-gradient":""}},"ast-content-background-meta":{"desktop":{"background-color":"var(--ast-global-color-5)","background-image":"","background-repeat":"repeat","background-position":"center center","background-size":"auto","background-attachment":"scroll","background-type":"","background-media":"","overlay-type":"","overlay-color":"","overlay-opacity":"","overlay-gradient":""},"tablet":{"background-color":"var(--ast-global-color-5)","background-image":"","background-repeat":"repeat","background-position":"center center","background-size":"auto","background-attachment":"scroll","background-type":"","background-media":"","overlay-type":"","overlay-color":"","overlay-opacity":"","overlay-gradient":""},"mobile":{"background-color":"var(--ast-global-color-5)","background-image":"","background-repeat":"repeat","background-position":"center center","background-size":"auto","background-attachment":"scroll","background-type":"","background-media":"","overlay-type":"","overlay-color":"","overlay-opacity":"","overlay-gradient":""}},"footnotes":""},"class_list":["post-16907","page","type-page","status-publish","hentry"],"post_mailing_queue_ids":[],"_links":{"self":[{"href":"https:\/\/agora.xtec.cat\/ceipflama\/wp-json\/wp\/v2\/pages\/16907","targetHints":{"allow":["GET"]}}],"collection":[{"href":"https:\/\/agora.xtec.cat\/ceipflama\/wp-json\/wp\/v2\/pages"}],"about":[{"href":"https:\/\/agora.xtec.cat\/ceipflama\/wp-json\/wp\/v2\/types\/page"}],"author":[{"embeddable":true,"href":"https:\/\/agora.xtec.cat\/ceipflama\/wp-json\/wp\/v2\/users\/1"}],"replies":[{"embeddable":true,"href":"https:\/\/agora.xtec.cat\/ceipflama\/wp-json\/wp\/v2\/comments?post=16907"}],"version-history":[{"count":5,"href":"https:\/\/agora.xtec.cat\/ceipflama\/wp-json\/wp\/v2\/pages\/16907\/revisions"}],"predecessor-version":[{"id":19452,"href":"https:\/\/agora.xtec.cat\/ceipflama\/wp-json\/wp\/v2\/pages\/16907\/revisions\/19452"}],"up":[{"embeddable":true,"href":"https:\/\/agora.xtec.cat\/ceipflama\/wp-json\/wp\/v2\/pages\/550"}],"wp:attachment":[{"href":"https:\/\/agora.xtec.cat\/ceipflama\/wp-json\/wp\/v2\/media?parent=16907"}],"curies":[{"name":"wp","href":"https:\/\/api.w.org\/{rel}","templated":true}]}}

ESTRATÈGIA DIGITAL DE CENTRE

<p>L&#8217;Estratègia digital del centre (EDC)defineix i concreta les línies d&#8217;actuació del nostre centre que fan possible que els docents, l&#8217;alumnat i el centre assoleixin la competència digital.</p>
<p>Per assolir aquesta competència digital es tenen en compte tots els àmbits: organitzatius, metodològics, curriculars i comunicatius, els quals s&#8217;han de veure necessàriament implicats, i si és el cas, transformats, des d&#8217;una perspectiva d&#8217;innovació i millora contínua.</p>
<p style="text-align: center;"><a class="button large" style="padding: 1em; font-weight: 400; margin: 0.1em; background-color: transparent; border: 1px solid #0eb1ff; color: #0eb1ff;" href="https://agora.xtec.cat/ceipflama/documents/estrategia-digital-de-centre/estrategia-digital/" rel="noopener noreferrer">Estratègia</a> <a class="button large" style="padding: 1em; font-weight: 400; margin: 0.1em; background-color: transparent; border: 1px solid #0eb1ff; color: #0eb1ff;" href="https://agora.xtec.cat/ceipflama/documents/estrategia-digital-de-centre/cultural-digital/" rel="noopener noreferrer">Cultura</a></p>
<p>&nbsp;</p>
<p>&nbsp;</p>

<p>L&#8217;Estratègia digital del centre (EDC)defineix i concreta les línies d&#8217;actuació del nostre centre que fan possible que els docents, l&#8217;alumnat i el centre assoleixin la competència digital. Per assolir aquesta competència digital es tenen en compte tots els àmbits: organitzatius, metodològics, curriculars i comunicatius, els quals s&#8217;han de veure necessàriament implicats, i si és el [&hellip;]</p>
