{"id":7658,"date":"2025-03-14T15:19:32","date_gmt":"2025-03-14T14:19:32","guid":{"rendered":"https:\/\/agora.xtec.cat\/ceipfg\/?page_id=7658"},"modified":"2026-03-19T11:00:24","modified_gmt":"2026-03-19T10:00:24","slug":"documents-i-linies-estrategiques-descola","status":"publish","type":"page","link":"https:\/\/agora.xtec.cat\/ceipfg\/documents-i-linies-estrategiques-descola\/","title":{"rendered":"Documents i l\u00ednies estrat\u00e8giques d\u2019escola"},"content":{"rendered":"<div class=\"entry-content clear\">\n<div class=\"entry-content\">\n<ul>\n<li><a href=\"https:\/\/agora.xtec.cat\/ceipfg\/wp-content\/uploads\/usu1345\/2025\/11\/Families.-Convivencia-participacio-i-vida-quotidiana-a-lescola-25-26.pdf\">Fam\u00edlies. Conviv\u00e8ncia, participaci\u00f3 i vida quotidiana a l&#8217;escola 25-26<\/a><\/li>\n<li><a href=\"https:\/\/agora.xtec.cat\/ceipfg\/wp-content\/uploads\/usu1345\/2021\/05\/projecte-educatiu-descola.pdf\">Projecte educatiu d\u2019escola (PEC)<\/a><\/li>\n<li><a href=\"https:\/\/agora.xtec.cat\/ceipfg\/wp-content\/uploads\/usu1345\/2025\/11\/Actualitzacio-del-Projecte-de-Direccio-23-27.pdf\">Projecte de Direcci\u00f3 23-27<\/a><\/li>\n<li><a href=\"https:\/\/agora.xtec.cat\/ceipfg\/wp-content\/uploads\/usu1345\/2021\/05\/PROJECTE-LING\u00dc\u00cdSTIC..pdf\">Projecte ling\u00fc\u00edstic.<\/a><\/li>\n<li><a href=\"https:\/\/agora.xtec.cat\/ceipfg\/wp-content\/uploads\/usu1345\/2021\/05\/Projecte-de-Conviv\u00e8ncia.pdf\">Projecte de Conviv\u00e8ncia<\/a><\/li>\n<li><a href=\"https:\/\/sites.google.com\/xtec.cat\/edc-fructus-gelabert\/inici\" target=\"_blank\" rel=\"noopener\">Estrat\u00e8gia digital de centre<\/a><\/li>\n<li><a href=\"https:\/\/agora.xtec.cat\/ceipfg\/wp-content\/uploads\/usu1345\/2021\/05\/pla-emergencia-2017.pdf\">Pla d\u2019emerg\u00e8ncia<\/a><\/li>\n<\/ul>\n<\/div>\n<\/div>\n","protected":false},"excerpt":{"rendered":"<p>Fam\u00edlies. Conviv\u00e8ncia, participaci\u00f3 i vida quotidiana a l&#8217;escola 25-26 Projecte educatiu d\u2019escola (PEC) Projecte de Direcci\u00f3 23-27 Projecte ling\u00fc\u00edstic. Projecte [&hellip;]<\/p>\n","protected":false},"author":1,"featured_media":0,"parent":0,"menu_order":0,"comment_status":"closed","ping_status":"closed","template":"","meta":{"_bbp_topic_count":0,"_bbp_reply_count":0,"_bbp_total_topic_count":0,"_bbp_total_reply_count":0,"_bbp_voice_count":0,"_bbp_anonymous_reply_count":0,"_bbp_topic_count_hidden":0,"_bbp_reply_count_hidden":0,"_bbp_forum_subforum_count":0,"site-sidebar-layout":"default","site-content-layout":"","ast-site-content-layout":"default","site-content-style":"default","site-sidebar-style":"default","ast-global-header-display":"","ast-banner-title-visibility":"","ast-main-header-display":"","ast-hfb-above-header-display":"","ast-hfb-below-header-display":"","ast-hfb-mobile-header-display":"","site-post-title":"","ast-breadcrumbs-content":"","ast-featured-img":"","footer-sml-layout":"","theme-transparent-header-meta":"default","adv-header-id-meta":"","stick-header-meta":"","header-above-stick-meta":"","header-main-stick-meta":"","header-below-stick-meta":"","astra-migrate-meta-layouts":"set","ast-page-background-enabled":"default","ast-page-background-meta":{"desktop":{"background-color":"var(--ast-global-color-4)","background-image":"","background-repeat":"repeat","background-position":"center center","background-size":"auto","background-attachment":"scroll","background-type":"","background-media":"","overlay-type":"","overlay-color":"","overlay-opacity":"","overlay-gradient":""},"tablet":{"background-color":"","background-image":"","background-repeat":"repeat","background-position":"center center","background-size":"auto","background-attachment":"scroll","background-type":"","background-media":"","overlay-type":"","overlay-color":"","overlay-opacity":"","overlay-gradient":""},"mobile":{"background-color":"","background-image":"","background-repeat":"repeat","background-position":"center center","background-size":"auto","background-attachment":"scroll","background-type":"","background-media":"","overlay-type":"","overlay-color":"","overlay-opacity":"","overlay-gradient":""}},"ast-content-background-meta":{"desktop":{"background-color":"var(--ast-global-color-5)","background-image":"","background-repeat":"repeat","background-position":"center center","background-size":"auto","background-attachment":"scroll","background-type":"","background-media":"","overlay-type":"","overlay-color":"","overlay-opacity":"","overlay-gradient":""},"tablet":{"background-color":"var(--ast-global-color-5)","background-image":"","background-repeat":"repeat","background-position":"center center","background-size":"auto","background-attachment":"scroll","background-type":"","background-media":"","overlay-type":"","overlay-color":"","overlay-opacity":"","overlay-gradient":""},"mobile":{"background-color":"var(--ast-global-color-5)","background-image":"","background-repeat":"repeat","background-position":"center center","background-size":"auto","background-attachment":"scroll","background-type":"","background-media":"","overlay-type":"","overlay-color":"","overlay-opacity":"","overlay-gradient":""}},"footnotes":""},"class_list":["post-7658","page","type-page","status-publish","hentry"],"post_mailing_queue_ids":[],"_links":{"self":[{"href":"https:\/\/agora.xtec.cat\/ceipfg\/wp-json\/wp\/v2\/pages\/7658","targetHints":{"allow":["GET"]}}],"collection":[{"href":"https:\/\/agora.xtec.cat\/ceipfg\/wp-json\/wp\/v2\/pages"}],"about":[{"href":"https:\/\/agora.xtec.cat\/ceipfg\/wp-json\/wp\/v2\/types\/page"}],"author":[{"embeddable":true,"href":"https:\/\/agora.xtec.cat\/ceipfg\/wp-json\/wp\/v2\/users\/1"}],"replies":[{"embeddable":true,"href":"https:\/\/agora.xtec.cat\/ceipfg\/wp-json\/wp\/v2\/comments?post=7658"}],"version-history":[{"count":4,"href":"https:\/\/agora.xtec.cat\/ceipfg\/wp-json\/wp\/v2\/pages\/7658\/revisions"}],"predecessor-version":[{"id":8237,"href":"https:\/\/agora.xtec.cat\/ceipfg\/wp-json\/wp\/v2\/pages\/7658\/revisions\/8237"}],"wp:attachment":[{"href":"https:\/\/agora.xtec.cat\/ceipfg\/wp-json\/wp\/v2\/media?parent=7658"}],"curies":[{"name":"wp","href":"https:\/\/api.w.org\/{rel}","templated":true}]}}