{"id":806,"date":"2016-09-06T13:10:07","date_gmt":"2016-09-06T12:10:07","guid":{"rendered":"http:\/\/agora.xtec.cat\/ceipferreriguardia\/?page_id=806"},"modified":"2016-09-06T13:10:31","modified_gmt":"2016-09-06T12:10:31","slug":"noves-tecnologies","status":"publish","type":"page","link":"https:\/\/agora.xtec.cat\/ceipferreriguardia\/projectes\/noves-tecnologies\/","title":{"rendered":"Noves tecnologies"},"content":{"rendered":"<p>Entenem que les noves tecnologies formen part del dia a dia i del funcionament de les nostres vides, i per aquest motiu l&#8217;escola les ha de tenir presents en la seva metodologia. El nostre centre t\u00e9 elaborat el PLA TAC que es dinamitza a trav\u00e9s de la comissi\u00f3 TAC per intentar potenciar i desenvolupar la compet\u00e8ncia digital del nostre alumnat.<\/p>\n<p>Algunes de les iniciatives que sorgeixen d&#8217;aquest projecte s\u00f3n:<\/p>\n<ul>\n<li>Pissarres digitals a totes les aules<\/li>\n<li>Pantalles de projecci\u00f3 a l&#8217;aula de m\u00fasica, pl\u00e0stica, inform\u00e0tica, refor\u00e7 d&#8217;infantil i biblioteca.<\/li>\n<li>Carro de port\u00e0tils a Cicle Superior<\/li>\n<li>Google apps for education a cicle superior<\/li>\n<li>Introducci\u00f3 a la rob\u00f2tica al taller d&#8217;inform\u00e0tica de cicle superior<\/li>\n<li>M\u00fasica i TAC al cicle superior<\/li>\n<li>Agenda virtual a cicle superior<\/li>\n<li>Blocs per a tots els cicles i especialitats d&#8217;educaci\u00f3 f\u00edsica i m\u00fasica.<\/li>\n<\/ul>\n","protected":false},"excerpt":{"rendered":"<p>Entenem que les noves tecnologies formen part del dia a dia i del funcionament de les nostres vides, i per aquest motiu l&#8217;escola les ha de tenir presents en la seva metodologia. El nostre centre t\u00e9 elaborat el PLA TAC que es dinamitza a trav\u00e9s&hellip;  <a href=\"https:\/\/agora.xtec.cat\/ceipferreriguardia\/projectes\/noves-tecnologies\/\" title=\"Read Noves tecnologies\">Llegeix m\u00e9s\u00bb<\/a><\/p>\n","protected":false},"author":7,"featured_media":0,"parent":725,"menu_order":0,"comment_status":"closed","ping_status":"closed","template":"page-templates\/side-menu.php","meta":{"_bbp_topic_count":0,"_bbp_reply_count":0,"_bbp_total_topic_count":0,"_bbp_total_reply_count":0,"_bbp_voice_count":0,"_bbp_anonymous_reply_count":0,"_bbp_topic_count_hidden":0,"_bbp_reply_count_hidden":0,"_bbp_forum_subforum_count":0,"footnotes":""},"class_list":["post-806","page","type-page","status-publish","hentry"],"post_mailing_queue_ids":[],"_links":{"self":[{"href":"https:\/\/agora.xtec.cat\/ceipferreriguardia\/wp-json\/wp\/v2\/pages\/806","targetHints":{"allow":["GET"]}}],"collection":[{"href":"https:\/\/agora.xtec.cat\/ceipferreriguardia\/wp-json\/wp\/v2\/pages"}],"about":[{"href":"https:\/\/agora.xtec.cat\/ceipferreriguardia\/wp-json\/wp\/v2\/types\/page"}],"author":[{"embeddable":true,"href":"https:\/\/agora.xtec.cat\/ceipferreriguardia\/wp-json\/wp\/v2\/users\/7"}],"replies":[{"embeddable":true,"href":"https:\/\/agora.xtec.cat\/ceipferreriguardia\/wp-json\/wp\/v2\/comments?post=806"}],"version-history":[{"count":2,"href":"https:\/\/agora.xtec.cat\/ceipferreriguardia\/wp-json\/wp\/v2\/pages\/806\/revisions"}],"predecessor-version":[{"id":808,"href":"https:\/\/agora.xtec.cat\/ceipferreriguardia\/wp-json\/wp\/v2\/pages\/806\/revisions\/808"}],"up":[{"embeddable":true,"href":"https:\/\/agora.xtec.cat\/ceipferreriguardia\/wp-json\/wp\/v2\/pages\/725"}],"wp:attachment":[{"href":"https:\/\/agora.xtec.cat\/ceipferreriguardia\/wp-json\/wp\/v2\/media?parent=806"}],"curies":[{"name":"wp","href":"https:\/\/api.w.org\/{rel}","templated":true}]}}

<p>Entenem que les noves tecnologies formen part del dia a dia i del funcionament de les nostres vides, i per aquest motiu l&#8217;escola les ha de tenir presents en la seva metodologia. El nostre centre té elaborat el PLA TAC que es dinamitza a través de la comissió TAC per intentar potenciar i desenvolupar la competència digital del nostre alumnat.</p>
<p>Algunes de les iniciatives que sorgeixen d&#8217;aquest projecte són:</p>
<ul>
<li>Pissarres digitals a totes les aules</li>
<li>Pantalles de projecció a l&#8217;aula de música, plàstica, informàtica, reforç d&#8217;infantil i biblioteca.</li>
<li>Carro de portàtils a Cicle Superior</li>
<li>Google apps for education a cicle superior</li>
<li>Introducció a la robòtica al taller d&#8217;informàtica de cicle superior</li>
<li>Música i TAC al cicle superior</li>
<li>Agenda virtual a cicle superior</li>
<li>Blocs per a tots els cicles i especialitats d&#8217;educació física i música.</li>
</ul>

<p>Entenem que les noves tecnologies formen part del dia a dia i del funcionament de les nostres vides, i per aquest motiu l&#8217;escola les ha de tenir presents en la seva metodologia. El nostre centre té elaborat el PLA TAC que es dinamitza a través&hellip;  <a href="https://agora.xtec.cat/ceipferreriguardia/projectes/noves-tecnologies/" title="Read Noves tecnologies">Llegeix més»</a></p>
