{"id":73,"date":"2014-09-18T14:01:51","date_gmt":"2014-09-18T13:01:51","guid":{"rendered":"http:\/\/agora.xtec.cat\/ceipferreriguardia\/?page_id=73"},"modified":"2025-07-07T09:17:29","modified_gmt":"2025-07-07T07:17:29","slug":"menjador-escolar","status":"publish","type":"page","link":"https:\/\/agora.xtec.cat\/ceipferreriguardia\/serveis\/menjador-escolar\/","title":{"rendered":"Menjador escolar"},"content":{"rendered":"<p>El servei de menjador de l\u2019escola Ferrer i Gu\u00e0rdia l\u2019ofereix actualment l&#8217;empresa AlimentArt.<\/p>\n<p><strong>HORARI DE MENJADOR: <\/strong> De 12:30 a 15h<\/p>\n<p>Dins aquest espai els vostres fills\/es realitzaran l\u2019\u00e0pat i se\u2019ls oferiran diferents activitats per tal de gaudir de l\u2019estona de migdia.<\/p>\n<p><strong>CONTACTE AMB LA COORDINADORA<\/strong><\/p>\n<p><strong>\u00a0<\/strong>En horari de 9 a 10h al menjador trobareu a la Cristina (coordinadora). Tamb\u00e9 us podeu posar en contacte via telef\u00f2nica i per e-mail.<\/p>\n<p><strong><em>Tel\u00e8fon del menjador : 663.853.859<\/em><\/strong><\/p>\n<p>E-mail: ferreriguardia@alimentart.com<\/p>\n<p><strong>PREUS I PAGAMENTS<\/strong><\/p>\n<ul>\n<li><strong>Fixes (2 dies m\u00ednim): PREU 7,40\u20ac. <\/strong>Domiciliaci\u00f3 banc\u00e0ria. Els rebuts es giren a mes avan\u00e7at durant els tres primers dies de cada mes. <em>Cada rebut tornat tindr\u00e0 un c\u00e0rrec de 4\u20ac.<\/em><\/li>\n<li><strong>Espor\u00e0dics:<\/strong> <strong>PREU 7,74\u20ac. <\/strong>Domiciliaci\u00f3 banc\u00e0ria a la coordinadora.<\/li>\n<\/ul>\n<p><strong>ABS\u00c8NCIES I INCID\u00c8NCIES<\/strong><\/p>\n<p><strong>\u00a0<\/strong>Per a comunicar qualsevol incid\u00e8ncia sobre el vostre fill\/a (medicacions, adaptacions de men\u00fa, gesti\u00f3 de quotes, sortides fora d\u2019horari\u2026), us haureu de posar en contacte amb la coordinadora (Cristina) i informar de tot el que esdevingui necessari.<\/p>\n<ul>\n<li>Les abs\u00e8ncies al servei s\u2019han de comunicar abans de les 10h a la coordinadora. Es retornar\u00e0 l&#8217;import com a falta avisada<\/li>\n<li>Les adaptacions de men\u00fa no es recolliran un cop passades les 10h del mat\u00ed.<\/li>\n<li>Les adaptacions de men\u00fa per al\u00b7l\u00e8rgies o intoler\u00e0ncies, s\u2019hauran de justificar sempre amb un informe m\u00e8dic.<\/li>\n<li>Les medicacions nom\u00e9s es subministraran si s\u2019acompanyen amb l\u2019informe m\u00e8dic i l\u2019autoritzaci\u00f3 pertinent signada per la fam\u00edlia.<\/li>\n<li>\n<p id=\"m_-3716717826999078043gmail-docs-internal-guid-0a1fc341-7fff-93c1-2374-7917651cf139\" dir=\"ltr\">Quota menjador durant quarantena: la comissi\u00f3 de menjador del Consell Escolar ha acordat que el pagament sigui com a falta avisada pels seg\u00fcents motius:<\/p>\n<ul>\n<li dir=\"ltr\">\n<p dir=\"ltr\" role=\"presentation\">Per garantir l\u2019estabilitat de la plantilla de monitors\/es. En el cas de no cobrar la quota caldria acomiadar a\u00a0 un monitor\/a, el de menys antiguitat<\/p>\n<\/li>\n<li dir=\"ltr\">\n<p dir=\"ltr\" role=\"presentation\">Per solidaritat, ja de per s\u00ed \u00e9s un gremi\u00a0 poc remunerat i amb poca estabilitat laboral<\/p>\n<\/li>\n<li dir=\"ltr\">\n<p dir=\"ltr\" role=\"presentation\">Les fam\u00edlies amb pocs recursos econ\u00f2mics gaudeixen de\u00a0 la beca de menjador, en el cas de fam\u00edlies que es trobin en una situaci\u00f3 econ\u00f2mica desfavorida no prevista caldr\u00e0 que es posi en contacte amb serveis socials municipals<\/p>\n<\/li>\n<\/ul>\n<\/li>\n<\/ul>\n<p><strong>SORTIDES<\/strong><\/p>\n<p><strong>\u00a0<\/strong>A tots els infants fixes se\u2019ls retornar\u00e0 l&#8217;import \u00edntegre del men\u00fa d&#8217;aquell dia.<\/p>\n<p><strong>BAIXES I EXCLUSI\u00d3 DEL SERVEI<\/strong><\/p>\n<ul>\n<li>Les baixes del servei s\u2019han de comunicar amb un m\u00ednim de 15 dies d\u2019antelaci\u00f3 del seg\u00fcent cobrament.<\/li>\n<li>Fam\u00edlies que no tinguin al corrent els pagaments de les quotes de menjador (m\u00ednim 1 rebut)<\/li>\n<li>Infants que incompleixin les normes de conviv\u00e8ncia del servei (actituds violentes, faltes de respecte cont\u00ednues al monitoratge, etc.) o qualsevol actitud que no compleixi les normes de conviv\u00e8ncia del centre. En aquests casos no es retornar\u00e0 l\u2019import de la quota.<\/li>\n<\/ul>\n<p><strong>AJUTS I BEQUES<\/strong><\/p>\n<p><strong>\u00a0<\/strong>L\u2019alumnat becat haur\u00e0 de pagar les quotes normalment fins que ens posem en contacte amb la fam\u00edlia per tal d\u2019informar de la beca i del preu del men\u00fa que tindran. Aquesta gesti\u00f3 vindr\u00e0 marcada per l\u2019\u00f2rgan d\u2019autoritat pertinent. En cas que sigui import retroactiu, es regularitzar\u00e0 la quota.<\/p>\n<p>&nbsp;<\/p>\n<p>&nbsp;<\/p>\n","protected":false},"excerpt":{"rendered":"<p>El servei de menjador de l\u2019escola Ferrer i Gu\u00e0rdia l\u2019ofereix actualment l&#8217;empresa AlimentArt.<br \/>\nHORARI DE MENJADOR:  De 12:30 a 15h<br \/>\nDins aquest espai els vostres fills\/es realitzaran l\u2019\u00e0pat i se\u2019ls oferiran diferents activitats per tal de gaudir de l\u2019estona de migdia.<br \/>\nCONTACTE AMB LA COORDINADORA<br \/>\n\u00a0En horari de&hellip;  <a href=\"https:\/\/agora.xtec.cat\/ceipferreriguardia\/serveis\/menjador-escolar\/\" title=\"Read Menjador escolar\">Llegeix m\u00e9s\u00bb<\/a><\/p>\n","protected":false},"author":1,"featured_media":0,"parent":66,"menu_order":30,"comment_status":"closed","ping_status":"closed","template":"page-templates\/side-menu.php","meta":{"_bbp_topic_count":0,"_bbp_reply_count":0,"_bbp_total_topic_count":0,"_bbp_total_reply_count":0,"_bbp_voice_count":0,"_bbp_anonymous_reply_count":0,"_bbp_topic_count_hidden":0,"_bbp_reply_count_hidden":0,"_bbp_forum_subforum_count":0,"footnotes":""},"class_list":["post-73","page","type-page","status-publish","hentry"],"post_mailing_queue_ids":[],"_links":{"self":[{"href":"https:\/\/agora.xtec.cat\/ceipferreriguardia\/wp-json\/wp\/v2\/pages\/73","targetHints":{"allow":["GET"]}}],"collection":[{"href":"https:\/\/agora.xtec.cat\/ceipferreriguardia\/wp-json\/wp\/v2\/pages"}],"about":[{"href":"https:\/\/agora.xtec.cat\/ceipferreriguardia\/wp-json\/wp\/v2\/types\/page"}],"author":[{"embeddable":true,"href":"https:\/\/agora.xtec.cat\/ceipferreriguardia\/wp-json\/wp\/v2\/users\/1"}],"replies":[{"embeddable":true,"href":"https:\/\/agora.xtec.cat\/ceipferreriguardia\/wp-json\/wp\/v2\/comments?post=73"}],"version-history":[{"count":8,"href":"https:\/\/agora.xtec.cat\/ceipferreriguardia\/wp-json\/wp\/v2\/pages\/73\/revisions"}],"predecessor-version":[{"id":2149,"href":"https:\/\/agora.xtec.cat\/ceipferreriguardia\/wp-json\/wp\/v2\/pages\/73\/revisions\/2149"}],"up":[{"embeddable":true,"href":"https:\/\/agora.xtec.cat\/ceipferreriguardia\/wp-json\/wp\/v2\/pages\/66"}],"wp:attachment":[{"href":"https:\/\/agora.xtec.cat\/ceipferreriguardia\/wp-json\/wp\/v2\/media?parent=73"}],"curies":[{"name":"wp","href":"https:\/\/api.w.org\/{rel}","templated":true}]}}