{"id":38,"date":"2014-09-18T12:34:08","date_gmt":"2014-09-18T11:34:08","guid":{"rendered":"http:\/\/agora.xtec.cat\/ceipferreriguardia\/?page_id=38"},"modified":"2025-07-16T11:05:34","modified_gmt":"2025-07-16T09:05:34","slug":"salut","status":"publish","type":"page","link":"https:\/\/agora.xtec.cat\/ceipferreriguardia\/lescola\/salut\/","title":{"rendered":"Salut escolar"},"content":{"rendered":"<p data-start=\"133\" data-end=\"444\">Per garantir el benestar de tot l\u2019alumnat i prevenir contagis, recordem que <strong data-start=\"209\" data-end=\"406\">en totes les malalties que cursen amb febre, a m\u00e9s de les recomanacions espec\u00edfiques per a cadascuna d\u2019elles, cal que el nen o la nena hagi estat 24 hores sense febre abans de tornar a l\u2019escola<\/strong>.<\/p>\n<p data-start=\"446\" data-end=\"605\">Aquest criteri s&#8217;aplica a malalties com la grip, infeccions respirat\u00f2ries, gastroenteritis i moltes altres situacions que poden afectar la conviv\u00e8ncia escolar.<\/p>\n<p data-start=\"607\" data-end=\"1012\">A m\u00e9s, la nostra escola forma part del <strong data-start=\"646\" data-end=\"748\">programa PASCE (Promoci\u00f3 de l&#8217;Alimentaci\u00f3 Saludable i de l&#8217;Activitat F\u00edsica en el context Escolar)<\/strong>, una iniciativa impulsada pel Departament de Salut que t\u00e9 com a objectiu fomentar h\u00e0bits de vida saludables entre infants i fam\u00edlies. En aquest marc, promovem una alimentaci\u00f3 equilibrada, l&#8217;activitat f\u00edsica regular i l&#8217;autocura de la salut des de l\u2019etapa escolar.<\/p>\n<p>&nbsp;<\/p>\n<p>&nbsp;<\/p>\n<p>&nbsp;<\/p>\n<p>&nbsp;<\/p>\n<p>&nbsp;<\/p>\n","protected":false},"excerpt":{"rendered":"<p>Per garantir el benestar de tot l\u2019alumnat i prevenir contagis, recordem que en totes les malalties que cursen amb febre, a m\u00e9s de les recomanacions espec\u00edfiques per a cadascuna d\u2019elles, cal que el nen o la nena hagi estat 24 hores sense febre abans de&hellip;  <a href=\"https:\/\/agora.xtec.cat\/ceipferreriguardia\/lescola\/salut\/\" title=\"Read Salut escolar\">Llegeix m\u00e9s\u00bb<\/a><\/p>\n","protected":false},"author":1,"featured_media":0,"parent":22,"menu_order":80,"comment_status":"closed","ping_status":"closed","template":"page-templates\/side-menu.php","meta":{"_bbp_topic_count":0,"_bbp_reply_count":0,"_bbp_total_topic_count":0,"_bbp_total_reply_count":0,"_bbp_voice_count":0,"_bbp_anonymous_reply_count":0,"_bbp_topic_count_hidden":0,"_bbp_reply_count_hidden":0,"_bbp_forum_subforum_count":0,"footnotes":""},"class_list":["post-38","page","type-page","status-publish","hentry"],"post_mailing_queue_ids":[],"_links":{"self":[{"href":"https:\/\/agora.xtec.cat\/ceipferreriguardia\/wp-json\/wp\/v2\/pages\/38","targetHints":{"allow":["GET"]}}],"collection":[{"href":"https:\/\/agora.xtec.cat\/ceipferreriguardia\/wp-json\/wp\/v2\/pages"}],"about":[{"href":"https:\/\/agora.xtec.cat\/ceipferreriguardia\/wp-json\/wp\/v2\/types\/page"}],"author":[{"embeddable":true,"href":"https:\/\/agora.xtec.cat\/ceipferreriguardia\/wp-json\/wp\/v2\/users\/1"}],"replies":[{"embeddable":true,"href":"https:\/\/agora.xtec.cat\/ceipferreriguardia\/wp-json\/wp\/v2\/comments?post=38"}],"version-history":[{"count":3,"href":"https:\/\/agora.xtec.cat\/ceipferreriguardia\/wp-json\/wp\/v2\/pages\/38\/revisions"}],"predecessor-version":[{"id":2158,"href":"https:\/\/agora.xtec.cat\/ceipferreriguardia\/wp-json\/wp\/v2\/pages\/38\/revisions\/2158"}],"up":[{"embeddable":true,"href":"https:\/\/agora.xtec.cat\/ceipferreriguardia\/wp-json\/wp\/v2\/pages\/22"}],"wp:attachment":[{"href":"https:\/\/agora.xtec.cat\/ceipferreriguardia\/wp-json\/wp\/v2\/media?parent=38"}],"curies":[{"name":"wp","href":"https:\/\/api.w.org\/{rel}","templated":true}]}}

<p data-start="133" data-end="444">Per garantir el benestar de tot l’alumnat i prevenir contagis, recordem que <strong data-start="209" data-end="406">en totes les malalties que cursen amb febre, a més de les recomanacions específiques per a cadascuna d’elles, cal que el nen o la nena hagi estat 24 hores sense febre abans de tornar a l’escola</strong>.</p>
<p data-start="446" data-end="605">Aquest criteri s&#8217;aplica a malalties com la grip, infeccions respiratòries, gastroenteritis i moltes altres situacions que poden afectar la convivència escolar.</p>
<p data-start="607" data-end="1012">A més, la nostra escola forma part del <strong data-start="646" data-end="748">programa PASCE (Promoció de l&#8217;Alimentació Saludable i de l&#8217;Activitat Física en el context Escolar)</strong>, una iniciativa impulsada pel Departament de Salut que té com a objectiu fomentar hàbits de vida saludables entre infants i famílies. En aquest marc, promovem una alimentació equilibrada, l&#8217;activitat física regular i l&#8217;autocura de la salut des de l’etapa escolar.</p>
<p>&nbsp;</p>
<p>&nbsp;</p>
<p>&nbsp;</p>
<p>&nbsp;</p>
<p>&nbsp;</p>

<p>Per garantir el benestar de tot l’alumnat i prevenir contagis, recordem que en totes les malalties que cursen amb febre, a més de les recomanacions específiques per a cadascuna d’elles, cal que el nen o la nena hagi estat 24 hores sense febre abans de&hellip;  <a href="https://agora.xtec.cat/ceipferreriguardia/lescola/salut/" title="Read Salut escolar">Llegeix més»</a></p>
