{"id":30,"date":"2014-09-18T12:30:23","date_gmt":"2014-09-18T11:30:23","guid":{"rendered":"http:\/\/agora.xtec.cat\/ceipferreriguardia\/?page_id=30"},"modified":"2025-07-16T11:00:22","modified_gmt":"2025-07-16T09:00:22","slug":"instal%c2%b7lacions","status":"publish","type":"page","link":"https:\/\/agora.xtec.cat\/ceipferreriguardia\/lescola\/instal%c2%b7lacions\/","title":{"rendered":"Descripci\u00f3 de les instal\u00b7lacions de l&#8217;Escola Ferrer i Gu\u00e0rdia"},"content":{"rendered":"<p data-start=\"319\" data-end=\"737\">L\u2019Escola Ferrer i Gu\u00e0rdia \u00e9s un centre d\u2019una l\u00ednia, amb una aula doblada a 3r de prim\u00e0ria, que disposa d\u2019espais educatius amplis, lluminosos i plenament adaptats a les necessitats pedag\u00f2giques actuals. Cada aula est\u00e0 equipada amb panell digital, fet que permet desenvolupar un \u00fas tecnol\u00f2gic amb criteri educatiu i amb una aposta clara per un \u00fas responsable de les pantalles, d\u2019acord amb el projecte digital del centre.<\/p>\n<p data-start=\"739\" data-end=\"1073\">L\u2019escola compta amb diversos espais espec\u00edfics: aula d\u2019inclusi\u00f3, aula art\u00edstica, aula d\u2019expressi\u00f3 totalment renovada i un espai digital molt ben dotat, on es promou el treball cooperatiu i es treballa la rob\u00f2tica educativa. No s\u2019utilitzen llic\u00e8ncies digitals, i es prioritza el desenvolupament competencial en contextos significatius.<\/p>\n<p data-start=\"1075\" data-end=\"1574\">Els patis i espais exteriors s\u00f3n un dels punts forts del centre. Disposa de zones \u00e0mplies amb vistes al mar, molta vegetaci\u00f3, un hort escolar i un galliner. Aquest entorn natural privilegiat \u00e9s integrat com a espai educatiu, fomentant el contacte amb la natura i els aprenentatges vivencials. L\u2019aula menjador, amb cuina pr\u00f2pia inaugurada l\u2019any 2020, ofereix men\u00fas equilibrats, elaborats el mateix dia, sense aliments processats i amb productes de proximitat, i \u00e9s molt ben valorada per les fam\u00edlies.<\/p>\n<p data-start=\"1576\" data-end=\"1770\">L\u2019escola tamb\u00e9 disposa d\u2019acollida matinal i de tarda, visites setmanals del servei EAP, i espais per a l\u2019associaci\u00f3 de fam\u00edlies (AMPA), entre d\u2019altres serveis de suport a la comunitat educativa.<\/p>\n","protected":false},"excerpt":{"rendered":"<p>L\u2019Escola Ferrer i Gu\u00e0rdia \u00e9s un centre d\u2019una l\u00ednia, amb una aula doblada a 3r de prim\u00e0ria, que disposa d\u2019espais educatius amplis, lluminosos i plenament adaptats a les necessitats pedag\u00f2giques actuals. Cada aula est\u00e0 equipada amb panell digital, fet que permet desenvolupar un \u00fas tecnol\u00f2gic&hellip;  <a href=\"https:\/\/agora.xtec.cat\/ceipferreriguardia\/lescola\/instal%c2%b7lacions\/\" title=\"Read Descripci\u00f3 de les instal\u00b7lacions de l&#8217;Escola Ferrer i Gu\u00e0rdia\">Llegeix m\u00e9s\u00bb<\/a><\/p>\n","protected":false},"author":1,"featured_media":0,"parent":22,"menu_order":40,"comment_status":"closed","ping_status":"closed","template":"page-templates\/side-menu.php","meta":{"_bbp_topic_count":0,"_bbp_reply_count":0,"_bbp_total_topic_count":0,"_bbp_total_reply_count":0,"_bbp_voice_count":0,"_bbp_anonymous_reply_count":0,"_bbp_topic_count_hidden":0,"_bbp_reply_count_hidden":0,"_bbp_forum_subforum_count":0,"footnotes":""},"class_list":["post-30","page","type-page","status-publish","hentry"],"post_mailing_queue_ids":[],"_links":{"self":[{"href":"https:\/\/agora.xtec.cat\/ceipferreriguardia\/wp-json\/wp\/v2\/pages\/30","targetHints":{"allow":["GET"]}}],"collection":[{"href":"https:\/\/agora.xtec.cat\/ceipferreriguardia\/wp-json\/wp\/v2\/pages"}],"about":[{"href":"https:\/\/agora.xtec.cat\/ceipferreriguardia\/wp-json\/wp\/v2\/types\/page"}],"author":[{"embeddable":true,"href":"https:\/\/agora.xtec.cat\/ceipferreriguardia\/wp-json\/wp\/v2\/users\/1"}],"replies":[{"embeddable":true,"href":"https:\/\/agora.xtec.cat\/ceipferreriguardia\/wp-json\/wp\/v2\/comments?post=30"}],"version-history":[{"count":4,"href":"https:\/\/agora.xtec.cat\/ceipferreriguardia\/wp-json\/wp\/v2\/pages\/30\/revisions"}],"predecessor-version":[{"id":2156,"href":"https:\/\/agora.xtec.cat\/ceipferreriguardia\/wp-json\/wp\/v2\/pages\/30\/revisions\/2156"}],"up":[{"embeddable":true,"href":"https:\/\/agora.xtec.cat\/ceipferreriguardia\/wp-json\/wp\/v2\/pages\/22"}],"wp:attachment":[{"href":"https:\/\/agora.xtec.cat\/ceipferreriguardia\/wp-json\/wp\/v2\/media?parent=30"}],"curies":[{"name":"wp","href":"https:\/\/api.w.org\/{rel}","templated":true}]}}

Descripció de les instal·lacions de l&#8217;Escola Ferrer i Guàrdia

<p data-start="319" data-end="737">L’Escola Ferrer i Guàrdia és un centre d’una línia, amb una aula doblada a 3r de primària, que disposa d’espais educatius amplis, lluminosos i plenament adaptats a les necessitats pedagògiques actuals. Cada aula està equipada amb panell digital, fet que permet desenvolupar un ús tecnològic amb criteri educatiu i amb una aposta clara per un ús responsable de les pantalles, d’acord amb el projecte digital del centre.</p>
<p data-start="739" data-end="1073">L’escola compta amb diversos espais específics: aula d’inclusió, aula artística, aula d’expressió totalment renovada i un espai digital molt ben dotat, on es promou el treball cooperatiu i es treballa la robòtica educativa. No s’utilitzen llicències digitals, i es prioritza el desenvolupament competencial en contextos significatius.</p>
<p data-start="1075" data-end="1574">Els patis i espais exteriors són un dels punts forts del centre. Disposa de zones àmplies amb vistes al mar, molta vegetació, un hort escolar i un galliner. Aquest entorn natural privilegiat és integrat com a espai educatiu, fomentant el contacte amb la natura i els aprenentatges vivencials. L’aula menjador, amb cuina pròpia inaugurada l’any 2020, ofereix menús equilibrats, elaborats el mateix dia, sense aliments processats i amb productes de proximitat, i és molt ben valorada per les famílies.</p>
<p data-start="1576" data-end="1770">L’escola també disposa d’acollida matinal i de tarda, visites setmanals del servei EAP, i espais per a l’associació de famílies (AMPA), entre d’altres serveis de suport a la comunitat educativa.</p>

<p>L’Escola Ferrer i Guàrdia és un centre d’una línia, amb una aula doblada a 3r de primària, que disposa d’espais educatius amplis, lluminosos i plenament adaptats a les necessitats pedagògiques actuals. Cada aula està equipada amb panell digital, fet que permet desenvolupar un ús tecnològic&hellip;  <a href="https://agora.xtec.cat/ceipferreriguardia/lescola/instal%c2%b7lacions/" title="Read Descripció de les instal·lacions de l&#8217;Escola Ferrer i Guàrdia">Llegeix més»</a></p>
