{"id":28,"date":"2014-09-18T12:29:35","date_gmt":"2014-09-18T11:29:35","guid":{"rendered":"http:\/\/agora.xtec.cat\/ceipferreriguardia\/?page_id=28"},"modified":"2025-07-16T10:48:15","modified_gmt":"2025-07-16T08:48:15","slug":"consell-escolar","status":"publish","type":"page","link":"https:\/\/agora.xtec.cat\/ceipferreriguardia\/lescola\/consell-escolar\/","title":{"rendered":"Consell escolar"},"content":{"rendered":"<p><strong>Membres del Consell Escolar:<br \/>\n<\/strong><\/p>\n<p>Equip directiu:\u00a0 H\u00e9ctor Ca\u00f1ete, Ariadna Solana i Jaume Mir\u00f3<br \/>\nMestres: Elena Garcia, Roser Lapiedra, Alba Mart\u00ednez, S\u00f2nia Mateu, Empar Aparicio i David Flor.<br \/>\nPares\/mares:\u00a0 Marta Amig\u00f3, Agn\u00e8s P\u00e9rez, Mariona Mart\u00edn, Anna Mart\u00ednez i Yaima Pial<\/p>\n<p>Representant AFA: Sara Juncosa<br \/>\nPAS: Jaume Fornells<br \/>\nAjuntament: Yulai Mart\u00ednez<\/p>\n","protected":false},"excerpt":{"rendered":"<p>Membres del Consell Escolar:<\/p>\n<p>Equip directiu:\u00a0 H\u00e9ctor Ca\u00f1ete, Ariadna Solana i Jaume Mir\u00f3<br \/>\nMestres: Elena Garcia, Roser Lapiedra, Alba Mart\u00ednez, S\u00f2nia Mateu, Empar Aparicio i David Flor.<br \/>\nPares\/mares:\u00a0 Marta Amig\u00f3, Agn\u00e8s P\u00e9rez, Mariona Mart\u00edn, Anna Mart\u00ednez i Yaima Pial<br \/>\nRepresentant AFA: Sara Juncosa<br \/>\nPAS: Jaume Fornells<br \/>\nAjuntament: Yulai Mart\u00ednez<\/p>\n","protected":false},"author":1,"featured_media":0,"parent":22,"menu_order":30,"comment_status":"closed","ping_status":"closed","template":"page-templates\/side-menu.php","meta":{"_bbp_topic_count":0,"_bbp_reply_count":0,"_bbp_total_topic_count":0,"_bbp_total_reply_count":0,"_bbp_voice_count":0,"_bbp_anonymous_reply_count":0,"_bbp_topic_count_hidden":0,"_bbp_reply_count_hidden":0,"_bbp_forum_subforum_count":0,"footnotes":""},"class_list":["post-28","page","type-page","status-publish","hentry"],"post_mailing_queue_ids":[],"_links":{"self":[{"href":"https:\/\/agora.xtec.cat\/ceipferreriguardia\/wp-json\/wp\/v2\/pages\/28","targetHints":{"allow":["GET"]}}],"collection":[{"href":"https:\/\/agora.xtec.cat\/ceipferreriguardia\/wp-json\/wp\/v2\/pages"}],"about":[{"href":"https:\/\/agora.xtec.cat\/ceipferreriguardia\/wp-json\/wp\/v2\/types\/page"}],"author":[{"embeddable":true,"href":"https:\/\/agora.xtec.cat\/ceipferreriguardia\/wp-json\/wp\/v2\/users\/1"}],"replies":[{"embeddable":true,"href":"https:\/\/agora.xtec.cat\/ceipferreriguardia\/wp-json\/wp\/v2\/comments?post=28"}],"version-history":[{"count":6,"href":"https:\/\/agora.xtec.cat\/ceipferreriguardia\/wp-json\/wp\/v2\/pages\/28\/revisions"}],"predecessor-version":[{"id":2154,"href":"https:\/\/agora.xtec.cat\/ceipferreriguardia\/wp-json\/wp\/v2\/pages\/28\/revisions\/2154"}],"up":[{"embeddable":true,"href":"https:\/\/agora.xtec.cat\/ceipferreriguardia\/wp-json\/wp\/v2\/pages\/22"}],"wp:attachment":[{"href":"https:\/\/agora.xtec.cat\/ceipferreriguardia\/wp-json\/wp\/v2\/media?parent=28"}],"curies":[{"name":"wp","href":"https:\/\/api.w.org\/{rel}","templated":true}]}}

<p><strong>Membres del Consell Escolar:<br />
</strong></p>
<p>Equip directiu:  Héctor Cañete, Ariadna Solana i Jaume Miró<br />
Mestres: Elena Garcia, Roser Lapiedra, Alba Martínez, Sònia Mateu, Empar Aparicio i David Flor.<br />
Pares/mares:  Marta Amigó, Agnès Pérez, Mariona Martín, Anna Martínez i Yaima Pial</p>
<p>Representant AFA: Sara Juncosa<br />
PAS: Jaume Fornells<br />
Ajuntament: Yulai Martínez</p>

<p>Membres del Consell Escolar:</p>
<p>Equip directiu:  Héctor Cañete, Ariadna Solana i Jaume Miró<br />
Mestres: Elena Garcia, Roser Lapiedra, Alba Martínez, Sònia Mateu, Empar Aparicio i David Flor.<br />
Pares/mares:  Marta Amigó, Agnès Pérez, Mariona Martín, Anna Martínez i Yaima Pial<br />
Representant AFA: Sara Juncosa<br />
PAS: Jaume Fornells<br />
Ajuntament: Yulai Martínez</p>
