{"id":545,"date":"2018-04-22T23:31:58","date_gmt":"2018-04-22T21:31:58","guid":{"rendered":"http:\/\/agora.xtec.cat\/ceipferreries\/?page_id=545"},"modified":"2019-11-07T11:43:25","modified_gmt":"2019-11-07T10:43:25","slug":"coral-ferreries","status":"publish","type":"page","link":"https:\/\/agora.xtec.cat\/ceipferreries\/coral-ferreries\/","title":{"rendered":"Coral Ferreries"},"content":{"rendered":"<p><span style=\"text-decoration: underline;\"><strong>ANNIE<\/strong><\/span><\/p>\n<p>Us poso el full de les lletres i les bases per a qu\u00e8 les aneu cantant.<\/p>\n<p><a href=\"https:\/\/agora.xtec.cat\/ceipferreries\/wp-content\/uploads\/usu1804\/2019\/11\/TOTES-LES-LLETRES_page-0001.jpg\"><img loading=\"lazy\" decoding=\"async\" class=\"aligncenter size-large wp-image-2410\" src=\"https:\/\/agora.xtec.cat\/ceipferreries\/wp-content\/uploads\/usu1804\/2019\/11\/TOTES-LES-LLETRES_page-0001-1024x725.jpg\" alt=\"\" width=\"1024\" height=\"725\" srcset=\"https:\/\/agora.xtec.cat\/ceipferreries\/wp-content\/uploads\/usu1804\/2019\/11\/TOTES-LES-LLETRES_page-0001-1024x725.jpg 1024w, https:\/\/agora.xtec.cat\/ceipferreries\/wp-content\/uploads\/usu1804\/2019\/11\/TOTES-LES-LLETRES_page-0001-300x212.jpg 300w, https:\/\/agora.xtec.cat\/ceipferreries\/wp-content\/uploads\/usu1804\/2019\/11\/TOTES-LES-LLETRES_page-0001-768x543.jpg 768w, https:\/\/agora.xtec.cat\/ceipferreries\/wp-content\/uploads\/usu1804\/2019\/11\/TOTES-LES-LLETRES_page-0001.jpg 1754w\" sizes=\"auto, (max-width: 1024px) 100vw, 1024px\" \/><\/a> <a href=\"https:\/\/agora.xtec.cat\/ceipferreries\/wp-content\/uploads\/usu1804\/2019\/11\/TOTES-LES-LLETRES_page-0002.jpg\"><img loading=\"lazy\" decoding=\"async\" class=\"aligncenter size-large wp-image-2411\" src=\"https:\/\/agora.xtec.cat\/ceipferreries\/wp-content\/uploads\/usu1804\/2019\/11\/TOTES-LES-LLETRES_page-0002-1024x725.jpg\" alt=\"\" width=\"1024\" height=\"725\" srcset=\"https:\/\/agora.xtec.cat\/ceipferreries\/wp-content\/uploads\/usu1804\/2019\/11\/TOTES-LES-LLETRES_page-0002-1024x725.jpg 1024w, https:\/\/agora.xtec.cat\/ceipferreries\/wp-content\/uploads\/usu1804\/2019\/11\/TOTES-LES-LLETRES_page-0002-300x212.jpg 300w, https:\/\/agora.xtec.cat\/ceipferreries\/wp-content\/uploads\/usu1804\/2019\/11\/TOTES-LES-LLETRES_page-0002-768x543.jpg 768w, https:\/\/agora.xtec.cat\/ceipferreries\/wp-content\/uploads\/usu1804\/2019\/11\/TOTES-LES-LLETRES_page-0002.jpg 1754w\" sizes=\"auto, (max-width: 1024px) 100vw, 1024px\" \/><\/a><\/p>\n<p>Bases<\/p>\n<p>01. Tal vez<\/p>\n<!--[if lt IE 9]><script>document.createElement('audio');<\/script><![endif]-->\n<audio class=\"wp-audio-shortcode\" id=\"audio-545-1\" preload=\"none\" style=\"width: 100%;\" controls=\"controls\"><source type=\"audio\/mpeg\" src=\"https:\/\/agora.xtec.cat\/ceipferreries\/wp-content\/uploads\/usu1804\/2019\/11\/01.-Potser-solista.mp3?_=1\" \/><a href=\"https:\/\/agora.xtec.cat\/ceipferreries\/wp-content\/uploads\/usu1804\/2019\/11\/01.-Potser-solista.mp3\">https:\/\/agora.xtec.cat\/ceipferreries\/wp-content\/uploads\/usu1804\/2019\/11\/01.-Potser-solista.mp3<\/a><\/audio>\n<p>02. Esta vida es criminal<\/p>\n<audio class=\"wp-audio-shortcode\" id=\"audio-545-2\" preload=\"none\" style=\"width: 100%;\" controls=\"controls\"><source type=\"audio\/mpeg\" src=\"https:\/\/agora.xtec.cat\/ceipferreries\/wp-content\/uploads\/usu1804\/2019\/11\/02.-Hard-Knock-Life-Annie-coro-sencer.mp3?_=2\" \/><a href=\"https:\/\/agora.xtec.cat\/ceipferreries\/wp-content\/uploads\/usu1804\/2019\/11\/02.-Hard-Knock-Life-Annie-coro-sencer.mp3\">https:\/\/agora.xtec.cat\/ceipferreries\/wp-content\/uploads\/usu1804\/2019\/11\/02.-Hard-Knock-Life-Annie-coro-sencer.mp3<\/a><\/audio>\n<p>03. Ma\u00f1ana<\/p>\n<audio class=\"wp-audio-shortcode\" id=\"audio-545-3\" preload=\"none\" style=\"width: 100%;\" controls=\"controls\"><source type=\"audio\/mpeg\" src=\"https:\/\/agora.xtec.cat\/ceipferreries\/wp-content\/uploads\/usu1804\/2019\/11\/03.-Ma\u00f1ana-solista.mp3?_=3\" \/><a href=\"https:\/\/agora.xtec.cat\/ceipferreries\/wp-content\/uploads\/usu1804\/2019\/11\/03.-Ma\u00f1ana-solista.mp3\">https:\/\/agora.xtec.cat\/ceipferreries\/wp-content\/uploads\/usu1804\/2019\/11\/03.-Ma\u00f1ana-solista.mp3<\/a><\/audio>\n<p>04. Me va a gustar estar aqu\u00ed<\/p>\n<audio class=\"wp-audio-shortcode\" id=\"audio-545-4\" preload=\"none\" style=\"width: 100%;\" controls=\"controls\"><source type=\"audio\/mpeg\" src=\"https:\/\/agora.xtec.cat\/ceipferreries\/wp-content\/uploads\/usu1804\/2019\/11\/04.-Es-una-suerte-estar-aqu\u00ed-coro.mp3?_=4\" \/><a href=\"https:\/\/agora.xtec.cat\/ceipferreries\/wp-content\/uploads\/usu1804\/2019\/11\/04.-Es-una-suerte-estar-aqu\u00ed-coro.mp3\">https:\/\/agora.xtec.cat\/ceipferreries\/wp-content\/uploads\/usu1804\/2019\/11\/04.-Es-una-suerte-estar-aqu\u00ed-coro.mp3<\/a><\/audio>\n<p>05. La elegancia se demuestra al sonreir<\/p>\n<audio class=\"wp-audio-shortcode\" id=\"audio-545-5\" preload=\"none\" style=\"width: 100%;\" controls=\"controls\"><source type=\"audio\/mpeg\" src=\"https:\/\/agora.xtec.cat\/ceipferreries\/wp-content\/uploads\/usu1804\/2019\/11\/05.-La-elegancia-se-demuestra-al-sonreir.mp3?_=5\" \/><a href=\"https:\/\/agora.xtec.cat\/ceipferreries\/wp-content\/uploads\/usu1804\/2019\/11\/05.-La-elegancia-se-demuestra-al-sonreir.mp3\">https:\/\/agora.xtec.cat\/ceipferreries\/wp-content\/uploads\/usu1804\/2019\/11\/05.-La-elegancia-se-demuestra-al-sonreir.mp3<\/a><\/audio>\n<p>06. A vivir<\/p>\n<audio class=\"wp-audio-shortcode\" id=\"audio-545-6\" preload=\"none\" style=\"width: 100%;\" controls=\"controls\"><source type=\"audio\/mpeg\" src=\"https:\/\/agora.xtec.cat\/ceipferreries\/wp-content\/uploads\/usu1804\/2019\/11\/06.-Easy-Street-A-vivir.mp3?_=6\" \/><a href=\"https:\/\/agora.xtec.cat\/ceipferreries\/wp-content\/uploads\/usu1804\/2019\/11\/06.-Easy-Street-A-vivir.mp3\">https:\/\/agora.xtec.cat\/ceipferreries\/wp-content\/uploads\/usu1804\/2019\/11\/06.-Easy-Street-A-vivir.mp3<\/a><\/audio>\n<p>07. Todo lo tengo junto a ti<\/p>\n<audio class=\"wp-audio-shortcode\" id=\"audio-545-7\" preload=\"none\" style=\"width: 100%;\" controls=\"controls\"><source type=\"audio\/mpeg\" src=\"https:\/\/agora.xtec.cat\/ceipferreries\/wp-content\/uploads\/usu1804\/2019\/11\/07.-Todo-lo-tengo-junto-a-ti-duo.mp3?_=7\" \/><a href=\"https:\/\/agora.xtec.cat\/ceipferreries\/wp-content\/uploads\/usu1804\/2019\/11\/07.-Todo-lo-tengo-junto-a-ti-duo.mp3\">https:\/\/agora.xtec.cat\/ceipferreries\/wp-content\/uploads\/usu1804\/2019\/11\/07.-Todo-lo-tengo-junto-a-ti-duo.mp3<\/a><\/audio>\n<p>&nbsp;<\/p>\n<p>&nbsp;<\/p>\n<p>&nbsp;<\/p>\n<p><span style=\"color: #ff0000;\"><strong>Tal vez (solo)<\/strong><\/span><\/p>\n<p><iframe loading=\"lazy\" title=\"Annie the Musical  - Tal vez ( Maybe), PSB Production\" width=\"500\" height=\"375\" src=\"https:\/\/www.youtube.com\/embed\/scBVToRcjgU?feature=oembed\" frameborder=\"0\" allow=\"accelerometer; autoplay; clipboard-write; encrypted-media; gyroscope; picture-in-picture; web-share\" referrerpolicy=\"strict-origin-when-cross-origin\" allowfullscreen><\/iframe><\/p>\n<p>&nbsp;<\/p>\n<p><span style=\"color: #ff0000;\"><strong>Esta vida es criminal (coreo) LLETRA DE MEM\u00d2RIA<\/strong><\/span><\/p>\n<p><iframe loading=\"lazy\" title=\"Its The Hard Knock Life - Annie The Musical Australia\" width=\"500\" height=\"281\" src=\"https:\/\/www.youtube.com\/embed\/8r2zX0xf8M4?feature=oembed\" frameborder=\"0\" allow=\"accelerometer; autoplay; clipboard-write; encrypted-media; gyroscope; picture-in-picture; web-share\" referrerpolicy=\"strict-origin-when-cross-origin\" allowfullscreen><\/iframe><\/p>\n<p>&nbsp;<\/p>\n<p>&nbsp;<\/p>\n<p><span style=\"color: #ff0000;\"><strong>Ma\u00f1ana (solo) LLETRA DE MEM\u00d2RIA<\/strong><\/span><\/p>\n<p><iframe loading=\"lazy\" title=\"Ma\u00f1ana - Annie (Operacion Endo)\" width=\"500\" height=\"375\" src=\"https:\/\/www.youtube.com\/embed\/tuCmnDQ5BTc?feature=oembed\" frameborder=\"0\" allow=\"accelerometer; autoplay; clipboard-write; encrypted-media; gyroscope; picture-in-picture; web-share\" referrerpolicy=\"strict-origin-when-cross-origin\" allowfullscreen><\/iframe><\/p>\n<p>&nbsp;<\/p>\n<p>&nbsp;<\/p>\n<p><strong>Es una suerte estar aqu\u00ed (coro)<\/strong><\/p>\n<p><iframe loading=\"lazy\" title=\"annie 1999 (me va a gustar estar aqui..)\" width=\"500\" height=\"281\" src=\"https:\/\/www.youtube.com\/embed\/3qCFN5ZWxlA?feature=oembed\" frameborder=\"0\" allow=\"accelerometer; autoplay; clipboard-write; encrypted-media; gyroscope; picture-in-picture; web-share\" referrerpolicy=\"strict-origin-when-cross-origin\" allowfullscreen><\/iframe><\/p>\n<p><span style=\"color: #ff0000;\"><strong>La elegancia se demuestra al sonreir (duo)<\/strong><\/span><\/p>\n<p><iframe loading=\"lazy\" title=\"\u201cAnnie, una hu\u00e9rfana con suerte\u201d | Gala final | Festival de la Canci\u00f3n de Extremadura 2018\" width=\"500\" height=\"281\" src=\"https:\/\/www.youtube.com\/embed\/uX635YGXn4Y?start=172&#038;feature=oembed\" frameborder=\"0\" allow=\"accelerometer; autoplay; clipboard-write; encrypted-media; gyroscope; picture-in-picture; web-share\" referrerpolicy=\"strict-origin-when-cross-origin\" allowfullscreen><\/iframe><\/p>\n<p><strong>Todo lo tengo junto a ti (duo) LLETRA DE MEM\u00d2RIA<\/strong><\/p>\n<p><iframe loading=\"lazy\" title=\"BSO Annie Espa\u00f1ol - 18 - Todo lo tengo junto a t\u00ed\" width=\"500\" height=\"375\" src=\"https:\/\/www.youtube.com\/embed\/KEEFNh6pFMU?start=47&#038;feature=oembed\" frameborder=\"0\" allow=\"accelerometer; autoplay; clipboard-write; encrypted-media; gyroscope; picture-in-picture; web-share\" referrerpolicy=\"strict-origin-when-cross-origin\" allowfullscreen><\/iframe><\/p>\n<p>&nbsp;<\/p>\n<p>&nbsp;<\/p>\n<p>&nbsp;<\/p>\n<p><strong><span style=\"text-decoration: underline;\">EL FOLLET VALENT<\/span><\/strong><\/p>\n<p>Despr\u00e9s de la Cantada per La Marat\u00f3 aqu\u00ed us deixo l&#8217;enlla\u00e7 al youtube de com va anar la cantata &#8220;El Follet Valent&#8221;. Enhorabona a totes les participants.<\/p>\n<p>https:\/\/youtu.be\/dzm6NSjhIS8<\/p>\n","protected":false},"excerpt":{"rendered":"<p>ANNIE<br \/>\nUs poso el full de les lletres i les bases per a qu\u00e8 les aneu cantant.<br \/>\n<a href=\"https:\/\/agora.xtec.cat\/ceipferreries\/wp-content\/uploads\/usu1804\/2019\/11\/TOTES-LES-LLETRES_page-0001.jpg\"><\/a> <a href=\"https:\/\/agora.xtec.cat\/ceipferreries\/wp-content\/uploads\/usu1804\/2019\/11\/TOTES-LES-LLETRES_page-0002.jpg\"><\/a><br \/>\nBases<br \/>\n01. Tal vez<br \/>\n<a href=\"https:\/\/agora.xtec.cat\/ceipferreries\/wp-content\/uploads\/usu1804\/2019\/11\/01.-Potser-solista.mp3\">https:\/\/agora.xtec.cat\/ceipferreries\/wp-content\/uploads\/usu1804\/2019\/11\/01.-Potser-solista.mp3<\/a><br \/>\n02. Esta vida es criminal<br \/>\n<a href=\"https:\/\/agora.xtec.cat\/ceipferreries\/wp-content\/uploads\/usu1804\/2019\/11\/02.-Hard-Knock-Life-Annie-coro-sencer.mp3\">https:\/\/agora.xtec.cat\/ceipferreries\/wp-content\/uploads\/usu1804\/2019\/11\/02.-Hard-Knock-Life-Annie-coro-sencer.mp3<\/a><br \/>\n03. Ma\u00f1ana<br \/>\n<a href=\"https:\/\/agora.xtec.cat\/ceipferreries\/wp-content\/uploads\/usu1804\/2019\/11\/03.-Ma\u00f1ana-solista.mp3\">https:\/\/agora.xtec.cat\/ceipferreries\/wp-content\/uploads\/usu1804\/2019\/11\/03.-Ma\u00f1ana-solista.mp3<\/a><br \/>\n04. Me va a gustar estar aqu\u00ed<br \/>\n<a href=\"https:\/\/agora.xtec.cat\/ceipferreries\/wp-content\/uploads\/usu1804\/2019\/11\/04.-Es-una-suerte-estar-aqu\u00ed-coro.mp3\">https:\/\/agora.xtec.cat\/ceipferreries\/wp-content\/uploads\/usu1804\/2019\/11\/04.-Es-una-suerte-estar-aqu\u00ed-coro.mp3<\/a><br \/>\n05. La elegancia se demuestra al sonreir<br \/>\n<a href=\"https:\/\/agora.xtec.cat\/ceipferreries\/wp-content\/uploads\/usu1804\/2019\/11\/05.-La-elegancia-se-demuestra-al-sonreir.mp3\">https:\/\/agora.xtec.cat\/ceipferreries\/wp-content\/uploads\/usu1804\/2019\/11\/05.-La-elegancia-se-demuestra-al-sonreir.mp3<\/a><br \/>\n06. A vivir<br \/>\n<a&hellip;  <a href=\"https:\/\/agora.xtec.cat\/ceipferreries\/coral-ferreries\/\" title=\"Read Coral Ferreries\">Llegeix m\u00e9s\u00bb<\/a><\/p>\n","protected":false},"author":1,"featured_media":0,"parent":0,"menu_order":0,"comment_status":"closed","ping_status":"closed","template":"page-templates\/side-menu.php","meta":{"_bbp_topic_count":0,"_bbp_reply_count":0,"_bbp_total_topic_count":0,"_bbp_total_reply_count":0,"_bbp_voice_count":0,"_bbp_anonymous_reply_count":0,"_bbp_topic_count_hidden":0,"_bbp_reply_count_hidden":0,"_bbp_forum_subforum_count":0,"footnotes":""},"class_list":["post-545","page","type-page","status-publish","hentry"],"post_mailing_queue_ids":[],"_links":{"self":[{"href":"https:\/\/agora.xtec.cat\/ceipferreries\/wp-json\/wp\/v2\/pages\/545","targetHints":{"allow":["GET"]}}],"collection":[{"href":"https:\/\/agora.xtec.cat\/ceipferreries\/wp-json\/wp\/v2\/pages"}],"about":[{"href":"https:\/\/agora.xtec.cat\/ceipferreries\/wp-json\/wp\/v2\/types\/page"}],"author":[{"embeddable":true,"href":"https:\/\/agora.xtec.cat\/ceipferreries\/wp-json\/wp\/v2\/users\/1"}],"replies":[{"embeddable":true,"href":"https:\/\/agora.xtec.cat\/ceipferreries\/wp-json\/wp\/v2\/comments?post=545"}],"version-history":[{"count":3,"href":"https:\/\/agora.xtec.cat\/ceipferreries\/wp-json\/wp\/v2\/pages\/545\/revisions"}],"predecessor-version":[{"id":2412,"href":"https:\/\/agora.xtec.cat\/ceipferreries\/wp-json\/wp\/v2\/pages\/545\/revisions\/2412"}],"wp:attachment":[{"href":"https:\/\/agora.xtec.cat\/ceipferreries\/wp-json\/wp\/v2\/media?parent=545"}],"curies":[{"name":"wp","href":"https:\/\/api.w.org\/{rel}","templated":true}]}}