{"id":2415,"date":"2019-11-11T09:30:21","date_gmt":"2019-11-11T08:30:21","guid":{"rendered":"http:\/\/agora.xtec.cat\/ceipferreries\/?page_id=2415"},"modified":"2019-11-11T09:32:37","modified_gmt":"2019-11-11T08:32:37","slug":"projecte-aquiproubullying","status":"publish","type":"page","link":"https:\/\/agora.xtec.cat\/ceipferreries\/lescola\/projecte-aquiproubullying\/","title":{"rendered":"Projecte #aquiproubullying"},"content":{"rendered":"<p style=\"text-align: justify;\">PROJECTE #AQUIPROUBULLYING<\/p>\n<p style=\"text-align: justify;\">Des del curs 2017-18 que la nostra escola participa al programa #aquiproubullying.<\/p>\n<p style=\"text-align: justify;\">Aquest \u00a0programa posa a l\u2019abast dels centres la formaci\u00f3, estrat\u00e8gies i recursos necessaris per elaborar un projecte de prevenci\u00f3, detecci\u00f3 i intervenci\u00f3 davant l\u2019assetjament amb la participaci\u00f3 de tota la comunitat escolar, especialment de l\u2019alumnat qui actuar\u00e0 com observador i agent actiu i comprom\u00e8s en la lluita contra l\u2019assetjament alhora que adquireix les actituds i els valors propis de la compet\u00e8ncia social i ciutadana.<\/p>\n<p style=\"text-align: justify;\">Actualment hi ha dues resolucions vinculades a aquest programa d\u2019innovaci\u00f3 pedag\u00f2gica:<\/p>\n<ul style=\"text-align: justify;\">\n<li>RESOLUCI\u00d3 ENS\/793\/2018, de 13 d&#8217;abril, per la qual es dona continu\u00eftat al Programa d&#8217;innovaci\u00f3 pedag\u00f2gica #aquiproubullying de prevenci\u00f3, detecci\u00f3 i intervenci\u00f3 enfront de l&#8217;assetjament entre iguals i s&#8217;obre convocat\u00f2ria p\u00fablica per a la selecci\u00f3 de centres educatius interessats a formar-ne part a partir del curs 2018-2019.<\/li>\n<li>RESOLUCI\u00d3 ENS\/881\/2017, de 10 d&#8217;abril, per la qual es crea el Programa d&#8217;innovaci\u00f3 pedag\u00f2gica #aquiproubullying de prevenci\u00f3, detecci\u00f3 i intervenci\u00f3 enfront l&#8217;assetjament entre iguals i s&#8217;obre convocat\u00f2ria p\u00fablica per a la selecci\u00f3 de centres educatius interessats a formar-ne part.<\/li>\n<\/ul>\n<p style=\"text-align: justify;\">Els objectius de programa s\u00f3n:<\/p>\n<ul style=\"text-align: justify;\">\n<li>Implicar la comunitat escolar davant els casos d\u2019assetjament.<\/li>\n<li>Potenciar el comprom\u00eds actiu de l\u2019alumnat en la prevenci\u00f3 i detecci\u00f3 dels casos d\u2019assetjament.<\/li>\n<li>Fomentar la gesti\u00f3 positiva dels conflictes.<\/li>\n<li>Contribuir al desenvolupament personal i social de l\u2019alumnat.<\/li>\n<\/ul>\n<p style=\"text-align: justify;\">Aqu\u00ed teniu un v\u00eddeo on s\u2019explica el programa:<\/p>\n<p style=\"text-align: justify;\"><a href=\"https:\/\/www.youtube.com\/watch?v=dOP7NraKp-Q\">https:\/\/www.youtube.com\/watch?v=dOP7NraKp-Q<\/a><\/p>\n<p style=\"text-align: justify;\">Com a centre, els curs 2018-19 vam anar a la formaci\u00f3 i els curs passat vam implementar el projecte a les aules. \u00c9s un projecte adre\u00e7at als\/les alumnes de CS que t\u00e9 com a objectiu final formar als\/les alumnes de 6\u00e8 per a formar part dels EQUIPS X LA CONVIV\u00c8NCIA.<\/p>\n<p style=\"text-align: justify;\">Aquests equips tenen la missi\u00f3 de vigilar els patis per tal de prevenir, detectar i actuar davant casos d\u2019assetjament.<\/p>\n<p style=\"text-align: justify;\">La valoraci\u00f3 del curs passat ha estat molt bona tant per tant dels\/les mestres com dels\/les alumnes<\/p>\n<p style=\"text-align: justify;\">Aqu\u00ed us deixem una mostra de la tasca que van fer.<\/p>\n<p><a href=\"https:\/\/agora.xtec.cat\/ceipferreries\/wp-content\/uploads\/usu1804\/2019\/11\/aqui1.jpg\"><img loading=\"lazy\" decoding=\"async\" class=\"aligncenter size-large wp-image-2418\" src=\"https:\/\/agora.xtec.cat\/ceipferreries\/wp-content\/uploads\/usu1804\/2019\/11\/aqui1-1024x768.jpg\" alt=\"\" width=\"1024\" height=\"768\" srcset=\"https:\/\/agora.xtec.cat\/ceipferreries\/wp-content\/uploads\/usu1804\/2019\/11\/aqui1-1024x768.jpg 1024w, https:\/\/agora.xtec.cat\/ceipferreries\/wp-content\/uploads\/usu1804\/2019\/11\/aqui1-300x225.jpg 300w, https:\/\/agora.xtec.cat\/ceipferreries\/wp-content\/uploads\/usu1804\/2019\/11\/aqui1-768x576.jpg 768w, https:\/\/agora.xtec.cat\/ceipferreries\/wp-content\/uploads\/usu1804\/2019\/11\/aqui1-200x150.jpg 200w, https:\/\/agora.xtec.cat\/ceipferreries\/wp-content\/uploads\/usu1804\/2019\/11\/aqui1.jpg 1049w\" sizes=\"auto, (max-width: 1024px) 100vw, 1024px\" \/><\/a><\/p>\n<p><a href=\"https:\/\/agora.xtec.cat\/ceipferreries\/wp-content\/uploads\/usu1804\/2019\/11\/aqui2.jpg\"><img loading=\"lazy\" decoding=\"async\" class=\"aligncenter size-large wp-image-2419\" src=\"https:\/\/agora.xtec.cat\/ceipferreries\/wp-content\/uploads\/usu1804\/2019\/11\/aqui2.jpg\" alt=\"\" width=\"941\" height=\"706\" srcset=\"https:\/\/agora.xtec.cat\/ceipferreries\/wp-content\/uploads\/usu1804\/2019\/11\/aqui2.jpg 941w, https:\/\/agora.xtec.cat\/ceipferreries\/wp-content\/uploads\/usu1804\/2019\/11\/aqui2-300x225.jpg 300w, https:\/\/agora.xtec.cat\/ceipferreries\/wp-content\/uploads\/usu1804\/2019\/11\/aqui2-768x576.jpg 768w, https:\/\/agora.xtec.cat\/ceipferreries\/wp-content\/uploads\/usu1804\/2019\/11\/aqui2-200x150.jpg 200w\" sizes=\"auto, (max-width: 941px) 100vw, 941px\" \/><\/a><\/p>\n","protected":false},"excerpt":{"rendered":"<p>PROJECTE #AQUIPROUBULLYING<br \/>\nDes del curs 2017-18 que la nostra escola participa al programa #aquiproubullying.<br \/>\nAquest \u00a0programa posa a l\u2019abast dels centres la formaci\u00f3, estrat\u00e8gies i recursos necessaris per elaborar un projecte de prevenci\u00f3, detecci\u00f3 i intervenci\u00f3 davant l\u2019assetjament amb la participaci\u00f3 de tota la comunitat escolar, especialment&hellip;  <a href=\"https:\/\/agora.xtec.cat\/ceipferreries\/lescola\/projecte-aquiproubullying\/\" title=\"Read Projecte #aquiproubullying\">Llegeix m\u00e9s\u00bb<\/a><\/p>\n","protected":false},"author":1,"featured_media":0,"parent":22,"menu_order":72,"comment_status":"closed","ping_status":"closed","template":"page-templates\/side-menu.php","meta":{"_bbp_topic_count":0,"_bbp_reply_count":0,"_bbp_total_topic_count":0,"_bbp_total_reply_count":0,"_bbp_voice_count":0,"_bbp_anonymous_reply_count":0,"_bbp_topic_count_hidden":0,"_bbp_reply_count_hidden":0,"_bbp_forum_subforum_count":0,"footnotes":""},"class_list":["post-2415","page","type-page","status-publish","hentry"],"post_mailing_queue_ids":[],"_links":{"self":[{"href":"https:\/\/agora.xtec.cat\/ceipferreries\/wp-json\/wp\/v2\/pages\/2415","targetHints":{"allow":["GET"]}}],"collection":[{"href":"https:\/\/agora.xtec.cat\/ceipferreries\/wp-json\/wp\/v2\/pages"}],"about":[{"href":"https:\/\/agora.xtec.cat\/ceipferreries\/wp-json\/wp\/v2\/types\/page"}],"author":[{"embeddable":true,"href":"https:\/\/agora.xtec.cat\/ceipferreries\/wp-json\/wp\/v2\/users\/1"}],"replies":[{"embeddable":true,"href":"https:\/\/agora.xtec.cat\/ceipferreries\/wp-json\/wp\/v2\/comments?post=2415"}],"version-history":[{"count":3,"href":"https:\/\/agora.xtec.cat\/ceipferreries\/wp-json\/wp\/v2\/pages\/2415\/revisions"}],"predecessor-version":[{"id":2420,"href":"https:\/\/agora.xtec.cat\/ceipferreries\/wp-json\/wp\/v2\/pages\/2415\/revisions\/2420"}],"up":[{"embeddable":true,"href":"https:\/\/agora.xtec.cat\/ceipferreries\/wp-json\/wp\/v2\/pages\/22"}],"wp:attachment":[{"href":"https:\/\/agora.xtec.cat\/ceipferreries\/wp-json\/wp\/v2\/media?parent=2415"}],"curies":[{"name":"wp","href":"https:\/\/api.w.org\/{rel}","templated":true}]}}

<p style="text-align: justify;">PROJECTE #AQUIPROUBULLYING</p>
<p style="text-align: justify;">Des del curs 2017-18 que la nostra escola participa al programa #aquiproubullying.</p>
<p style="text-align: justify;">Aquest  programa posa a l’abast dels centres la formació, estratègies i recursos necessaris per elaborar un projecte de prevenció, detecció i intervenció davant l’assetjament amb la participació de tota la comunitat escolar, especialment de l’alumnat qui actuarà com observador i agent actiu i compromès en la lluita contra l’assetjament alhora que adquireix les actituds i els valors propis de la competència social i ciutadana.</p>
<p style="text-align: justify;">Actualment hi ha dues resolucions vinculades a aquest programa d’innovació pedagògica:</p>
<ul style="text-align: justify;">
<li>RESOLUCIÓ ENS/793/2018, de 13 d&#8217;abril, per la qual es dona continuïtat al Programa d&#8217;innovació pedagògica #aquiproubullying de prevenció, detecció i intervenció enfront de l&#8217;assetjament entre iguals i s&#8217;obre convocatòria pública per a la selecció de centres educatius interessats a formar-ne part a partir del curs 2018-2019.</li>
<li>RESOLUCIÓ ENS/881/2017, de 10 d&#8217;abril, per la qual es crea el Programa d&#8217;innovació pedagògica #aquiproubullying de prevenció, detecció i intervenció enfront l&#8217;assetjament entre iguals i s&#8217;obre convocatòria pública per a la selecció de centres educatius interessats a formar-ne part.</li>
</ul>
<p style="text-align: justify;">Els objectius de programa són:</p>
<ul style="text-align: justify;">
<li>Implicar la comunitat escolar davant els casos d’assetjament.</li>
<li>Potenciar el compromís actiu de l’alumnat en la prevenció i detecció dels casos d’assetjament.</li>
<li>Fomentar la gestió positiva dels conflictes.</li>
<li>Contribuir al desenvolupament personal i social de l’alumnat.</li>
</ul>
<p style="text-align: justify;">Aquí teniu un vídeo on s’explica el programa:</p>
<p style="text-align: justify;"><a href="https://www.youtube.com/watch?v=dOP7NraKp-Q">https://www.youtube.com/watch?v=dOP7NraKp-Q</a></p>
<p style="text-align: justify;">Com a centre, els curs 2018-19 vam anar a la formació i els curs passat vam implementar el projecte a les aules. És un projecte adreçat als/les alumnes de CS que té com a objectiu final formar als/les alumnes de 6è per a formar part dels EQUIPS X LA CONVIVÈNCIA.</p>
<p style="text-align: justify;">Aquests equips tenen la missió de vigilar els patis per tal de prevenir, detectar i actuar davant casos d’assetjament.</p>
<p style="text-align: justify;">La valoració del curs passat ha estat molt bona tant per tant dels/les mestres com dels/les alumnes</p>
<p style="text-align: justify;">Aquí us deixem una mostra de la tasca que van fer.</p>
<p><a href="https://agora.xtec.cat/ceipferreries/wp-content/uploads/usu1804/2019/11/aqui1.jpg"><img loading="lazy" decoding="async" class="aligncenter size-large wp-image-2418" src="https://agora.xtec.cat/ceipferreries/wp-content/uploads/usu1804/2019/11/aqui1-1024x768.jpg" alt="" width="1024" height="768" srcset="https://agora.xtec.cat/ceipferreries/wp-content/uploads/usu1804/2019/11/aqui1-1024x768.jpg 1024w, https://agora.xtec.cat/ceipferreries/wp-content/uploads/usu1804/2019/11/aqui1-300x225.jpg 300w, https://agora.xtec.cat/ceipferreries/wp-content/uploads/usu1804/2019/11/aqui1-768x576.jpg 768w, https://agora.xtec.cat/ceipferreries/wp-content/uploads/usu1804/2019/11/aqui1-200x150.jpg 200w, https://agora.xtec.cat/ceipferreries/wp-content/uploads/usu1804/2019/11/aqui1.jpg 1049w" sizes="auto, (max-width: 1024px) 100vw, 1024px" /></a></p>
<p><a href="https://agora.xtec.cat/ceipferreries/wp-content/uploads/usu1804/2019/11/aqui2.jpg"><img loading="lazy" decoding="async" class="aligncenter size-large wp-image-2419" src="https://agora.xtec.cat/ceipferreries/wp-content/uploads/usu1804/2019/11/aqui2.jpg" alt="" width="941" height="706" srcset="https://agora.xtec.cat/ceipferreries/wp-content/uploads/usu1804/2019/11/aqui2.jpg 941w, https://agora.xtec.cat/ceipferreries/wp-content/uploads/usu1804/2019/11/aqui2-300x225.jpg 300w, https://agora.xtec.cat/ceipferreries/wp-content/uploads/usu1804/2019/11/aqui2-768x576.jpg 768w, https://agora.xtec.cat/ceipferreries/wp-content/uploads/usu1804/2019/11/aqui2-200x150.jpg 200w" sizes="auto, (max-width: 941px) 100vw, 941px" /></a></p>

<p>PROJECTE #AQUIPROUBULLYING<br />
Des del curs 2017-18 que la nostra escola participa al programa #aquiproubullying.<br />
Aquest  programa posa a l’abast dels centres la formació, estratègies i recursos necessaris per elaborar un projecte de prevenció, detecció i intervenció davant l’assetjament amb la participació de tota la comunitat escolar, especialment&hellip;  <a href="https://agora.xtec.cat/ceipferreries/lescola/projecte-aquiproubullying/" title="Read Projecte #aquiproubullying">Llegeix més»</a></p>
