{"id":531,"date":"2016-08-14T18:34:20","date_gmt":"2016-08-14T17:34:20","guid":{"rendered":"http:\/\/agora.xtec.cat\/ceipfarigolaclot\/?page_id=531"},"modified":"2026-03-13T10:00:01","modified_gmt":"2026-03-13T09:00:01","slug":"equip-de-mestres","status":"publish","type":"page","link":"https:\/\/agora.xtec.cat\/ceipfarigolaclot\/curs-actual\/equip-de-mestres\/","title":{"rendered":"Equip de mestres"},"content":{"rendered":"<h3><span style=\"text-decoration: underline;\"><strong><span style=\"color: #38761d; font-size: x-large; text-decoration: underline;\">Educaci\u00f3 infantil<\/span><\/strong><\/span><\/h3>\n<div>\n<div>\n<div>\n<h5><span style=\"color: #38761d;\"><span style=\"font-size: large;\">Tutores<\/span><\/span><\/h5>\n<\/div>\n<\/div>\n<div>\n<blockquote>\n<div><span style=\"color: #000000;\"><b>I3 A<\/b>: <span style=\"color: #999999;\"><em>J\u00e8ssica (jessica.consuegra@lafarigola.cat),<\/em><\/span> Laura (laura.pey@lafarigola.cat) \/ Mar (mar.ripoll@lafarigola.cat)<\/span><\/div>\n<div><span style=\"color: #000000;\"><b>I3 B<\/b>: <span style=\"color: #999999;\"><em>Estela (estela.domingo@lafarigola.cat)<\/em><\/span>, Anabel (anabel.garcia@lafarigola.cat)<\/span><\/div>\n<div><span style=\"color: #000000;\"><b>I4 A<\/b>: Gemma (gemma.candel@lafarigola.cat)<\/span><\/div>\n<div><span style=\"color: #000000;\"><b>I4 B<\/b>: Paula (paula.gutierrez@lafarigola.cat)<\/span><\/div>\n<div><span style=\"color: #000000;\"><b>I5 A:\u00a0<\/b>Sam (sam.garcia@lafarigola.cat), Carol (carolina.gomez@lafarigola.cat)<\/span><\/div>\n<div><span style=\"color: #000000;\"><b>I5 B<\/b>: S\u00edlvia (silvia.fontan@lafarigola.cat)<\/span><\/div>\n<\/blockquote>\n<div>\n<div><\/div>\n<h5>\u00a0<span style=\"color: #38761d;\"><span style=\"font-size: large;\">Especialistes<\/span><\/span><\/h5>\n<\/div>\n<blockquote>\n<div><span style=\"color: #000000;\"><strong>Angl\u00e8s: <\/strong>Laia (laia.gras@lafarigola.cat)<\/span><\/div>\n<div><span style=\"color: #000000;\"><b>Llenguatge musical<\/b>: Isabel (isabel.puig@lafarigola.cat)<\/span><\/div>\n<div>\n<div><span style=\"color: #000000;\"><b>Religi\u00f3: <\/b>Elisa (elisa.salomon@lafarigola.cat)<\/span><\/div>\n<div><span style=\"color: #000000;\"><b>Suport (refor\u00e7): <\/b>Pilar (pilar.prado@lafarigola.cat) \/ Isa (direccio@lafarigola.cat)<\/span><\/div>\n<\/div>\n<div><span style=\"color: #000000;\"><b>T\u00e8cnica especialista d\u2019educaci\u00f3 infantil<\/b>: Pili (pili.narvaez@lafarigola.cat)<\/span><\/div>\n<div><span style=\"color: #000000;\"><b>Suport intensiu escolaritzaci\u00f3 inclusiva (SIEI)<\/b>: Raquel (raquel.sanz@lafarigola.cat)<\/span><\/div>\n<div><span style=\"color: #000000;\"><b><strong>Educadora d\u2019educaci\u00f3 especial: <\/strong><\/b>Bego\u00f1a (bego.zarzoso@lafarigola.cat)<\/span><\/div>\n<div><span style=\"color: #000000;\"><b>Auxiliar d\u2019educaci\u00f3 especial<\/b>: Giannina (giannina.quevedo@lafarigola.cat)<\/span><\/div>\n<\/blockquote>\n<div><\/div>\n<div>\n<h3><span style=\"text-decoration: underline;\"><span style=\"text-decoration: underline;\"><strong><span style=\"color: #38761d; font-size: x-large; text-decoration: underline;\">Educaci\u00f3 prim\u00e0ria<\/span><\/strong><\/span><\/span><span style=\"text-decoration: underline;\"><strong><span style=\"color: #38761d; font-size: x-large; text-decoration: underline;\">\u00a0<\/span><\/strong><\/span><\/h3>\n<div>\n<div>\n<div>\n<h5><span style=\"color: #38761d;\"><span style=\"font-size: large;\">Cicle inicial<\/span><\/span><\/h5>\n<\/div>\n<\/div>\n<\/div>\n<\/div>\n<\/div>\n<div>\n<blockquote>\n<div><span style=\"color: #000000;\"><b>1r A<\/b>: Graciel\u00b7la (graciela.martinez@lafarigola.cat)<\/span><\/div>\n<div><span style=\"color: #000000;\"><b>1r B<\/b>: Inma (inma.roger@lafarigola.cat)<\/span><\/div>\n<div><span style=\"color: #000000;\"><b>2n A<\/b>: Laura (laura.garcia@lafarigola.cat)<\/span><\/div>\n<div><span style=\"color: #000000;\"><b>2n B<\/b>: Laura (laura.vila@lafarigola.cat)<br \/>\n<\/span><\/div>\n<\/blockquote>\n<\/div>\n<div>\n<div>\n<div>\n<h5><span style=\"color: #38761d;\"><span style=\"font-size: large;\">Cicle\u00a0mitj\u00e0<\/span><\/span><\/h5>\n<\/div>\n<div>\n<blockquote>\n<div><strong><span style=\"color: #000000;\">3r A:<\/span><\/strong><span style=\"color: #000000;\"> Cristian (cristian.nuez@lafarigola.cat)<\/span><\/div>\n<div><strong><span style=\"color: #000000;\">3r B: <\/span><\/strong><span style=\"color: #000000;\">Sandra (sandra.riba@lafarigola.cat)<\/span><\/div>\n<div><span style=\"color: #000000;\"><b>4t A<\/b>: <span style=\"color: #999999;\"><em>Jes\u00fas (jesus.espinosa@lafarigola.cat) <span style=\"color: #000000;\">\/ Jordi (jordi.ferrando@lafarigola.cat)<\/span><\/em><\/span><\/span><\/div>\n<div><span style=\"color: #000000;\"><b>4t B: <\/b>Esther (esther.garcia@lafarigola.cat)<\/span><\/div>\n<\/blockquote>\n<\/div>\n<div>\n<h5><span style=\"color: #38761d;\"><span style=\"font-size: large;\">Cicle\u00a0superior<\/span><\/span><\/h5>\n<\/div>\n<div>\n<blockquote>\n<div><strong><span style=\"color: #000000;\">5\u00e8 A: <\/span><\/strong><span style=\"color: #000000;\">Josep (josep.regidor@lafarigola.cat)<\/span><\/div>\n<div><strong><span style=\"color: #000000;\">5\u00e8 B: <\/span><\/strong><span style=\"color: #000000;\">Marta <\/span><span style=\"color: #000000;\">(marta.jarque@lafarigola.cat)<\/span><\/div>\n<div><strong><span style=\"color: #000000;\">6\u00e8<\/span><span style=\"color: #000000;\"> A: <\/span><\/strong><span style=\"color: #000000;\">Txell <\/span><span style=\"color: #000000;\">(txell.montella@lafarigola.cat)<\/span><\/div>\n<div><strong><span style=\"color: #000000;\">6\u00e8 B: <\/span><\/strong><span style=\"color: #000000;\">Maria <\/span><span style=\"color: #000000;\">(maria.linan@lafarigola.cat)<\/span><\/div>\n<\/blockquote>\n<\/div>\n<div>\n<div><\/div>\n<h5><span style=\"color: #38761d;\"><span style=\"font-size: large;\">Especialistes<\/span><\/span><\/h5>\n<\/div>\n<\/div>\n<blockquote>\n<div>\n<div><span style=\"color: #000000;\"><b>Angl\u00e8s<\/b>: Anna F (anna.foy@lafarigola.cat) \/ <span style=\"color: #999999;\"><em>Anna P (anna.puig@lafarigola.cat)<\/em><\/span> \/ <span style=\"color: #999999;\"><em>Carla (carla.sanchez@lafarigola.cat)<\/em><\/span>, Marc (marc.camats@lafarigola.cat), Maria (maria.rodriguez@lafarigola.cat), Anna (anna.iniesta@lafarigola.cat)<\/span><\/div>\n<div><span style=\"color: #000000;\"><strong>Aula d&#8217;acollida:<\/strong> Ainhoa (ainhoa.guridi@lafarigola.cat)<\/span><\/div>\n<div><span style=\"color: #000000;\"><b>Educaci\u00f3 art\u00edstica (m\u00fasica)<\/b>: Isabel (isabel.puig@lafarigola.cat)<\/span><\/div>\n<\/div>\n<div><span style=\"color: #000000;\"><b>Educaci\u00f3 f\u00edsica<\/b>: Ivan (ivan.gotor@lafarigola.cat)<\/span><\/div>\n<div><b style=\"color: #000000;\">Religi\u00f3:<\/b><span style=\"color: #000000;\">\u00a0Elisa (elisa.salomon<\/span><span style=\"color: #000000;\">@lafarigola.cat)<\/span><\/div>\n<div><span style=\"color: #000000;\"><strong>Atenci\u00f3 educativa:<\/strong> Marta (marta.mas@lafarigola.cat), Aina (aina.torramilans@lafarigola.cat)<\/span><\/div>\n<div><span style=\"color: #000000;\"><b>Suport intensiu escolaritzaci\u00f3 inclusiva (SIEI)<\/b>: Raquel (raquel.sanz@lafarigola.cat<\/span><\/div>\n<div>\n<div><span style=\"color: #000000;\"><b><strong>Educadora d\u2019educaci\u00f3 especial: <\/strong><\/b>Bego\u00f1a (bego.zarzoso@lafarigola.cat)<\/span><\/div>\n<div><span style=\"color: #000000;\"><b>Auxiliar d\u2019educaci\u00f3 especial<\/b>: Giannina (giannina.quevedo@lafarigola.cat)<\/span><\/div>\n<\/div>\n<\/blockquote>\n<div><\/div>\n<\/div>\n<\/div>\n","protected":false},"excerpt":{"rendered":"<p>Educaci\u00f3 infantil Tutores I3 A: J\u00e8ssica (jessica.consuegra@lafarigola.cat), Laura (laura.pey@lafarigola.cat) \/ Mar (mar.ripoll@lafarigola.cat) I3 B: Estela (estela.domingo@lafarigola.cat), Anabel (anabel.garcia@lafarigola.cat) I4 A: [&hellip;]<\/p>\n","protected":false},"author":1,"featured_media":0,"parent":461,"menu_order":20,"comment_status":"closed","ping_status":"closed","template":"","meta":{"_bbp_topic_count":0,"_bbp_reply_count":0,"_bbp_total_topic_count":0,"_bbp_total_reply_count":0,"_bbp_voice_count":0,"_bbp_anonymous_reply_count":0,"_bbp_topic_count_hidden":0,"_bbp_reply_count_hidden":0,"_bbp_forum_subforum_count":0,"site-sidebar-layout":"default","site-content-layout":"","ast-site-content-layout":"default","site-content-style":"default","site-sidebar-style":"default","ast-global-header-display":"","ast-banner-title-visibility":"","ast-main-header-display":"","ast-hfb-above-header-display":"","ast-hfb-below-header-display":"","ast-hfb-mobile-header-display":"","site-post-title":"","ast-breadcrumbs-content":"","ast-featured-img":"","footer-sml-layout":"","theme-transparent-header-meta":"","adv-header-id-meta":"","stick-header-meta":"","header-above-stick-meta":"","header-main-stick-meta":"","header-below-stick-meta":"","astra-migrate-meta-layouts":"set","ast-page-background-enabled":"default","ast-page-background-meta":{"desktop":{"background-color":"var(--ast-global-color-4)","background-image":"","background-repeat":"repeat","background-position":"center center","background-size":"auto","background-attachment":"scroll","background-type":"","background-media":"","overlay-type":"","overlay-color":"","overlay-opacity":"","overlay-gradient":""},"tablet":{"background-color":"","background-image":"","background-repeat":"repeat","background-position":"center center","background-size":"auto","background-attachment":"scroll","background-type":"","background-media":"","overlay-type":"","overlay-color":"","overlay-opacity":"","overlay-gradient":""},"mobile":{"background-color":"","background-image":"","background-repeat":"repeat","background-position":"center center","background-size":"auto","background-attachment":"scroll","background-type":"","background-media":"","overlay-type":"","overlay-color":"","overlay-opacity":"","overlay-gradient":""}},"ast-content-background-meta":{"desktop":{"background-color":"var(--ast-global-color-5)","background-image":"","background-repeat":"repeat","background-position":"center center","background-size":"auto","background-attachment":"scroll","background-type":"","background-media":"","overlay-type":"","overlay-color":"","overlay-opacity":"","overlay-gradient":""},"tablet":{"background-color":"var(--ast-global-color-5)","background-image":"","background-repeat":"repeat","background-position":"center center","background-size":"auto","background-attachment":"scroll","background-type":"","background-media":"","overlay-type":"","overlay-color":"","overlay-opacity":"","overlay-gradient":""},"mobile":{"background-color":"var(--ast-global-color-5)","background-image":"","background-repeat":"repeat","background-position":"center center","background-size":"auto","background-attachment":"scroll","background-type":"","background-media":"","overlay-type":"","overlay-color":"","overlay-opacity":"","overlay-gradient":""}},"footnotes":""},"class_list":["post-531","page","type-page","status-publish","hentry"],"post_mailing_queue_ids":[],"_links":{"self":[{"href":"https:\/\/agora.xtec.cat\/ceipfarigolaclot\/wp-json\/wp\/v2\/pages\/531","targetHints":{"allow":["GET"]}}],"collection":[{"href":"https:\/\/agora.xtec.cat\/ceipfarigolaclot\/wp-json\/wp\/v2\/pages"}],"about":[{"href":"https:\/\/agora.xtec.cat\/ceipfarigolaclot\/wp-json\/wp\/v2\/types\/page"}],"author":[{"embeddable":true,"href":"https:\/\/agora.xtec.cat\/ceipfarigolaclot\/wp-json\/wp\/v2\/users\/1"}],"replies":[{"embeddable":true,"href":"https:\/\/agora.xtec.cat\/ceipfarigolaclot\/wp-json\/wp\/v2\/comments?post=531"}],"version-history":[{"count":6,"href":"https:\/\/agora.xtec.cat\/ceipfarigolaclot\/wp-json\/wp\/v2\/pages\/531\/revisions"}],"predecessor-version":[{"id":46204,"href":"https:\/\/agora.xtec.cat\/ceipfarigolaclot\/wp-json\/wp\/v2\/pages\/531\/revisions\/46204"}],"up":[{"embeddable":true,"href":"https:\/\/agora.xtec.cat\/ceipfarigolaclot\/wp-json\/wp\/v2\/pages\/461"}],"wp:attachment":[{"href":"https:\/\/agora.xtec.cat\/ceipfarigolaclot\/wp-json\/wp\/v2\/media?parent=531"}],"curies":[{"name":"wp","href":"https:\/\/api.w.org\/{rel}","templated":true}]}}