{"id":32678,"date":"2022-11-15T19:15:32","date_gmt":"2022-11-15T18:15:32","guid":{"rendered":"https:\/\/agora.xtec.cat\/ceipfarigolaclot\/?page_id=32678"},"modified":"2022-11-16T16:19:39","modified_gmt":"2022-11-16T15:19:39","slug":"escola-coeducativa","status":"publish","type":"page","link":"https:\/\/agora.xtec.cat\/ceipfarigolaclot\/lescola\/els-nostres-trets\/escola-coeducativa\/","title":{"rendered":"Escola coeducativa i respectuosa amb la difer\u00e8ncia"},"content":{"rendered":"<p>La coeducaci\u00f3, a part de ser un dret \u00e9s una finalitat en ella mateixa. \u00c9s el m\u00e8tode educatiu que es basa en el <strong>principi d\u2019igualtat i la no discriminaci\u00f3 per ra\u00f3 de g\u00e8nere<\/strong>. \u00a0L&#8217;educaci\u00f3 no pot entendre&#8217;s nom\u00e9s com un reflex de la societat; hem d&#8217;anar m\u00e9s enll\u00e0 aportant el nostre granet de sorra en les necess\u00e0ries transformacions d&#8217;aquesta.\u00a0Treballem per una escola no sexista, ni classista, ni racista, ni hom\u00f2foba, sin\u00f3 igualit\u00e0ria i inclusiva.<\/p>\n<p>Coeducar vol dir promoure la <strong>igualtat i la diversitat d\u2019opinions i visions<\/strong>. Vol dir no establir relacions equilibrades i entendre i transmetre que el m\u00f3n ha estat i est\u00e0 sent constru\u00eft per tots i totes.<\/p>\n<p><strong>L\u2019escola coeducativa<\/strong> ha d\u2019eliminar els mandats de g\u00e8nere, ha de superar els estereotips, ha d&#8217;ajudar i facilitar eines per acabar amb les desigualtats. Incentivem i ajudem a fer que els infants siguin lliures, que puguin expressar els seus sentiments, educant-los en l\u2019empatia, el respecte i el bon tracte. Des de la inf\u00e0ncia hem d\u2019aprendre a relacionar-nos i <strong>conviure de manera pac\u00edfica.<\/strong><\/p>\n<p><img loading=\"lazy\" decoding=\"async\" class=\"size-full wp-image-32725 aligncenter\" src=\"https:\/\/agora.xtec.cat\/ceipfarigolaclot\/wp-content\/uploads\/usu983\/2022\/11\/Defensant-nos.jpeg\" alt=\"\" width=\"724\" height=\"1024\" srcset=\"https:\/\/agora.xtec.cat\/ceipfarigolaclot\/wp-content\/uploads\/usu983\/2022\/11\/Defensant-nos.jpeg 724w, https:\/\/agora.xtec.cat\/ceipfarigolaclot\/wp-content\/uploads\/usu983\/2022\/11\/Defensant-nos-212x300.jpeg 212w\" sizes=\"auto, (max-width: 724px) 100vw, 724px\" \/><\/p>\n","protected":false},"excerpt":{"rendered":"<p>La coeducaci\u00f3, a part de ser un dret \u00e9s una finalitat en ella mateixa. \u00c9s el m\u00e8tode educatiu que es [&hellip;]<\/p>\n","protected":false},"author":1,"featured_media":0,"parent":32673,"menu_order":50,"comment_status":"closed","ping_status":"closed","template":"page-templates\/side-menu.php","meta":{"_bbp_topic_count":0,"_bbp_reply_count":0,"_bbp_total_topic_count":0,"_bbp_total_reply_count":0,"_bbp_voice_count":0,"_bbp_anonymous_reply_count":0,"_bbp_topic_count_hidden":0,"_bbp_reply_count_hidden":0,"_bbp_forum_subforum_count":0,"site-sidebar-layout":"default","site-content-layout":"","ast-site-content-layout":"","site-content-style":"default","site-sidebar-style":"default","ast-global-header-display":"","ast-banner-title-visibility":"","ast-main-header-display":"","ast-hfb-above-header-display":"","ast-hfb-below-header-display":"","ast-hfb-mobile-header-display":"","site-post-title":"","ast-breadcrumbs-content":"","ast-featured-img":"","footer-sml-layout":"","theme-transparent-header-meta":"","adv-header-id-meta":"","stick-header-meta":"","header-above-stick-meta":"","header-main-stick-meta":"","header-below-stick-meta":"","astra-migrate-meta-layouts":"default","ast-page-background-enabled":"default","ast-page-background-meta":{"desktop":{"background-color":"var(--ast-global-color-4)","background-image":"","background-repeat":"repeat","background-position":"center center","background-size":"auto","background-attachment":"scroll","background-type":"","background-media":"","overlay-type":"","overlay-color":"","overlay-opacity":"","overlay-gradient":""},"tablet":{"background-color":"","background-image":"","background-repeat":"repeat","background-position":"center center","background-size":"auto","background-attachment":"scroll","background-type":"","background-media":"","overlay-type":"","overlay-color":"","overlay-opacity":"","overlay-gradient":""},"mobile":{"background-color":"","background-image":"","background-repeat":"repeat","background-position":"center center","background-size":"auto","background-attachment":"scroll","background-type":"","background-media":"","overlay-type":"","overlay-color":"","overlay-opacity":"","overlay-gradient":""}},"ast-content-background-meta":{"desktop":{"background-color":"var(--ast-global-color-5)","background-image":"","background-repeat":"repeat","background-position":"center center","background-size":"auto","background-attachment":"scroll","background-type":"","background-media":"","overlay-type":"","overlay-color":"","overlay-opacity":"","overlay-gradient":""},"tablet":{"background-color":"var(--ast-global-color-5)","background-image":"","background-repeat":"repeat","background-position":"center center","background-size":"auto","background-attachment":"scroll","background-type":"","background-media":"","overlay-type":"","overlay-color":"","overlay-opacity":"","overlay-gradient":""},"mobile":{"background-color":"var(--ast-global-color-5)","background-image":"","background-repeat":"repeat","background-position":"center center","background-size":"auto","background-attachment":"scroll","background-type":"","background-media":"","overlay-type":"","overlay-color":"","overlay-opacity":"","overlay-gradient":""}},"footnotes":""},"class_list":["post-32678","page","type-page","status-publish","hentry"],"post_mailing_queue_ids":[],"_links":{"self":[{"href":"https:\/\/agora.xtec.cat\/ceipfarigolaclot\/wp-json\/wp\/v2\/pages\/32678","targetHints":{"allow":["GET"]}}],"collection":[{"href":"https:\/\/agora.xtec.cat\/ceipfarigolaclot\/wp-json\/wp\/v2\/pages"}],"about":[{"href":"https:\/\/agora.xtec.cat\/ceipfarigolaclot\/wp-json\/wp\/v2\/types\/page"}],"author":[{"embeddable":true,"href":"https:\/\/agora.xtec.cat\/ceipfarigolaclot\/wp-json\/wp\/v2\/users\/1"}],"replies":[{"embeddable":true,"href":"https:\/\/agora.xtec.cat\/ceipfarigolaclot\/wp-json\/wp\/v2\/comments?post=32678"}],"version-history":[{"count":3,"href":"https:\/\/agora.xtec.cat\/ceipfarigolaclot\/wp-json\/wp\/v2\/pages\/32678\/revisions"}],"predecessor-version":[{"id":32727,"href":"https:\/\/agora.xtec.cat\/ceipfarigolaclot\/wp-json\/wp\/v2\/pages\/32678\/revisions\/32727"}],"up":[{"embeddable":true,"href":"https:\/\/agora.xtec.cat\/ceipfarigolaclot\/wp-json\/wp\/v2\/pages\/32673"}],"wp:attachment":[{"href":"https:\/\/agora.xtec.cat\/ceipfarigolaclot\/wp-json\/wp\/v2\/media?parent=32678"}],"curies":[{"name":"wp","href":"https:\/\/api.w.org\/{rel}","templated":true}]}}

Escola coeducativa i respectuosa amb la diferència

<p>La coeducació, a part de ser un dret és una finalitat en ella mateixa. És el mètode educatiu que es basa en el <strong>principi d’igualtat i la no discriminació per raó de gènere</strong>.  L&#8217;educació no pot entendre&#8217;s només com un reflex de la societat; hem d&#8217;anar més enllà aportant el nostre granet de sorra en les necessàries transformacions d&#8217;aquesta. Treballem per una escola no sexista, ni classista, ni racista, ni homòfoba, sinó igualitària i inclusiva.</p>
<p>Coeducar vol dir promoure la <strong>igualtat i la diversitat d’opinions i visions</strong>. Vol dir no establir relacions equilibrades i entendre i transmetre que el món ha estat i està sent construït per tots i totes.</p>
<p><strong>L’escola coeducativa</strong> ha d’eliminar els mandats de gènere, ha de superar els estereotips, ha d&#8217;ajudar i facilitar eines per acabar amb les desigualtats. Incentivem i ajudem a fer que els infants siguin lliures, que puguin expressar els seus sentiments, educant-los en l’empatia, el respecte i el bon tracte. Des de la infància hem d’aprendre a relacionar-nos i <strong>conviure de manera pacífica.</strong></p>
<p><img loading="lazy" decoding="async" class="size-full wp-image-32725 aligncenter" src="https://agora.xtec.cat/ceipfarigolaclot/wp-content/uploads/usu983/2022/11/Defensant-nos.jpeg" alt="" width="724" height="1024" srcset="https://agora.xtec.cat/ceipfarigolaclot/wp-content/uploads/usu983/2022/11/Defensant-nos.jpeg 724w, https://agora.xtec.cat/ceipfarigolaclot/wp-content/uploads/usu983/2022/11/Defensant-nos-212x300.jpeg 212w" sizes="auto, (max-width: 724px) 100vw, 724px" /></p>

<p>La coeducació, a part de ser un dret és una finalitat en ella mateixa. És el mètode educatiu que es [&hellip;]</p>
