{"id":29003,"date":"2022-02-04T11:14:28","date_gmt":"2022-02-04T10:14:28","guid":{"rendered":"https:\/\/agora.xtec.cat\/ceipfarigolaclot\/?page_id=29003"},"modified":"2025-12-12T20:26:34","modified_gmt":"2025-12-12T19:26:34","slug":"com-treballem","status":"publish","type":"page","link":"https:\/\/agora.xtec.cat\/ceipfarigolaclot\/lescola\/linia-pedagogica\/com-treballem\/","title":{"rendered":"Com treballem a Educaci\u00f3 Infantil"},"content":{"rendered":"<p style=\"text-align: justify;\">Fomentem el desenvolupament de les capacitats a partir del joc, l\u2019experimentaci\u00f3, el di\u00e0leg i l\u2019aprenentatge cooperatiu. Els aprenentatges que ha de fer l\u2019alumnat en aquesta etapa es treballen des de totes les \u00e0rees de manera globalitzada.<strong>\u00a0<\/strong><\/p>\n<ul style=\"text-align: justify;\">\n<li><strong> Adaptaci\u00f3 I3: <\/strong>tenim molta cura del proc\u00e9s d\u2019adaptaci\u00f3 dels m\u00e9s petits d\u2019I3 i durant aquest proc\u00e9s fem entrada progressiva, amb participaci\u00f3 de les fam\u00edlies i amb una major assignaci\u00f3 de personal a les aules. Actualment, les dues aules d\u2019I3 reben el suport d\u2019una T\u00e8cnica especialista d\u2019educaci\u00f3 infantil (TEEI).<\/li>\n<\/ul>\n<ul style=\"text-align: justify;\">\n<li><strong> Relaci\u00f3 amb les fam\u00edlies: <\/strong>volem fomentar la relaci\u00f3, la participaci\u00f3 i la implicaci\u00f3 de les fam\u00edlies. Hem establert moments de participaci\u00f3 i de pres\u00e8ncia de les fam\u00edlies al centre al llarg del curs: presentaci\u00f3 d\u2019una Baula (projecte), participaci\u00f3 en la celebraci\u00f3 de la Castanyada, activitats participatives de cada nivell, etc. Tamb\u00e9 fem entrades compartides de 9h a 9.15h, de manera que les fam\u00edlies poden entrar a les aules i compartir uns minuts amb els infants. Organitzem diverses reunions amb les fam\u00edlies: una al juny amb les futures fam\u00edlies d\u2019I3, una d\u2019inici de curs per nivell i una explicativa de col\u00f2nies per I4 i I5.<\/li>\n<\/ul>\n<p style=\"padding-left: 40px; text-align: justify;\">Activitats<strong style=\"font-family: inherit; font-size: 1em;\"> participatives<\/strong><span style=\"font-family: inherit; font-size: 1em;\"> de les fam\u00edlies per nivell:\u00a0 \u00a0<\/span><\/p>\n<p style=\"padding-left: 40px; text-align: justify;\">I3- Protagonista de la setmana<\/p>\n<p style=\"padding-left: 40px; text-align: justify;\">I4- La carpeta viatgera<\/p>\n<p style=\"padding-left: 40px; text-align: justify;\">I5- Oficis i aficions<\/p>\n<p>L\u2019equip docent facilita el correu corporatiu de l\u2019escola com a mitj\u00e0 de comunicaci\u00f3 amb les fam\u00edlies.<\/p>\n<ul style=\"text-align: justify;\">\n<li><strong> Baules (projectes): <\/strong>es fa un projecte de lliure elecci\u00f3 (nom classe) i un altre per apropar-nos al m\u00f3n de l\u2019art.<\/li>\n<li><strong>Tallers amb fam\u00edlies: <\/strong>organitzem ambients d\u2019aprenentatge per fomentar aspectes com: l\u2019\u00fas pedag\u00f2gic de les noves tecnologies (c\u00e0mera de fotos, pissarra digital interactiva, tauletes, BeeBots, etc.); l\u2019experimentaci\u00f3 (dissolucions, imants, etc); l\u2019art (llum, pintura, volum, dansa, etc.); l\u2019educaci\u00f3 emocional (contes, dramatitzaci\u00f3, etc.), i l\u2019educaci\u00f3 mediambiental (l\u2019hort i el reciclatge). Un dels ambients s\u2019organitza en llengua anglesa. Es realitzen al segon trimestre amb una durada de 9 setmanes i hi col\u00b7laboren les fam\u00edlies.<\/li>\n<li><strong>Rodes d&#8217;aprenentatge: <\/strong>es reserven espais en l\u2019horari amb la pres\u00e8ncia de dos docents per organitzar microespais, rics en quantitat i varietat d\u2019est\u00edmuls, ens permet afavorir la descoberta i l\u2019experimentaci\u00f3 dels infants, generar reptes per fer i desfer, mirar, tocar, explorar, experimentar, crear\u2026 i permeten la combinaci\u00f3 d\u2019activitats individuals i col\u00b7lectives. En aquests microespais es treballen propostes de l\u2019\u00e0mbit matem\u00e0tic, ling\u00fc\u00edstic i art\u00edstic.<\/li>\n<li><strong> Consci\u00e8ncia fonol\u00f2gica: <\/strong>es treballa la consci\u00e8ncia fonol\u00f2gica des de I3 per iniciar el treball de la lectura i escriptura.<\/li>\n<\/ul>\n<ul style=\"text-align: justify;\">\n<li><strong> Espais de lliure circulaci\u00f3: <\/strong>els infants es troben propostes a l\u2019aula cada mat\u00ed i comencen compartint-les amb les fam\u00edlies.<\/li>\n<li><strong> Angl\u00e8s: <\/strong>introdu\u00efm la llengua anglesa a I3 fomentant un \u00fas l\u00fadic i funcional de la llengua (can\u00e7ons, contes i jocs).<\/li>\n<li><strong> M\u00fasica: <\/strong>l\u2019alumnat rep una sessi\u00f3 setmanal de m\u00fasica.<\/li>\n<\/ul>\n<ul style=\"text-align: justify;\">\n<li><strong> Psicomotricitat: <\/strong>els infants gaudeixen de sessions de psicomotricitat a l\u2019aula espec\u00edfica.<\/li>\n<\/ul>\n<ul>\n<li style=\"text-align: justify;\"><strong> Estrat\u00e8gia digital:<\/strong> a la nostra escola ja fa anys que destaquem la import\u00e0ncia de l\u2019\u00fas de les TAC i ja a infantil s\u2019inicia el treball amb recursos digitals per afavorir la millora de la qualitat dels processos d\u2019ensenyament i aprenentatge. Tot l\u2019alumnat t\u00e9 un correu de l\u2019escola i amb aquest correu pot accedir a la plataforma Classroom. L\u2019escola fomenta un \u00fas reflexiu dels dispositius electr\u00f2nics.<\/li>\n<li style=\"text-align: justify;\"><strong>Moments de calma: <\/strong>l\u2019escola participa al programa <strong>1,2,3,emoci\u00f3<\/strong>! que promou la salut i el benestar dels infants mitjan\u00e7ant el desenvolupament de compet\u00e8ncies emocionals. S&#8217;organitzen moments per la tornada a la calma amb propostes de ioga, contes, respiraci\u00f3, massatges, etc.<\/li>\n<li style=\"text-align: justify;\"><strong>Aprenentatge cooperatiu: <\/strong>es fan propostes de treball fent servir l\u2019aprenentatge cooperatiu que fomenten els aprenentatges curriculars i les habilitats socials.<\/li>\n<li style=\"text-align: justify;\"><strong> Sortides: <\/strong>fem sortides i cada dos cursos I4 i I5 fem col\u00f2nies de dues nits.<\/li>\n<li style=\"text-align: justify;\"><strong> Participaci\u00f3 en activitats del barri: <\/strong>participem activament en les activitats l\u00fadiques i culturals del nostre barri.<\/li>\n<\/ul>\n<table style=\"width: 100%; border-collapse: collapse; border-style: hidden;\">\n<tbody>\n<tr style=\"border-style: hidden;\">\n<td style=\"width: 50%; border-style: hidden;\"><img loading=\"lazy\" decoding=\"async\" class=\"wp-image-29014 aligncenter\" style=\"font-size: 16px;\" src=\"https:\/\/agora.xtec.cat\/ceipfarigolaclot\/wp-content\/uploads\/usu983\/2022\/02\/Llum.jpg\" alt=\"\" width=\"351\" height=\"263\" srcset=\"https:\/\/agora.xtec.cat\/ceipfarigolaclot\/wp-content\/uploads\/usu983\/2022\/02\/Llum.jpg 680w, https:\/\/agora.xtec.cat\/ceipfarigolaclot\/wp-content\/uploads\/usu983\/2022\/02\/Llum-300x225.jpg 300w, https:\/\/agora.xtec.cat\/ceipfarigolaclot\/wp-content\/uploads\/usu983\/2022\/02\/Llum-200x150.jpg 200w\" sizes=\"auto, (max-width: 351px) 100vw, 351px\" \/><\/td>\n<td style=\"width: 50%;\"><img loading=\"lazy\" decoding=\"async\" class=\"wp-image-29015 aligncenter\" style=\"font-size: 16px;\" src=\"https:\/\/agora.xtec.cat\/ceipfarigolaclot\/wp-content\/uploads\/usu983\/2022\/02\/Espais-sensorial.Joc-lliure.jpg\" alt=\"\" width=\"372\" height=\"259\" srcset=\"https:\/\/agora.xtec.cat\/ceipfarigolaclot\/wp-content\/uploads\/usu983\/2022\/02\/Espais-sensorial.Joc-lliure.jpg 680w, https:\/\/agora.xtec.cat\/ceipfarigolaclot\/wp-content\/uploads\/usu983\/2022\/02\/Espais-sensorial.Joc-lliure-300x209.jpg 300w\" sizes=\"auto, (max-width: 372px) 100vw, 372px\" \/><\/td>\n<\/tr>\n<\/tbody>\n<\/table>\n","protected":false},"excerpt":{"rendered":"<p>Fomentem el desenvolupament de les capacitats a partir del joc, l\u2019experimentaci\u00f3, el di\u00e0leg i l\u2019aprenentatge cooperatiu. Els aprenentatges que ha [&hellip;]<\/p>\n","protected":false},"author":1,"featured_media":0,"parent":652,"menu_order":10,"comment_status":"closed","ping_status":"closed","template":"","meta":{"_bbp_topic_count":0,"_bbp_reply_count":0,"_bbp_total_topic_count":0,"_bbp_total_reply_count":0,"_bbp_voice_count":0,"_bbp_anonymous_reply_count":0,"_bbp_topic_count_hidden":0,"_bbp_reply_count_hidden":0,"_bbp_forum_subforum_count":0,"site-sidebar-layout":"default","site-content-layout":"","ast-site-content-layout":"default","site-content-style":"default","site-sidebar-style":"default","ast-global-header-display":"","ast-banner-title-visibility":"","ast-main-header-display":"","ast-hfb-above-header-display":"","ast-hfb-below-header-display":"","ast-hfb-mobile-header-display":"","site-post-title":"","ast-breadcrumbs-content":"","ast-featured-img":"","footer-sml-layout":"","theme-transparent-header-meta":"","adv-header-id-meta":"","stick-header-meta":"","header-above-stick-meta":"","header-main-stick-meta":"","header-below-stick-meta":"","astra-migrate-meta-layouts":"set","ast-page-background-enabled":"default","ast-page-background-meta":{"desktop":{"background-color":"var(--ast-global-color-4)","background-image":"","background-repeat":"repeat","background-position":"center center","background-size":"auto","background-attachment":"scroll","background-type":"","background-media":"","overlay-type":"","overlay-color":"","overlay-opacity":"","overlay-gradient":""},"tablet":{"background-color":"","background-image":"","background-repeat":"repeat","background-position":"center center","background-size":"auto","background-attachment":"scroll","background-type":"","background-media":"","overlay-type":"","overlay-color":"","overlay-opacity":"","overlay-gradient":""},"mobile":{"background-color":"","background-image":"","background-repeat":"repeat","background-position":"center center","background-size":"auto","background-attachment":"scroll","background-type":"","background-media":"","overlay-type":"","overlay-color":"","overlay-opacity":"","overlay-gradient":""}},"ast-content-background-meta":{"desktop":{"background-color":"var(--ast-global-color-5)","background-image":"","background-repeat":"repeat","background-position":"center center","background-size":"auto","background-attachment":"scroll","background-type":"","background-media":"","overlay-type":"","overlay-color":"","overlay-opacity":"","overlay-gradient":""},"tablet":{"background-color":"var(--ast-global-color-5)","background-image":"","background-repeat":"repeat","background-position":"center center","background-size":"auto","background-attachment":"scroll","background-type":"","background-media":"","overlay-type":"","overlay-color":"","overlay-opacity":"","overlay-gradient":""},"mobile":{"background-color":"var(--ast-global-color-5)","background-image":"","background-repeat":"repeat","background-position":"center center","background-size":"auto","background-attachment":"scroll","background-type":"","background-media":"","overlay-type":"","overlay-color":"","overlay-opacity":"","overlay-gradient":""}},"footnotes":""},"class_list":["post-29003","page","type-page","status-publish","hentry"],"post_mailing_queue_ids":[],"_links":{"self":[{"href":"https:\/\/agora.xtec.cat\/ceipfarigolaclot\/wp-json\/wp\/v2\/pages\/29003","targetHints":{"allow":["GET"]}}],"collection":[{"href":"https:\/\/agora.xtec.cat\/ceipfarigolaclot\/wp-json\/wp\/v2\/pages"}],"about":[{"href":"https:\/\/agora.xtec.cat\/ceipfarigolaclot\/wp-json\/wp\/v2\/types\/page"}],"author":[{"embeddable":true,"href":"https:\/\/agora.xtec.cat\/ceipfarigolaclot\/wp-json\/wp\/v2\/users\/1"}],"replies":[{"embeddable":true,"href":"https:\/\/agora.xtec.cat\/ceipfarigolaclot\/wp-json\/wp\/v2\/comments?post=29003"}],"version-history":[{"count":3,"href":"https:\/\/agora.xtec.cat\/ceipfarigolaclot\/wp-json\/wp\/v2\/pages\/29003\/revisions"}],"predecessor-version":[{"id":45022,"href":"https:\/\/agora.xtec.cat\/ceipfarigolaclot\/wp-json\/wp\/v2\/pages\/29003\/revisions\/45022"}],"up":[{"embeddable":true,"href":"https:\/\/agora.xtec.cat\/ceipfarigolaclot\/wp-json\/wp\/v2\/pages\/652"}],"wp:attachment":[{"href":"https:\/\/agora.xtec.cat\/ceipfarigolaclot\/wp-json\/wp\/v2\/media?parent=29003"}],"curies":[{"name":"wp","href":"https:\/\/api.w.org\/{rel}","templated":true}]}}

Com treballem a Educació Infantil

<p style="text-align: justify;">Fomentem el desenvolupament de les capacitats a partir del joc, l’experimentació, el diàleg i l’aprenentatge cooperatiu. Els aprenentatges que ha de fer l’alumnat en aquesta etapa es treballen des de totes les àrees de manera globalitzada.<strong> </strong></p>
<ul style="text-align: justify;">
<li><strong> Adaptació I3: </strong>tenim molta cura del procés d’adaptació dels més petits d’I3 i durant aquest procés fem entrada progressiva, amb participació de les famílies i amb una major assignació de personal a les aules. Actualment, les dues aules d’I3 reben el suport d’una Tècnica especialista d’educació infantil (TEEI).</li>
</ul>
<ul style="text-align: justify;">
<li><strong> Relació amb les famílies: </strong>volem fomentar la relació, la participació i la implicació de les famílies. Hem establert moments de participació i de presència de les famílies al centre al llarg del curs: presentació d’una Baula (projecte), participació en la celebració de la Castanyada, activitats participatives de cada nivell, etc. També fem entrades compartides de 9h a 9.15h, de manera que les famílies poden entrar a les aules i compartir uns minuts amb els infants. Organitzem diverses reunions amb les famílies: una al juny amb les futures famílies d’I3, una d’inici de curs per nivell i una explicativa de colònies per I4 i I5.</li>
</ul>
<p style="padding-left: 40px; text-align: justify;">Activitats<strong style="font-family: inherit; font-size: 1em;"> participatives</strong><span style="font-family: inherit; font-size: 1em;"> de les famílies per nivell:   </span></p>
<p style="padding-left: 40px; text-align: justify;">I3- Protagonista de la setmana</p>
<p style="padding-left: 40px; text-align: justify;">I4- La carpeta viatgera</p>
<p style="padding-left: 40px; text-align: justify;">I5- Oficis i aficions</p>
<p>L’equip docent facilita el correu corporatiu de l’escola com a mitjà de comunicació amb les famílies.</p>
<ul style="text-align: justify;">
<li><strong> Baules (projectes): </strong>es fa un projecte de lliure elecció (nom classe) i un altre per apropar-nos al món de l’art.</li>
<li><strong>Tallers amb famílies: </strong>organitzem ambients d’aprenentatge per fomentar aspectes com: l’ús pedagògic de les noves tecnologies (càmera de fotos, pissarra digital interactiva, tauletes, BeeBots, etc.); l’experimentació (dissolucions, imants, etc); l’art (llum, pintura, volum, dansa, etc.); l’educació emocional (contes, dramatització, etc.), i l’educació mediambiental (l’hort i el reciclatge). Un dels ambients s’organitza en llengua anglesa. Es realitzen al segon trimestre amb una durada de 9 setmanes i hi col·laboren les famílies.</li>
<li><strong>Rodes d&#8217;aprenentatge: </strong>es reserven espais en l’horari amb la presència de dos docents per organitzar microespais, rics en quantitat i varietat d’estímuls, ens permet afavorir la descoberta i l’experimentació dels infants, generar reptes per fer i desfer, mirar, tocar, explorar, experimentar, crear… i permeten la combinació d’activitats individuals i col·lectives. En aquests microespais es treballen propostes de l’àmbit matemàtic, lingüístic i artístic.</li>
<li><strong> Consciència fonològica: </strong>es treballa la consciència fonològica des de I3 per iniciar el treball de la lectura i escriptura.</li>
</ul>
<ul style="text-align: justify;">
<li><strong> Espais de lliure circulació: </strong>els infants es troben propostes a l’aula cada matí i comencen compartint-les amb les famílies.</li>
<li><strong> Anglès: </strong>introduïm la llengua anglesa a I3 fomentant un ús lúdic i funcional de la llengua (cançons, contes i jocs).</li>
<li><strong> Música: </strong>l’alumnat rep una sessió setmanal de música.</li>
</ul>
<ul style="text-align: justify;">
<li><strong> Psicomotricitat: </strong>els infants gaudeixen de sessions de psicomotricitat a l’aula específica.</li>
</ul>
<ul>
<li style="text-align: justify;"><strong> Estratègia digital:</strong> a la nostra escola ja fa anys que destaquem la importància de l’ús de les TAC i ja a infantil s’inicia el treball amb recursos digitals per afavorir la millora de la qualitat dels processos d’ensenyament i aprenentatge. Tot l’alumnat té un correu de l’escola i amb aquest correu pot accedir a la plataforma Classroom. L’escola fomenta un ús reflexiu dels dispositius electrònics.</li>
<li style="text-align: justify;"><strong>Moments de calma: </strong>l’escola participa al programa <strong>1,2,3,emoció</strong>! que promou la salut i el benestar dels infants mitjançant el desenvolupament de competències emocionals. S&#8217;organitzen moments per la tornada a la calma amb propostes de ioga, contes, respiració, massatges, etc.</li>
<li style="text-align: justify;"><strong>Aprenentatge cooperatiu: </strong>es fan propostes de treball fent servir l’aprenentatge cooperatiu que fomenten els aprenentatges curriculars i les habilitats socials.</li>
<li style="text-align: justify;"><strong> Sortides: </strong>fem sortides i cada dos cursos I4 i I5 fem colònies de dues nits.</li>
<li style="text-align: justify;"><strong> Participació en activitats del barri: </strong>participem activament en les activitats lúdiques i culturals del nostre barri.</li>
</ul>
<table style="width: 100%; border-collapse: collapse; border-style: hidden;">
<tbody>
<tr style="border-style: hidden;">
<td style="width: 50%; border-style: hidden;"><img loading="lazy" decoding="async" class="wp-image-29014 aligncenter" style="font-size: 16px;" src="https://agora.xtec.cat/ceipfarigolaclot/wp-content/uploads/usu983/2022/02/Llum.jpg" alt="" width="351" height="263" srcset="https://agora.xtec.cat/ceipfarigolaclot/wp-content/uploads/usu983/2022/02/Llum.jpg 680w, https://agora.xtec.cat/ceipfarigolaclot/wp-content/uploads/usu983/2022/02/Llum-300x225.jpg 300w, https://agora.xtec.cat/ceipfarigolaclot/wp-content/uploads/usu983/2022/02/Llum-200x150.jpg 200w" sizes="auto, (max-width: 351px) 100vw, 351px" /></td>
<td style="width: 50%;"><img loading="lazy" decoding="async" class="wp-image-29015 aligncenter" style="font-size: 16px;" src="https://agora.xtec.cat/ceipfarigolaclot/wp-content/uploads/usu983/2022/02/Espais-sensorial.Joc-lliure.jpg" alt="" width="372" height="259" srcset="https://agora.xtec.cat/ceipfarigolaclot/wp-content/uploads/usu983/2022/02/Espais-sensorial.Joc-lliure.jpg 680w, https://agora.xtec.cat/ceipfarigolaclot/wp-content/uploads/usu983/2022/02/Espais-sensorial.Joc-lliure-300x209.jpg 300w" sizes="auto, (max-width: 372px) 100vw, 372px" /></td>
</tr>
</tbody>
</table>

<p>Fomentem el desenvolupament de les capacitats a partir del joc, l’experimentació, el diàleg i l’aprenentatge cooperatiu. Els aprenentatges que ha [&hellip;]</p>
