{"id":26,"date":"2014-09-18T12:24:32","date_gmt":"2014-09-18T11:24:32","guid":{"rendered":"http:\/\/agora.xtec.cat\/ceipestalella\/?page_id=26"},"modified":"2023-12-05T10:26:11","modified_gmt":"2023-12-05T09:26:11","slug":"historia","status":"publish","type":"page","link":"https:\/\/agora.xtec.cat\/ceipestalella\/historia\/","title":{"rendered":"Hist\u00f2ria de l&#8217;escola i del Dr. Estalella"},"content":{"rendered":"<h2 style=\"text-align: left;\"><span style=\"color: #808000;\">Hist\u00f2ria de l&#8217;escola\u00a0<\/span><\/h2>\n<p style=\"text-align: justify;\">L&#8217;escola est\u00e0 situada al centre de Vilafranca, en un espai on hi abans hi havia un convent de monges (al pati es poden trobar restes del cementiri) i un descampat que s&#8217;utilitzava per aparcar els carros.<\/p>\n<p style=\"text-align: justify;\">Inicialment l&#8217;edifici estava dividit\u00a0 en dues ales: l&#8217;Escola dels Nens (C\/ Carme) i l&#8217;Escola de les Nenes (C\/ Font). Els mestres i les mestres els anomenaven <em>Don<\/em> i <em>Do\u00f1a<\/em> i es parlava sempre en castell\u00e0. Hi havia dues portes i els infants no coincidien mai (ni al pati, que es feia en torns separats).<\/p>\n<p style=\"text-align: justify;\">L&#8217;educaci\u00f3 ha sofert molts canvis: abans tot es feia a les classes, no es feien racons, ni tallers, ni psicomotricitat&#8230; La cuina i el menjador estaven a la planta semisoterr\u00e0nia i es van haver de canviar per exig\u00e8ncies de la seguretat.<\/p>\n<p style=\"text-align: justify;\">El pati era petit, el mateix que tenim ara, per\u00f2 la difer\u00e8ncia important \u00e9s que els nens i nenes, quan s&#8217;acabava l&#8217;escola, es podien quedar a jugar al carrer perqu\u00e8 no passaven cotxes i no havien de fer activitats extraescolars.<\/p>\n<p style=\"text-align: justify;\">Ara tenim una escola amb m\u00e9s de 450 nens i nenes. Necessitem espais diversos perqu\u00e8 fem tallers, racons, agrupaments flexibles, moltes reunions i entrevistes de mestres, pares i mares i entitats i organismes que intervenen a l&#8217;escola.<\/p>\n<p style=\"text-align: justify;\">Durant molts anys vam compartir aules i depend\u00e8ncies de l\u2019escola, quan nosaltres acab\u00e0vem les classes, amb l\u2019<em>Escola d&#8217;Adults<\/em> i els <em>Cursos de Catal\u00e0 per a Adults<\/em>, per la qual cosa l\u2019edifici se&#8217;ns feia petit en tots els sentits.<\/p>\n<p style=\"text-align: justify;\">Al curs 1991-92, l\u2019escola va estar quatre mesos tancada perqu\u00e8 es va detectar aluminosi i s\u2019hi van haver de realitzar obres molt importants. Vam continuar treballant repartits per tot Vilafranca, en vuit espais diferents. L&#8217;impacte, les caracter\u00edstiques i les conseq\u00fc\u00e8ncies d\u2019aquest trasbals van ser notoris, per\u00f2 tot plegat es va saldar d\u2019una manera molt satisfact\u00f2ria.<\/p>\n<p style=\"text-align: justify;\">A m\u00e9s a m\u00e9s de l&#8217;Estalella, que \u00e9s la m\u00e9s vella (1956), a Vilafranca hi ha cinc escoles p\u00fabliques m\u00e9s, i totes tenen noms persones que han destacat per estimar Vilafranca i estudiar coses relacionades amb ella, com per exemple la vinya i el vi.<\/p>\n<hr \/>\n<h2><span style=\"color: #808000;\">Josep Estalella i Graells<\/span><\/h2>\n<p style=\"text-align: center;\"><em>(Vilafranca del Pened\u00e8s, 1879 &#8211; Barcelona 1938)<\/em><\/p>\n<p style=\"text-align: justify;\">Doctor en Ci\u00e8ncies F\u00edsico-qu\u00edmiques, fou sobretot un gran pedagog i dedic\u00e0 pr\u00e0cticament tota la seva vida a la doc\u00e8ncia. El 1932 comen\u00e7\u00e0 les classes a l&#8217;institut-Escola de Barcelona, del qual fou director fins al dia de la seva mort. Destacaven en el seu ideari pedag\u00f2gic l&#8217;educaci\u00f3 integral, la creaci\u00f3 d&#8217;un ambient &#8220;com el de casa&#8221;, la utilitzaci\u00f3 del catal\u00e0 i la coeducaci\u00f3.<\/p>\n<p style=\"text-align: justify;\">La frase <strong>&#8220;quan facis alguna cosa, fes-la com si en all\u00f2 t&#8217;hi an\u00e9s la vida&#8221;<\/strong>, se l&#8217;aplicava cont\u00ednuament.<\/p>\n<p><strong>Josep Estalella i Graells<\/strong>\u00a0va n\u00e9ixer a Vilafranca del Pened\u00e8s l\u2019any\u00a0<a href=\"https:\/\/ca.wikipedia.org\/wiki\/1879\">1879<\/a>.\u00a0Vivia molt a prop de l\u2019Escola Estalella, al n\u00famero 17 del carrer dels ferrers, per\u00f2 no va ser mestre d\u2019aquesta escola. Tot i que segur que n\u2019estaria molt content de saber que a l\u2019Escola celebrem la Festa Major de l\u2019Estalella i que tenim una aula de ci\u00e8ncies molt <em>xula<\/em> i molts altres grans projectes com R\u00e0dio Estalella.<\/p>\n<p>Com sabeu, ell va escriure els rodolins de l\u2019auca de la Festa Major de Vilafranca i li va demanar a en Pau Boada, quan era un nen, que li fes els dibuixos. De gran, en Pau Boada en va fer la versi\u00f3 que tenim en gran penjada a l&#8217;escola.<\/p>\n<p>El Dr. Estalella i Graells era f\u00edsic i qu\u00edmic i va investigar sobre els raigs X. Per\u00f2 a ell li agradava molt fer de mestre i va treballar a Madrid i a Tarragona i, durant la Rep\u00fablica Catalana, va fer de director a L\u2019Institut-Escola de Barcelona.<\/p>\n<p>All\u00e0 va ensenyar als altres mestres a com educar els alumnes. Era un mestre molt innovador i creia que calia tocar, veure, experimentar i sortir de les quatre parets de l\u2019aula sempre que fos possible. L\u2019alumne havia de ser el protagonista del seu aprenentatge i havia d\u2019estar a l\u2019escola amb un entorn que fos \u201ccom a casa\u201d.<\/p>\n<p>L&#8217;any 1918 va publicar per primera vegada el llibre &#8220;Ci\u00e8ncia recreativa&#8221;, un llibre molt interessant per aprendre jugant i experimentant.<\/p>\n<p>Sabeu que ell va ser un dels impulsors del museu del vi o del Vinseum? Segur que tamb\u00e9 estaria content de saber que l\u2019escola Estalella ara \u00e9s escola amiga del Vinseum.<\/p>\n<p>D\u00e8ia frases com:<\/p>\n<p><strong>\u201cAprendre costa, per\u00f2 feli\u00e7 aquell que pot anar aprenent tota la vida i a m\u00e9s prendre-s\u2019ho com un joc.\u201d<\/strong>\u00a0Dr. Estalella (1879-1938)<\/p>\n<p>La frase\u00a0<strong>\u201cquan facis alguna cosa, fes-la com si en all\u00f2 t\u2019hi an\u00e9s la vida\u201d<\/strong>, se l\u2019aplicava cont\u00ednuament.<\/p>\n<p>I tamb\u00e9 en deia una que tenim escrita aqu\u00ed a la font del pati:<\/p>\n<p><strong>\u201cM\u2019he proposat de fer homes bons, si a m\u00e9s s\u00f3n forts, millor, i si a m\u00e9s resulten savis, millor encara.\u201d Nosaltres cantem aquesta frase en l\u2019himne de la nostra escola.\u201d<\/strong><\/p>\n<p>El seu programa pedag\u00f2gic encara no ha caducat, el seu projecte de renovaci\u00f3 pedag\u00f2gica hagu\u00e9s pogut canviar l\u2019educaci\u00f3 d\u2019un pa\u00eds, per\u00f2 per desgr\u00e0cia va arribar la guerra civil, que va acabar no nom\u00e9s amb l\u2019Institut Escola, sin\u00f3 tamb\u00e9 amb la salut i la vida del Dr. Estalella, que va morir el 20 d\u2019abril de 1938.<\/p>\n<p>Despr\u00e9s, el Franquisme es va encarregar d\u2019esborrar qualsevol rastre d\u2019aquest model educatiu. Ara ens toca recuperar les seves idees i fer-les ben vives.<\/p>\n<p style=\"text-align: justify;\"><!--more--><\/p>\n<p>\u00a0 \u00a0 \u00a0 \u00a0 \u00a0 \u00a0 \u00a0 \u00a0 \u00a0 \u00a0 \u00a0 \u00a0 \u00a0 \u00a0 \u00a0 \u00a0 \u00a0 \u00a0 \u00a0 \u00a0 \u00a0 \u00a0 \u00a0 \u00a0 \u00a0 \u00a0 \u00a0 \u00a0 \u00a0 \u00a0 \u00a0 \u00a0 \u00a0 \u00a0 \u00a0 \u00a0 \u00a0 \u00a0 \u00a0 \u00a0 \u00a0 \u00a0 \u00a0 \u00a0 \u00a0 \u00a0 \u00a0 \u00a0<iframe loading=\"lazy\" src=\"https:\/\/www.youtube.com\/embed\/0F9AFOsdZEU\" width=\"560\" height=\"315\" frameborder=\"0\"><\/iframe><\/p>\n<h6><\/h6>\n<h6><\/h6>\n<h2 style=\"text-align: center;\"><strong>AUCA DE LA FESTA MAJOR DE VILAFRANCA DEL PENED\u00c8S<\/strong><\/h2>\n<p style=\"text-align: center;\">Rodolins del Dr. Josep Estalella Graells (1928)<\/p>\n<p style=\"text-align: center;\"><strong>D<\/strong>ibuixos \u2013<em>ninots<\/em>, que en deien aleshores\u2013 de Pau Boada (1947, any en qu\u00e8 es va publicar l\u2019auca)<\/p>\n<p><a href=\"http:\/\/agora.xtec.cat\/ceipestalella\/wp-content\/uploads\/usu318\/2014\/09\/20170320123843777_0001.jpg\"><img loading=\"lazy\" decoding=\"async\" class=\"size-large wp-image-5452 aligncenter\" src=\"http:\/\/agora.xtec.cat\/ceipestalella\/wp-content\/uploads\/usu318\/2014\/09\/20170320123843777_0001-1024x724.jpg\" alt=\"20170320123843777_0001\" width=\"1024\" height=\"724\" srcset=\"https:\/\/agora.xtec.cat\/ceipestalella\/wp-content\/uploads\/usu318\/2014\/09\/20170320123843777_0001-1024x724.jpg 1024w, https:\/\/agora.xtec.cat\/ceipestalella\/wp-content\/uploads\/usu318\/2014\/09\/20170320123843777_0001-300x212.jpg 300w, https:\/\/agora.xtec.cat\/ceipestalella\/wp-content\/uploads\/usu318\/2014\/09\/20170320123843777_0001-768x543.jpg 768w\" sizes=\"auto, (max-width: 1024px) 100vw, 1024px\" \/><\/a><\/p>\n<p>&nbsp;<\/p>\n<p style=\"text-align: center;\">1- Cada any se&#8217;n parla, tantost<\/p>\n<p style=\"text-align: center;\">es comen\u00e7a al mes d&#8217;agost.<\/p>\n<p style=\"text-align: center;\">2- Comprar un gall a ning\u00fa reca,<\/p>\n<p style=\"text-align: center;\">s\u2019ha de pensar en la teca.<\/p>\n<p style=\"text-align: center;\">3- A tot arreu fan dissabte<\/p>\n<p style=\"text-align: center;\">i un dia passa la Capta.<\/p>\n<p style=\"text-align: center;\">4- Un moss\u00e8n i tres senyors<\/p>\n<p style=\"text-align: center;\">s\u00f3n els administradors.<\/p>\n<p style=\"text-align: center;\">5- Per l\u2019almoina, molta o poca,<\/p>\n<p style=\"text-align: center;\">donen l\u2019estampa barroca.<\/p>\n<p style=\"text-align: center;\">6- Marxa al pas una tartana<\/p>\n<p style=\"text-align: center;\">darrera la caravana.<\/p>\n<p style=\"text-align: center;\">7- Algun dia a la novena<\/p>\n<p style=\"text-align: center;\">l&#8217;esgl\u00e9sia queda ben plena.<\/p>\n<p style=\"text-align: center;\">8- Preludi del que s\u2019atan\u00e7a<\/p>\n<p style=\"text-align: center;\">l\u2019orgue insinua una dansa.<\/p>\n<p style=\"text-align: center;\">9- Aparieu-vos brivalls<\/p>\n<p style=\"text-align: center;\">que han de fer el preg\u00f3 dels balls.<\/p>\n<p style=\"text-align: center;\">10- Hi haur\u00e0 pels petits dansaires<\/p>\n<p style=\"text-align: center;\">panderos i figuetaires.<\/p>\n<p style=\"text-align: center;\">11- Pels pastors els pastorets,<\/p>\n<p style=\"text-align: center;\">pels boters els cercolets.<\/p>\n<p style=\"text-align: center;\">12- Hi haur\u00e0 capgrossos pels nanos<\/p>\n<p style=\"text-align: center;\">i gitanes pels gitanos.<\/p>\n<p style=\"text-align: center;\">13-Pels antics era una ganga<\/p>\n<p style=\"text-align: center;\">poder tenir moixiganga.<\/p>\n<p style=\"text-align: center;\">14- Les dotze del vint-i-nou<\/p>\n<p style=\"text-align: center;\">tot el poble va enrenou.<\/p>\n<p style=\"text-align: center;\">15- Traques, repics i arribada<\/p>\n<p style=\"text-align: center;\">de la colla contractada.<\/p>\n<p style=\"text-align: center;\">16- Els bastons v\u00e9nen del Noia<\/p>\n<p style=\"text-align: center;\">i al pal porten una toia.<\/p>\n<p style=\"text-align: center;\">17- El drac fa molta feresa<\/p>\n<p style=\"text-align: center;\">quan surt amb la boca encesa.<\/p>\n<p style=\"text-align: center;\">18- L&#8217;\u00e0liga dansa marxant<\/p>\n<p style=\"text-align: center;\">endarrere i endavant.<\/p>\n<p style=\"text-align: center;\">19- Balls de diables n\u2019hi ha dos:<\/p>\n<p style=\"text-align: center;\">els d\u2019aqu\u00ed i els de l\u2019Arbo\u00e7.<\/p>\n<p style=\"text-align: center;\">20- Diuen uns versos seguits<\/p>\n<p style=\"text-align: center;\">que acaben amb pets i crits.<\/p>\n<p style=\"text-align: center;\">21- Qu\u00e8 me&#8217;n dieu dels gegants?<\/p>\n<p style=\"text-align: center;\">Que ballen millor que abans.<\/p>\n<p style=\"text-align: center;\">22- Els castell de foc \u00e9s bo.<\/p>\n<p style=\"text-align: center;\">Cada coet es porta el tro.<\/p>\n<p style=\"text-align: center;\">23- Quan l\u2019\u00faltima roda es cala<\/p>\n<p style=\"text-align: center;\">s\u2019encenen focs de bengala.<\/p>\n<p style=\"text-align: center;\">24- L&#8217;endem\u00e0, de bon mat\u00ed,<\/p>\n<p style=\"text-align: center;\">hi ha gralles i tambor\u00ed.<\/p>\n<p style=\"text-align: center;\">25- L&#8217;alcalde i el seu seguici<\/p>\n<p style=\"text-align: center;\">se&#8217;n van mudats cap a ofici.<\/p>\n<p style=\"text-align: center;\">26- Un predicador de fora<\/p>\n<p style=\"text-align: center;\">fa un serm\u00f3 que dura una hora.<\/p>\n<p style=\"text-align: center;\">27- Al davant de ca la Vila<\/p>\n<p style=\"text-align: center;\">cada ball balla i desfila.<\/p>\n<p style=\"text-align: center;\">28-Des d\u2019on es veu millor boi<\/p>\n<p style=\"text-align: center;\">\u00e9s dels balcons de Cal Moi.<\/p>\n<p style=\"text-align: center;\">29- Els Xiquets pugen castells<\/p>\n<p style=\"text-align: center;\">fins m\u00e9s amunt dels penells.<\/p>\n<p style=\"text-align: center;\">30- Les gralles diuen: Xiquet,<\/p>\n<p style=\"text-align: center;\">aguanta, que no est\u00e0 fet!<\/p>\n<p style=\"text-align: center;\">31- Al fi \u00e9s dalt l&#8217;enxaneta<\/p>\n<p style=\"text-align: center;\">i al\u00e7ant la m\u00e0, fa l&#8217;aleta.<\/p>\n<p style=\"text-align: center;\">32- Quina olor que s&#8217;ha sentit!<\/p>\n<p style=\"text-align: center;\">No \u00e9s p\u00f3lvora: \u00e9s el rostit.<\/p>\n<p style=\"text-align: center;\">33- Les noies ballen ufanes,<\/p>\n<p style=\"text-align: center;\">i si hi ha cobla, les sardanes.<\/p>\n<p style=\"text-align: center;\">34- Repics i esclats de morters:<\/p>\n<p style=\"text-align: center;\">Sant F\u00e8lix va pels carrers.<\/p>\n<p style=\"text-align: center;\">35- Els millors de <em>lo<\/em> millor,<\/p>\n<p style=\"text-align: center;\">veure entrar la process\u00f3.<\/p>\n<p style=\"text-align: center;\">36- Perqu\u00e8 ho vegi m\u00e9s b\u00e9 encara,<\/p>\n<p style=\"text-align: center;\">posen Sant F\u00e8lix de cara.<\/p>\n<p style=\"text-align: center;\">37- M\u00fasica, cants, campanades,<\/p>\n<p style=\"text-align: center;\">coets, atxes, morterades&#8230;<\/p>\n<p style=\"text-align: center;\">38-Timbals, gralles, foc i fum,<\/p>\n<p style=\"text-align: center;\">bombardes i esclats de llum.<\/p>\n<p style=\"text-align: center;\">39- Quan entra l&#8217;Ajuntament<\/p>\n<p style=\"text-align: center;\">el temple est\u00e0 resplendent.<\/p>\n<p style=\"text-align: center;\">40- A la cripta, ben guardades,<\/p>\n<p style=\"text-align: center;\">hi ha les rel\u00edquies sagrades.<\/p>\n<p style=\"text-align: center;\">41- Tamb\u00e9 hi guarden cosa bona<\/p>\n<p style=\"text-align: center;\">L\u2019enterrament d\u2019En Llimona.<\/p>\n<p style=\"text-align: center;\">42- Hi ha<em> funcions<\/em> de teatre<\/p>\n<p style=\"text-align: center;\">Que s\u2019acaben a les quatre.<\/p>\n<p style=\"text-align: center;\">43- Tenim ofici altra volta?<\/p>\n<p style=\"text-align: center;\">Pels morts, acaba amb absolta.<\/p>\n<p style=\"text-align: center;\">44-Alguns anys, despr\u00e9s del t\u00edpic,<\/p>\n<p style=\"text-align: center;\">se celebra concurs h\u00edpic.<\/p>\n<p style=\"text-align: center;\">45- Es fa alguna expocisi\u00f3<\/p>\n<p style=\"text-align: center;\">de quadres que D\u00e9u ni do.<\/p>\n<p style=\"text-align: center;\">46-Quan els trons s\u00f3n acabats,<\/p>\n<p style=\"text-align: center;\">donen balls les societats.<\/p>\n<p style=\"text-align: center;\">47- Ve a lluir-hi ben mudada<\/p>\n<p style=\"text-align: center;\">gent de tota la contrada.<\/p>\n<p style=\"text-align: center;\">48-El dos s&#8217;acaben els balls<\/p>\n<p style=\"text-align: center;\">i comencen els badalls.<\/p>\n<hr \/>\n<h2 style=\"text-align: center;\">LLIBRE DE CI\u00c8NCIA RECREATIVA<\/h2>\n<h4 style=\"text-align: center;\"><em>&#8220;Enigmes i problemes, observacions y experiments, <\/em><\/h4>\n<h4 style=\"text-align: center;\"><em>treballs d&#8217;habilitat i paci\u00e8ncia&#8221;<\/em><\/h4>\n<p>&nbsp;<\/p>\n<p>L&#8217;any 1918 el Dr. Estalella va publicar per primera vegada el llibre &#8220;Ci\u00e8ncia recreativa&#8221;. Un llibre molt interessant, pr\u00e0ctic i divertit. Aquest llibre el va dedicar especialment a joves com vosaltres que teniu ganes d&#8217;estudiar i d&#8217;entendre el que passa al vostre voltant.<\/p>\n<p>Es tracta d&#8217;un llibre magn\u00edficament il\u00b7lustrat amb 882 gravats i \u00a0991 actividats de ci\u00e8ncia recreativa, plenes de frivolitats, experiments vistosos, curiositats, paradoxes, entreteniments, tastets\u00a0cient\u00edfics, jocs de m\u00e0gia, papirofl\u00e8xia, ombres xineses&#8230; \u00a0la majoria de les quals es poden realitzar amb materials molt senzills.<\/p>\n<p>\u00c9s un llibre que convida a aprendre jugant. I \u00e9s que el joc pel Doctor Estalella era molt important:\u00a0<strong>\u201cAprendre costa, per\u00f2 feli\u00e7 aquell que pot anar aprenent tota la vida i a m\u00e9s prendre-s\u2019ho com un joc.\u201d<\/strong><\/p>\n<p>Aqu\u00ed teniu l&#8217;\u00edndex del llibre i m\u00e9s avall podreu clicar a la imatge i investigar i fer experiments i jocs de ci\u00e8ncia. Que en gaudiu molt!<\/p>\n<p><a href=\"http:\/\/www.librosmaravillosos.com\/cienciarecreativa\/index.html\"><img loading=\"lazy\" decoding=\"async\" class=\"wp-image-6349 size-full alignright\" src=\"http:\/\/agora.xtec.cat\/ceipestalella\/wp-content\/uploads\/usu318\/2014\/09\/Captura-de-pantalla-2017-11-19-a-les-9.41.08.png\" alt=\"\" width=\"324\" height=\"423\" srcset=\"https:\/\/agora.xtec.cat\/ceipestalella\/wp-content\/uploads\/usu318\/2014\/09\/Captura-de-pantalla-2017-11-19-a-les-9.41.08.png 324w, https:\/\/agora.xtec.cat\/ceipestalella\/wp-content\/uploads\/usu318\/2014\/09\/Captura-de-pantalla-2017-11-19-a-les-9.41.08-230x300.png 230w\" sizes=\"auto, (max-width: 324px) 100vw, 324px\" \/><\/a><\/p>\n<p>Contingut:<br \/>\n1. Enigmes i problemes<br \/>\n1.1. Q\u00fcestiones d&#8217;Aritm\u00e8tica<br \/>\n1.2. Q\u00fcestions geom\u00e8triques<br \/>\n1.3. Q\u00fcestiones varies<br \/>\n2. Observacions i experiments<br \/>\n2.1. F\u00edsica2.1.1. Mec\u00e0nica y gravetat<br \/>\n2.1.2. El so<br \/>\n2.1.3. La llum<br \/>\n2.1.4. La calor<br \/>\n2.1.5. Fen\u00f2mens capil\u00b7lars<br \/>\n2.1.6. Magnetisme y electricitat<br \/>\n2.2. Qu\u00edmica<br \/>\n2.3. Q\u00fcestions de geografia i hist\u00f2ria natural<br \/>\n3. Treballs d&#8217;habilitat i paci\u00e8ncia<br \/>\n3.1. Dibuixos, fotografies i reproduccions an\u00e0logues<br \/>\n3.2. Construccions de paper<br \/>\n3.3. Al campo<\/p>\n","protected":false},"excerpt":{"rendered":"<p>Hist\u00f2ria de l&#8217;escola\u00a0 L&#8217;escola est\u00e0 situada al centre de Vilafranca, en un espai on hi abans hi havia un convent [&hellip;]<\/p>\n","protected":false},"author":2,"featured_media":0,"parent":0,"menu_order":0,"comment_status":"closed","ping_status":"closed","template":"","meta":{"_bbp_topic_count":0,"_bbp_reply_count":0,"_bbp_total_topic_count":0,"_bbp_total_reply_count":0,"_bbp_voice_count":0,"_bbp_anonymous_reply_count":0,"_bbp_topic_count_hidden":0,"_bbp_reply_count_hidden":0,"_bbp_forum_subforum_count":0,"site-sidebar-layout":"default","site-content-layout":"","ast-site-content-layout":"","site-content-style":"default","site-sidebar-style":"default","ast-global-header-display":"","ast-banner-title-visibility":"","ast-main-header-display":"","ast-hfb-above-header-display":"","ast-hfb-below-header-display":"","ast-hfb-mobile-header-display":"","site-post-title":"","ast-breadcrumbs-content":"","ast-featured-img":"","footer-sml-layout":"","theme-transparent-header-meta":"","adv-header-id-meta":"","stick-header-meta":"","header-above-stick-meta":"","header-main-stick-meta":"","header-below-stick-meta":"","astra-migrate-meta-layouts":"default","ast-page-background-enabled":"default","ast-page-background-meta":{"desktop":{"background-color":"var(--ast-global-color-4)","background-image":"","background-repeat":"repeat","background-position":"center center","background-size":"auto","background-attachment":"scroll","background-type":"","background-media":"","overlay-type":"","overlay-color":"","overlay-opacity":"","overlay-gradient":""},"tablet":{"background-color":"","background-image":"","background-repeat":"repeat","background-position":"center center","background-size":"auto","background-attachment":"scroll","background-type":"","background-media":"","overlay-type":"","overlay-color":"","overlay-opacity":"","overlay-gradient":""},"mobile":{"background-color":"","background-image":"","background-repeat":"repeat","background-position":"center center","background-size":"auto","background-attachment":"scroll","background-type":"","background-media":"","overlay-type":"","overlay-color":"","overlay-opacity":"","overlay-gradient":""}},"ast-content-background-meta":{"desktop":{"background-color":"var(--ast-global-color-5)","background-image":"","background-repeat":"repeat","background-position":"center center","background-size":"auto","background-attachment":"scroll","background-type":"","background-media":"","overlay-type":"","overlay-color":"","overlay-opacity":"","overlay-gradient":""},"tablet":{"background-color":"var(--ast-global-color-5)","background-image":"","background-repeat":"repeat","background-position":"center center","background-size":"auto","background-attachment":"scroll","background-type":"","background-media":"","overlay-type":"","overlay-color":"","overlay-opacity":"","overlay-gradient":""},"mobile":{"background-color":"var(--ast-global-color-5)","background-image":"","background-repeat":"repeat","background-position":"center center","background-size":"auto","background-attachment":"scroll","background-type":"","background-media":"","overlay-type":"","overlay-color":"","overlay-opacity":"","overlay-gradient":""}},"footnotes":""},"class_list":["post-26","page","type-page","status-publish","hentry"],"post_mailing_queue_ids":[],"_links":{"self":[{"href":"https:\/\/agora.xtec.cat\/ceipestalella\/wp-json\/wp\/v2\/pages\/26","targetHints":{"allow":["GET"]}}],"collection":[{"href":"https:\/\/agora.xtec.cat\/ceipestalella\/wp-json\/wp\/v2\/pages"}],"about":[{"href":"https:\/\/agora.xtec.cat\/ceipestalella\/wp-json\/wp\/v2\/types\/page"}],"author":[{"embeddable":true,"href":"https:\/\/agora.xtec.cat\/ceipestalella\/wp-json\/wp\/v2\/users\/2"}],"replies":[{"embeddable":true,"href":"https:\/\/agora.xtec.cat\/ceipestalella\/wp-json\/wp\/v2\/comments?post=26"}],"version-history":[{"count":5,"href":"https:\/\/agora.xtec.cat\/ceipestalella\/wp-json\/wp\/v2\/pages\/26\/revisions"}],"predecessor-version":[{"id":17706,"href":"https:\/\/agora.xtec.cat\/ceipestalella\/wp-json\/wp\/v2\/pages\/26\/revisions\/17706"}],"wp:attachment":[{"href":"https:\/\/agora.xtec.cat\/ceipestalella\/wp-json\/wp\/v2\/media?parent=26"}],"curies":[{"name":"wp","href":"https:\/\/api.w.org\/{rel}","templated":true}]}}