{"id":14935,"date":"2021-08-05T14:00:58","date_gmt":"2021-08-05T12:00:58","guid":{"rendered":"https:\/\/agora.xtec.cat\/ceipestalella\/?page_id=14935"},"modified":"2025-09-29T13:04:18","modified_gmt":"2025-09-29T11:04:18","slug":"sortides-i-activitats-3r","status":"publish","type":"page","link":"https:\/\/agora.xtec.cat\/ceipestalella\/sortides-i-activitats-3r\/","title":{"rendered":"Sortides i activitats 3r"},"content":{"rendered":"<p><strong>1r trimestre<\/strong><\/p>\n<ul style=\"list-style-type: disc;\">\n<li style=\"text-align: justify;\"><strong>Vinseum (30\/09\/2025):<\/strong> Durant la Festa Major fem servir tots els sentits, la vista, l\u2019olfacte, el tacte, l\u2019o\u00efda i el gust; per\u00f2 moltes vegades no en som conscients, els fem servir tots alhora i el nostre cos es satura de sensacions. Amb aquest taller intentarem viure la festa a poc a poc, separant tots aquests sentits i donant-los un moment i un pes a cadascun d\u2019ells. A la primera part de l\u2019activitat farem un recorregut sensorial per l\u2019exposici\u00f3 i despr\u00e9s ja posarem en pr\u00e0ctica els nostres sentits tot realitzant un taller d\u2019expressi\u00f3 art\u00edstica, que tindr\u00e0 com a resultat un mocador de la festa major molt ben decorat.<a href=\"https:\/\/agora.xtec.cat\/ceipestalella\/wp-content\/uploads\/usu318\/2022\/09\/FIkp-thWYAALgBJ.jpg\"><img loading=\"lazy\" decoding=\"async\" class=\"wp-image-16396 aligncenter\" src=\"https:\/\/agora.xtec.cat\/ceipestalella\/wp-content\/uploads\/usu318\/2022\/09\/FIkp-thWYAALgBJ-1024x1024.jpg\" alt=\"\" width=\"277\" height=\"277\" srcset=\"https:\/\/agora.xtec.cat\/ceipestalella\/wp-content\/uploads\/usu318\/2022\/09\/FIkp-thWYAALgBJ-1024x1024.jpg 1024w, https:\/\/agora.xtec.cat\/ceipestalella\/wp-content\/uploads\/usu318\/2022\/09\/FIkp-thWYAALgBJ-300x300.jpg 300w, https:\/\/agora.xtec.cat\/ceipestalella\/wp-content\/uploads\/usu318\/2022\/09\/FIkp-thWYAALgBJ-150x150.jpg 150w, https:\/\/agora.xtec.cat\/ceipestalella\/wp-content\/uploads\/usu318\/2022\/09\/FIkp-thWYAALgBJ-768x768.jpg 768w, https:\/\/agora.xtec.cat\/ceipestalella\/wp-content\/uploads\/usu318\/2022\/09\/FIkp-thWYAALgBJ.jpg 1536w\" sizes=\"auto, (max-width: 277px) 100vw, 277px\" \/><\/a><\/li>\n<li style=\"text-align: justify;\"><strong>Museu Pau Casals (18\/11\/2025):<\/strong> Sortida relacionada amb l&#8217;\u00e0rea de m\u00fasica. El Museu Pau Casals est\u00e0 ubicat a la casa d\u2019estiueig de Pau Casals situada a la platja de Sant Salvador. La seva visita ens permetr\u00e0 descobrir la vida i el llegat hum\u00e0 d\u2019un dels m\u00fasics m\u00e9s importants del segle XX.<\/li>\n<\/ul>\n<p style=\"text-align: center;\"><a href=\"https:\/\/agora.xtec.cat\/ceipestalella\/wp-content\/uploads\/usu318\/2022\/09\/image.png\"><img loading=\"lazy\" decoding=\"async\" class=\"alignnone size-full wp-image-16457\" src=\"https:\/\/agora.xtec.cat\/ceipestalella\/wp-content\/uploads\/usu318\/2022\/09\/image.png\" alt=\"\" width=\"259\" height=\"194\" srcset=\"https:\/\/agora.xtec.cat\/ceipestalella\/wp-content\/uploads\/usu318\/2022\/09\/image.png 259w, https:\/\/agora.xtec.cat\/ceipestalella\/wp-content\/uploads\/usu318\/2022\/09\/image-200x150.png 200w\" sizes=\"auto, (max-width: 259px) 100vw, 259px\" \/><\/a><\/p>\n<p><strong>2n trimestre<\/strong><\/p>\n<ul>\n<li><strong>Obra de teatre (23\/02\/2026): <\/strong>\u00a0&#8220;<em>Joan sense m\u00f2bil<\/em>&#8220;.<\/li>\n<li style=\"text-align: justify;\"><strong>Caminada per Vilafranca i visita a l&#8217;Ajuntament i el campanar:<\/strong> Aquesta sortida ens permetr\u00e0 con\u00e8ixer la nostra ciutat i l&#8217;Ajuntament. Pujarem al campanar i veurem Vilafranca del Pened\u00e8s des d&#8217;una altra perspectiva.<\/li>\n<\/ul>\n<p><a href=\"https:\/\/agora.xtec.cat\/ceipestalella\/wp-content\/uploads\/usu318\/2022\/09\/21_2.jpg\"><img loading=\"lazy\" decoding=\"async\" class=\"wp-image-16397 aligncenter\" src=\"https:\/\/agora.xtec.cat\/ceipestalella\/wp-content\/uploads\/usu318\/2022\/09\/21_2.jpg\" alt=\"\" width=\"295\" height=\"299\" srcset=\"https:\/\/agora.xtec.cat\/ceipestalella\/wp-content\/uploads\/usu318\/2022\/09\/21_2.jpg 841w, https:\/\/agora.xtec.cat\/ceipestalella\/wp-content\/uploads\/usu318\/2022\/09\/21_2-297x300.jpg 297w, https:\/\/agora.xtec.cat\/ceipestalella\/wp-content\/uploads\/usu318\/2022\/09\/21_2-768x776.jpg 768w\" sizes=\"auto, (max-width: 295px) 100vw, 295px\" \/><\/a><\/p>\n<ul>\n<li style=\"text-align: justify;\"><strong>Ruta hist\u00f2rica del comer\u00e7 (11\/2\/2026):<\/strong> A partir de realitzar aquesta sortida i con\u00e8ixer el comer\u00e7 proper de la nostra localitat, treballarem els oficis i els sectors econ\u00f2mics dintre del projecte de Vilafranca del Pened\u00e8s.<\/li>\n<li><strong>4 sessions de piscina<\/strong> <strong>(<del>10, 17 i 24 de febrer i 10 de mar\u00e7<\/del>). <\/strong><span style=\"background-color: #ff0000;\">Es reempendran quan s&#8217;hagin rehabilitat les instal\u00b7lacions.<\/span><\/li>\n<\/ul>\n<p><a href=\"https:\/\/agora.xtec.cat\/ceipestalella\/wp-content\/uploads\/usu318\/2022\/09\/piscina6.jpg\"><img loading=\"lazy\" decoding=\"async\" class=\"wp-image-16398 aligncenter\" src=\"https:\/\/agora.xtec.cat\/ceipestalella\/wp-content\/uploads\/usu318\/2022\/09\/piscina6.jpg\" alt=\"\" width=\"354\" height=\"221\" srcset=\"https:\/\/agora.xtec.cat\/ceipestalella\/wp-content\/uploads\/usu318\/2022\/09\/piscina6.jpg 800w, https:\/\/agora.xtec.cat\/ceipestalella\/wp-content\/uploads\/usu318\/2022\/09\/piscina6-300x188.jpg 300w, https:\/\/agora.xtec.cat\/ceipestalella\/wp-content\/uploads\/usu318\/2022\/09\/piscina6-768x480.jpg 768w\" sizes=\"auto, (max-width: 354px) 100vw, 354px\" \/><\/a><\/p>\n<ul>\n<li><strong><strong>Col\u00f2nies <\/strong><\/strong><strong>(5 i 6 de mar\u00e7<\/strong>):Col\u00f2nies a Sant Feliu de Buixadeu, a la casa de col\u00f2nies Can Vandrell. Farem activitats relacionades amb l&#8217;univers i l&#8217;espai. A m\u00e9s a m\u00e9s, jocs cooperatius i un circuit d&#8217;al\u00e7ada!\n<p>Aquest curs anem de col\u00f2nies tot <strong>Cicle Mitj\u00e0<\/strong>.<\/p>\n<table style=\"border-collapse: collapse; width: 95.5915%; height: 416px;\">\n<tbody>\n<tr>\n<td style=\"width: 680px;\"><img loading=\"lazy\" decoding=\"async\" class=\"alignnone wp-image-19982 size-full\" src=\"https:\/\/agora.xtec.cat\/ceipestalella\/wp-content\/uploads\/usu318\/2025\/09\/Casa-de-colonies-Can-Vandrell.jpg\" alt=\"\" width=\"975\" height=\"654\" srcset=\"https:\/\/agora.xtec.cat\/ceipestalella\/wp-content\/uploads\/usu318\/2025\/09\/Casa-de-colonies-Can-Vandrell.jpg 975w, https:\/\/agora.xtec.cat\/ceipestalella\/wp-content\/uploads\/usu318\/2025\/09\/Casa-de-colonies-Can-Vandrell-300x201.jpg 300w, https:\/\/agora.xtec.cat\/ceipestalella\/wp-content\/uploads\/usu318\/2025\/09\/Casa-de-colonies-Can-Vandrell-150x101.jpg 150w, https:\/\/agora.xtec.cat\/ceipestalella\/wp-content\/uploads\/usu318\/2025\/09\/Casa-de-colonies-Can-Vandrell-768x515.jpg 768w\" sizes=\"auto, (max-width: 975px) 100vw, 975px\" \/><\/td>\n<td style=\"width: 680px;\"><img loading=\"lazy\" decoding=\"async\" class=\"alignnone wp-image-19983 size-full\" src=\"https:\/\/agora.xtec.cat\/ceipestalella\/wp-content\/uploads\/usu318\/2025\/09\/Casa-de-colonies-Can-Vandrell-circuit-aventura.jpg\" alt=\"\" width=\"975\" height=\"654\" srcset=\"https:\/\/agora.xtec.cat\/ceipestalella\/wp-content\/uploads\/usu318\/2025\/09\/Casa-de-colonies-Can-Vandrell-circuit-aventura.jpg 975w, https:\/\/agora.xtec.cat\/ceipestalella\/wp-content\/uploads\/usu318\/2025\/09\/Casa-de-colonies-Can-Vandrell-circuit-aventura-300x201.jpg 300w, https:\/\/agora.xtec.cat\/ceipestalella\/wp-content\/uploads\/usu318\/2025\/09\/Casa-de-colonies-Can-Vandrell-circuit-aventura-150x101.jpg 150w, https:\/\/agora.xtec.cat\/ceipestalella\/wp-content\/uploads\/usu318\/2025\/09\/Casa-de-colonies-Can-Vandrell-circuit-aventura-768x515.jpg 768w\" sizes=\"auto, (max-width: 975px) 100vw, 975px\" \/><\/td>\n<\/tr>\n<\/tbody>\n<\/table>\n<\/li>\n<\/ul>\n<p><strong>3r trimestre<\/strong><\/p>\n<ul>\n<li style=\"text-align: justify;\"><strong>CRARC (15\/04\/2026)<\/strong> (Centre de Recuperaci\u00f3 de R\u00e8ptils i Amfibis de Catalunya). Qu\u00e8 passa quan es troba un animal en perill d&#8217;extinci\u00f3 ferit? Doncs al CRARC es dediquen a curar i recuperar aquests animals. Gaudirem de l&#8217;experi\u00e8ncia de con\u00e8ixer r\u00e8ptils i amfibis, propis i foranis.<\/li>\n<\/ul>\n<p><iframe loading=\"lazy\" title=\"UNA VISITA A LOS &quot;OTROS&quot;. \u00a1BIENVENIDOS AL CRARC!...\" src=\"https:\/\/www.youtube.com\/embed\/iwTMAjnS6Ak\" width=\"640\" height=\"360\" frameborder=\"0\" allowfullscreen=\"allowfullscreen\"><\/iframe><\/p>\n<ul>\n<li style=\"text-align: justify;\"><strong>Jornades Esportives (26 de mar\u00e7).<\/strong> Com cada any ens passarem el mat\u00ed fent esport i jocs diversos que fomenten la cooperaci\u00f3 , el treball en equip, el respecte i la diversi\u00f3.<\/li>\n<\/ul>\n<p><img loading=\"lazy\" decoding=\"async\" class=\"aligncenter\" src=\"https:\/\/upload.wikimedia.org\/wikipedia\/commons\/0\/06\/Turons_de_Pacs_del_Pened%C3%A8s_-_4.jpg\" alt=\"Muntanya de Sant Pau (Vilafranca del Pened\u00e8s) - Viquip\u00e8dia, l&amp;#39;enciclop\u00e8dia lliure\" width=\"391\" height=\"261\" \/><\/p>\n\n\n<p><\/p>\n","protected":false},"excerpt":{"rendered":"<p>1r trimestre Vinseum (30\/09\/2025): Durant la Festa Major fem servir tots els sentits, la vista, l\u2019olfacte, el tacte, l\u2019o\u00efda i [&hellip;]<\/p>\n","protected":false},"author":1,"featured_media":0,"parent":0,"menu_order":0,"comment_status":"closed","ping_status":"closed","template":"","meta":{"_bbp_topic_count":0,"_bbp_reply_count":0,"_bbp_total_topic_count":0,"_bbp_total_reply_count":0,"_bbp_voice_count":0,"_bbp_anonymous_reply_count":0,"_bbp_topic_count_hidden":0,"_bbp_reply_count_hidden":0,"_bbp_forum_subforum_count":0,"site-sidebar-layout":"default","site-content-layout":"","ast-site-content-layout":"default","site-content-style":"default","site-sidebar-style":"default","ast-global-header-display":"","ast-banner-title-visibility":"","ast-main-header-display":"","ast-hfb-above-header-display":"","ast-hfb-below-header-display":"","ast-hfb-mobile-header-display":"","site-post-title":"","ast-breadcrumbs-content":"","ast-featured-img":"","footer-sml-layout":"","theme-transparent-header-meta":"","adv-header-id-meta":"","stick-header-meta":"","header-above-stick-meta":"","header-main-stick-meta":"","header-below-stick-meta":"","astra-migrate-meta-layouts":"set","ast-page-background-enabled":"default","ast-page-background-meta":{"desktop":{"background-color":"var(--ast-global-color-4)","background-image":"","background-repeat":"repeat","background-position":"center center","background-size":"auto","background-attachment":"scroll","background-type":"","background-media":"","overlay-type":"","overlay-color":"","overlay-opacity":"","overlay-gradient":""},"tablet":{"background-color":"","background-image":"","background-repeat":"repeat","background-position":"center center","background-size":"auto","background-attachment":"scroll","background-type":"","background-media":"","overlay-type":"","overlay-color":"","overlay-opacity":"","overlay-gradient":""},"mobile":{"background-color":"","background-image":"","background-repeat":"repeat","background-position":"center center","background-size":"auto","background-attachment":"scroll","background-type":"","background-media":"","overlay-type":"","overlay-color":"","overlay-opacity":"","overlay-gradient":""}},"ast-content-background-meta":{"desktop":{"background-color":"var(--ast-global-color-5)","background-image":"","background-repeat":"repeat","background-position":"center center","background-size":"auto","background-attachment":"scroll","background-type":"","background-media":"","overlay-type":"","overlay-color":"","overlay-opacity":"","overlay-gradient":""},"tablet":{"background-color":"var(--ast-global-color-5)","background-image":"","background-repeat":"repeat","background-position":"center center","background-size":"auto","background-attachment":"scroll","background-type":"","background-media":"","overlay-type":"","overlay-color":"","overlay-opacity":"","overlay-gradient":""},"mobile":{"background-color":"var(--ast-global-color-5)","background-image":"","background-repeat":"repeat","background-position":"center center","background-size":"auto","background-attachment":"scroll","background-type":"","background-media":"","overlay-type":"","overlay-color":"","overlay-opacity":"","overlay-gradient":""}},"footnotes":""},"class_list":["post-14935","page","type-page","status-publish","hentry"],"post_mailing_queue_ids":[],"_links":{"self":[{"href":"https:\/\/agora.xtec.cat\/ceipestalella\/wp-json\/wp\/v2\/pages\/14935","targetHints":{"allow":["GET"]}}],"collection":[{"href":"https:\/\/agora.xtec.cat\/ceipestalella\/wp-json\/wp\/v2\/pages"}],"about":[{"href":"https:\/\/agora.xtec.cat\/ceipestalella\/wp-json\/wp\/v2\/types\/page"}],"author":[{"embeddable":true,"href":"https:\/\/agora.xtec.cat\/ceipestalella\/wp-json\/wp\/v2\/users\/1"}],"replies":[{"embeddable":true,"href":"https:\/\/agora.xtec.cat\/ceipestalella\/wp-json\/wp\/v2\/comments?post=14935"}],"version-history":[{"count":5,"href":"https:\/\/agora.xtec.cat\/ceipestalella\/wp-json\/wp\/v2\/pages\/14935\/revisions"}],"predecessor-version":[{"id":20198,"href":"https:\/\/agora.xtec.cat\/ceipestalella\/wp-json\/wp\/v2\/pages\/14935\/revisions\/20198"}],"wp:attachment":[{"href":"https:\/\/agora.xtec.cat\/ceipestalella\/wp-json\/wp\/v2\/media?parent=14935"}],"curies":[{"name":"wp","href":"https:\/\/api.w.org\/{rel}","templated":true}]}}