{"id":5324,"date":"2025-02-13T12:45:03","date_gmt":"2025-02-13T11:45:03","guid":{"rendered":"https:\/\/agora.xtec.cat\/ceipestacio\/?page_id=5324"},"modified":"2025-02-27T14:36:36","modified_gmt":"2025-02-27T13:36:36","slug":"pla-catala-de-lesport","status":"publish","type":"page","link":"https:\/\/agora.xtec.cat\/ceipestacio\/pla-catala-de-lesport\/","title":{"rendered":"EL PLA CATAL\u00c0 DE L&#8217;ESPORT A LA NOSTRA ESCOLA (PCEE)"},"content":{"rendered":"<p><span style=\"font-weight: 400;\">La nostra escola forma part, des de fa 16 anys del Pla Catal\u00e0 d\u2019Esport a l\u2019Escola (PCEE).<\/span><\/p>\n<p><span style=\"font-weight: 400;\">L\u2019objectiu de la participaci\u00f3 en aquest Pla \u00e9s :<\/span><\/p>\n<ul>\n<li style=\"font-weight: 400;\" aria-level=\"1\"><span style=\"font-weight: 400;\">Fomentar i incrementar la pr\u00e0ctica esportiva al centre a trav\u00e9s de la secci\u00f3 esportiva de l\u2019Ampa.<\/span><\/li>\n<li style=\"font-weight: 400;\" aria-level=\"1\"><span style=\"font-weight: 400;\">La Coordinaci\u00f3 de les activitats esportives extraescolars.<\/span><\/li>\n<li style=\"font-weight: 400;\" aria-level=\"1\"><span style=\"font-weight: 400;\">La col\u00b7laboraci\u00f3 entre el centre educatiu, el consell esportiu i l\u2019ajuntament.\u00a0<\/span><\/li>\n<li style=\"font-weight: 400;\" aria-level=\"1\"><span style=\"font-weight: 400;\">Potenciar els h\u00e0bits saludables.<\/span><\/li>\n<li style=\"font-weight: 400;\" aria-level=\"1\"><span style=\"font-weight: 400;\">Utilitzar l\u2019activitat f\u00edsica i esportiva per afavorir la cohesi\u00f3 social.<\/span><\/li>\n<li style=\"font-weight: 400;\" aria-level=\"1\"><span style=\"font-weight: 400;\">Potenciar la formaci\u00f3 esportiva.<\/span><\/li>\n<li style=\"font-weight: 400;\" aria-level=\"1\"><span style=\"font-weight: 400;\">Organitzaci\u00f3 i seguiment de totes les activitats esportives que es realitzen a l\u2019escola i al municipi o aquelles que sorgeixen arran dels esports que s\u2019ofereixen com les activitats extraescolars (cros escolars, trobades esportives\u2026)<\/span><\/li>\n<\/ul>\n<p><span style=\"font-weight: 400;\">L&#8217;objectiu principal del PCEE de la nostra escola\u00a0 \u00e9s apostar per 2 esports que des de fa for\u00e7a temps ens representen i que son<\/span><b> l\u2019atletisme<\/b><span style=\"font-weight: 400;\">, esport individual per\u00f2 amb moltes possibilitats i potencialitats i <\/span><b>el Korfbal<\/b><span style=\"font-weight: 400;\"> com esport mixt, d\u2019equip i amb una mirada molt important cap la cooperaci\u00f3 del grup.\u00a0<\/span><\/p>\n<p><span style=\"font-weight: 400;\">A part d\u2019aquest primer objectiu cal remarcar que tamb\u00e9 es treballa en la coordinaci\u00f3 amb les entitats o empreses que ofereixen la resta d\u2019activitats extraescolars esportives (futbol-sala, mou-te, funky\u2026)\u00a0<\/span><\/p>\n<p><span style=\"font-weight: 400;\">Tot i que la coordinaci\u00f3 del Pla Catal\u00e0 recau en la figura de la mestra d\u2019educaci\u00f3 f\u00edsica (Anna Barb\u00e9) la veritat \u00e9s que s&#8217;ha de destacar el suport per part de tot l\u2019equip directiu, l\u2019Ampa, l\u2019administrativa del centre i el mestre tutor de cicle superior amb l\u2019especialitat d\u2019educaci\u00f3 f\u00edsica (Joan Carles P\u00e9riz). Sense aquesta coordinaci\u00f3 i treball en equip seria molt dif\u00edcil el treball i l\u2019organitzaci\u00f3 de les activitats del Pla Catal\u00e0.<\/span><\/p>\n<p><img decoding=\"async\" src=\"https:\/\/agora.xtec.cat\/ceipestacio\/wp-content\/uploads\/usu1918\/2024\/04\/pistes.jpg\" \/><\/p>\n<p><a href=\"https:\/\/esport.gencat.cat\/ca\/arees_dactuacio\/escolar\/placatala_esportescola\/index.html\">LINK AL PLA CATAL\u00c0 DE L&#8217;ESPORT<\/a><\/p>\n","protected":false},"excerpt":{"rendered":"<p>La nostra escola forma part, des de fa 16 anys del Pla Catal\u00e0 d\u2019Esport a l\u2019Escola (PCEE). L\u2019objectiu de la [&hellip;]<\/p>\n","protected":false},"author":1,"featured_media":0,"parent":0,"menu_order":0,"comment_status":"closed","ping_status":"closed","template":"","meta":{"_bbp_topic_count":0,"_bbp_reply_count":0,"_bbp_total_topic_count":0,"_bbp_total_reply_count":0,"_bbp_voice_count":0,"_bbp_anonymous_reply_count":0,"_bbp_topic_count_hidden":0,"_bbp_reply_count_hidden":0,"_bbp_forum_subforum_count":0,"site-sidebar-layout":"default","site-content-layout":"","ast-site-content-layout":"default","site-content-style":"default","site-sidebar-style":"default","ast-global-header-display":"","ast-banner-title-visibility":"","ast-main-header-display":"","ast-hfb-above-header-display":"","ast-hfb-below-header-display":"","ast-hfb-mobile-header-display":"","site-post-title":"","ast-breadcrumbs-content":"","ast-featured-img":"","footer-sml-layout":"","theme-transparent-header-meta":"default","adv-header-id-meta":"","stick-header-meta":"","header-above-stick-meta":"","header-main-stick-meta":"","header-below-stick-meta":"","astra-migrate-meta-layouts":"set","ast-page-background-enabled":"default","ast-page-background-meta":{"desktop":{"background-color":"var(--ast-global-color-4)","background-image":"","background-repeat":"repeat","background-position":"center center","background-size":"auto","background-attachment":"scroll","background-type":"","background-media":"","overlay-type":"","overlay-color":"","overlay-opacity":"","overlay-gradient":""},"tablet":{"background-color":"","background-image":"","background-repeat":"repeat","background-position":"center center","background-size":"auto","background-attachment":"scroll","background-type":"","background-media":"","overlay-type":"","overlay-color":"","overlay-opacity":"","overlay-gradient":""},"mobile":{"background-color":"","background-image":"","background-repeat":"repeat","background-position":"center center","background-size":"auto","background-attachment":"scroll","background-type":"","background-media":"","overlay-type":"","overlay-color":"","overlay-opacity":"","overlay-gradient":""}},"ast-content-background-meta":{"desktop":{"background-color":"var(--ast-global-color-5)","background-image":"","background-repeat":"repeat","background-position":"center center","background-size":"auto","background-attachment":"scroll","background-type":"","background-media":"","overlay-type":"","overlay-color":"","overlay-opacity":"","overlay-gradient":""},"tablet":{"background-color":"var(--ast-global-color-5)","background-image":"","background-repeat":"repeat","background-position":"center center","background-size":"auto","background-attachment":"scroll","background-type":"","background-media":"","overlay-type":"","overlay-color":"","overlay-opacity":"","overlay-gradient":""},"mobile":{"background-color":"var(--ast-global-color-5)","background-image":"","background-repeat":"repeat","background-position":"center center","background-size":"auto","background-attachment":"scroll","background-type":"","background-media":"","overlay-type":"","overlay-color":"","overlay-opacity":"","overlay-gradient":""}},"footnotes":""},"class_list":["post-5324","page","type-page","status-publish","hentry"],"post_mailing_queue_ids":[],"_links":{"self":[{"href":"https:\/\/agora.xtec.cat\/ceipestacio\/wp-json\/wp\/v2\/pages\/5324","targetHints":{"allow":["GET"]}}],"collection":[{"href":"https:\/\/agora.xtec.cat\/ceipestacio\/wp-json\/wp\/v2\/pages"}],"about":[{"href":"https:\/\/agora.xtec.cat\/ceipestacio\/wp-json\/wp\/v2\/types\/page"}],"author":[{"embeddable":true,"href":"https:\/\/agora.xtec.cat\/ceipestacio\/wp-json\/wp\/v2\/users\/1"}],"replies":[{"embeddable":true,"href":"https:\/\/agora.xtec.cat\/ceipestacio\/wp-json\/wp\/v2\/comments?post=5324"}],"version-history":[{"count":3,"href":"https:\/\/agora.xtec.cat\/ceipestacio\/wp-json\/wp\/v2\/pages\/5324\/revisions"}],"predecessor-version":[{"id":5367,"href":"https:\/\/agora.xtec.cat\/ceipestacio\/wp-json\/wp\/v2\/pages\/5324\/revisions\/5367"}],"wp:attachment":[{"href":"https:\/\/agora.xtec.cat\/ceipestacio\/wp-json\/wp\/v2\/media?parent=5324"}],"curies":[{"name":"wp","href":"https:\/\/api.w.org\/{rel}","templated":true}]}}