{"id":28,"date":"2014-09-18T12:29:35","date_gmt":"2014-09-18T11:29:35","guid":{"rendered":"http:\/\/agora.xtec.cat\/ceipestacio\/?page_id=28"},"modified":"2025-09-03T11:31:46","modified_gmt":"2025-09-03T09:31:46","slug":"consell-escolar","status":"publish","type":"page","link":"https:\/\/agora.xtec.cat\/ceipestacio\/lescola\/consell-escolar\/","title":{"rendered":"Consell escolar"},"content":{"rendered":"<p>Les mares i els pares dels alumnes matriculats en un centre educatiu, per mitj\u00e0 dels representants escollits en les eleccions, formen part del consell escolar del centre.<\/p>\n<div class=\"FW_sArticleFoto\">\n<div class=\"FW_sEditPro\">\n<p>El consell escolar \u00e9s l&#8217;\u00f2rgan de participaci\u00f3 dels diferents sectors de la comunitat educativa en el govern dels centres.<\/p>\n<p>El formen els representants de tota la comunitat educativa, \u00e9s a dir, direcci\u00f3, professors, alumnes, fam\u00edlies, personal d&#8217;administraci\u00f3 i serveis, representant de l&#8217;administraci\u00f3 local i altres persones que el mateix consell consideri necess\u00e0ries.<\/p>\n<p>La funci\u00f3 principal del consell escolar \u00e9s participar en la presa de decisions en relaci\u00f3 amb aquells temes importants per al funcionament i l&#8217;organitzaci\u00f3 del centre: el projecte educatiu, la programaci\u00f3 general, la gesti\u00f3 econ\u00f2mica, la resoluci\u00f3 dels conflictes, les activitats extraescolars, l&#8217;horari lectiu, etc.<\/p>\n<p>Els professionals dels centres i les fam\u00edlies compartim un objectiu:\u00a0l&#8217;\u00e8xit social i personal dels fills. Les decisions que es prenen al consell escolar s\u00f3n claus\u00a0per al funcionament i la millora del centre i, per tant, tamb\u00e9 per a l&#8217;\u00e8xit educatiu de tots els alumnes. \u00c9s per aquest motiu que la participaci\u00f3 i implicaci\u00f3 dels pares en les eleccions al consell escolar \u00e9s tan important.<\/p>\n<p><strong>COMPOSICI\u00d3 DEL CONSELL ESCOLAR DE L&#8217;ESCOLA L&#8217;ESTACI\u00d3<\/strong><\/p>\n<p><strong>PRESIDENTA<\/strong><\/p>\n<p>Isabel Ventura<\/p>\n<p><strong>CAP D&#8217;ESTUDIS<\/strong><\/p>\n<p>Tina Roca<\/p>\n<p><strong>SECRET\u00c0RIA<\/strong><\/p>\n<p>Sandra Sol\u00eds Rodr\u00edguez<\/p>\n<p><strong>REPRESENTANTS DE L&#8217;AMPA<\/strong><\/p>\n<p>Marta Vera<\/p>\n<p>Sara Bahraoui<\/p>\n<p>Paola Andrea Carrillo<\/p>\n<p>Jenni Nueda<\/p>\n<p>Marc Calvet<\/p>\n<p><strong>SECTOR MESTRES<\/strong><\/p>\n<p>Irene Mej\u00edas<\/p>\n<p>Goretti Serrat<\/p>\n<p>L\u00eddia Mu\u00f1oz<\/p>\n<p>\u00c0ngels Benito<\/p>\n<p>Aida Espinosa<\/p>\n<p><strong>REPRESENTANT AJUNTAMENT<\/strong><\/p>\n<p>Laura Serrano<\/p>\n<p><strong>SECTOR SERVEIS<\/strong><\/p>\n<p>Mireia Quintana<\/p>\n<p><strong>REPRESENTANT PAE<\/strong><\/p>\n<p>Ana G\u00f3mez<\/p>\n<\/div>\n<\/div>\n","protected":false},"excerpt":{"rendered":"<p>Les mares i els pares dels alumnes matriculats en un centre educatiu, per mitj\u00e0 dels representants escollits en les eleccions, [&hellip;]<\/p>\n","protected":false},"author":1,"featured_media":0,"parent":22,"menu_order":30,"comment_status":"closed","ping_status":"closed","template":"","meta":{"_bbp_topic_count":0,"_bbp_reply_count":0,"_bbp_total_topic_count":0,"_bbp_total_reply_count":0,"_bbp_voice_count":0,"_bbp_anonymous_reply_count":0,"_bbp_topic_count_hidden":0,"_bbp_reply_count_hidden":0,"_bbp_forum_subforum_count":0,"site-sidebar-layout":"default","site-content-layout":"","ast-site-content-layout":"default","site-content-style":"default","site-sidebar-style":"default","ast-global-header-display":"","ast-banner-title-visibility":"","ast-main-header-display":"","ast-hfb-above-header-display":"","ast-hfb-below-header-display":"","ast-hfb-mobile-header-display":"","site-post-title":"","ast-breadcrumbs-content":"","ast-featured-img":"","footer-sml-layout":"","theme-transparent-header-meta":"default","adv-header-id-meta":"","stick-header-meta":"","header-above-stick-meta":"","header-main-stick-meta":"","header-below-stick-meta":"","astra-migrate-meta-layouts":"set","ast-page-background-enabled":"default","ast-page-background-meta":{"desktop":{"background-color":"var(--ast-global-color-4)","background-image":"","background-repeat":"repeat","background-position":"center center","background-size":"auto","background-attachment":"scroll","background-type":"","background-media":"","overlay-type":"","overlay-color":"","overlay-opacity":"","overlay-gradient":""},"tablet":{"background-color":"","background-image":"","background-repeat":"repeat","background-position":"center center","background-size":"auto","background-attachment":"scroll","background-type":"","background-media":"","overlay-type":"","overlay-color":"","overlay-opacity":"","overlay-gradient":""},"mobile":{"background-color":"","background-image":"","background-repeat":"repeat","background-position":"center center","background-size":"auto","background-attachment":"scroll","background-type":"","background-media":"","overlay-type":"","overlay-color":"","overlay-opacity":"","overlay-gradient":""}},"ast-content-background-meta":{"desktop":{"background-color":"var(--ast-global-color-5)","background-image":"","background-repeat":"repeat","background-position":"center center","background-size":"auto","background-attachment":"scroll","background-type":"","background-media":"","overlay-type":"","overlay-color":"","overlay-opacity":"","overlay-gradient":""},"tablet":{"background-color":"var(--ast-global-color-5)","background-image":"","background-repeat":"repeat","background-position":"center center","background-size":"auto","background-attachment":"scroll","background-type":"","background-media":"","overlay-type":"","overlay-color":"","overlay-opacity":"","overlay-gradient":""},"mobile":{"background-color":"var(--ast-global-color-5)","background-image":"","background-repeat":"repeat","background-position":"center center","background-size":"auto","background-attachment":"scroll","background-type":"","background-media":"","overlay-type":"","overlay-color":"","overlay-opacity":"","overlay-gradient":""}},"footnotes":""},"class_list":["post-28","page","type-page","status-publish","hentry"],"post_mailing_queue_ids":[],"_links":{"self":[{"href":"https:\/\/agora.xtec.cat\/ceipestacio\/wp-json\/wp\/v2\/pages\/28","targetHints":{"allow":["GET"]}}],"collection":[{"href":"https:\/\/agora.xtec.cat\/ceipestacio\/wp-json\/wp\/v2\/pages"}],"about":[{"href":"https:\/\/agora.xtec.cat\/ceipestacio\/wp-json\/wp\/v2\/types\/page"}],"author":[{"embeddable":true,"href":"https:\/\/agora.xtec.cat\/ceipestacio\/wp-json\/wp\/v2\/users\/1"}],"replies":[{"embeddable":true,"href":"https:\/\/agora.xtec.cat\/ceipestacio\/wp-json\/wp\/v2\/comments?post=28"}],"version-history":[{"count":7,"href":"https:\/\/agora.xtec.cat\/ceipestacio\/wp-json\/wp\/v2\/pages\/28\/revisions"}],"predecessor-version":[{"id":5434,"href":"https:\/\/agora.xtec.cat\/ceipestacio\/wp-json\/wp\/v2\/pages\/28\/revisions\/5434"}],"up":[{"embeddable":true,"href":"https:\/\/agora.xtec.cat\/ceipestacio\/wp-json\/wp\/v2\/pages\/22"}],"wp:attachment":[{"href":"https:\/\/agora.xtec.cat\/ceipestacio\/wp-json\/wp\/v2\/media?parent=28"}],"curies":[{"name":"wp","href":"https:\/\/api.w.org\/{rel}","templated":true}]}}

<p>Les mares i els pares dels alumnes matriculats en un centre educatiu, per mitjà dels representants escollits en les eleccions, formen part del consell escolar del centre.</p>
<div class="FW_sArticleFoto">
<div class="FW_sEditPro">
<p>El consell escolar és l&#8217;òrgan de participació dels diferents sectors de la comunitat educativa en el govern dels centres.</p>
<p>El formen els representants de tota la comunitat educativa, és a dir, direcció, professors, alumnes, famílies, personal d&#8217;administració i serveis, representant de l&#8217;administració local i altres persones que el mateix consell consideri necessàries.</p>
<p>La funció principal del consell escolar és participar en la presa de decisions en relació amb aquells temes importants per al funcionament i l&#8217;organització del centre: el projecte educatiu, la programació general, la gestió econòmica, la resolució dels conflictes, les activitats extraescolars, l&#8217;horari lectiu, etc.</p>
<p>Els professionals dels centres i les famílies compartim un objectiu: l&#8217;èxit social i personal dels fills. Les decisions que es prenen al consell escolar són claus per al funcionament i la millora del centre i, per tant, també per a l&#8217;èxit educatiu de tots els alumnes. És per aquest motiu que la participació i implicació dels pares en les eleccions al consell escolar és tan important.</p>
<p><strong>COMPOSICIÓ DEL CONSELL ESCOLAR DE L&#8217;ESCOLA L&#8217;ESTACIÓ</strong></p>
<p><strong>PRESIDENTA</strong></p>
<p>Isabel Ventura</p>
<p><strong>CAP D&#8217;ESTUDIS</strong></p>
<p>Tina Roca</p>
<p><strong>SECRETÀRIA</strong></p>
<p>Sandra Solís Rodríguez</p>
<p><strong>REPRESENTANTS DE L&#8217;AMPA</strong></p>
<p>Marta Vera</p>
<p>Sara Bahraoui</p>
<p>Paola Andrea Carrillo</p>
<p>Jenni Nueda</p>
<p>Marc Calvet</p>
<p><strong>SECTOR MESTRES</strong></p>
<p>Irene Mejías</p>
<p>Goretti Serrat</p>
<p>Lídia Muñoz</p>
<p>Àngels Benito</p>
<p>Aida Espinosa</p>
<p><strong>REPRESENTANT AJUNTAMENT</strong></p>
<p>Laura Serrano</p>
<p><strong>SECTOR SERVEIS</strong></p>
<p>Mireia Quintana</p>
<p><strong>REPRESENTANT PAE</strong></p>
<p>Ana Gómez</p>
</div>
</div>

<p>Les mares i els pares dels alumnes matriculats en un centre educatiu, per mitjà dels representants escollits en les eleccions, [&hellip;]</p>
