{"id":7772,"date":"2024-10-16T12:02:06","date_gmt":"2024-10-16T10:02:06","guid":{"rendered":"https:\/\/agora.xtec.cat\/ceipespriu-granollers\/?page_id=7772"},"modified":"2024-10-25T08:34:27","modified_gmt":"2024-10-25T06:34:27","slug":"erasmus","status":"publish","type":"page","link":"https:\/\/agora.xtec.cat\/ceipespriu-granollers\/projecte-educatiu\/erasmus\/","title":{"rendered":"Erasmus+"},"content":{"rendered":"<p>&nbsp;<\/p>\n<p><img loading=\"lazy\" decoding=\"async\" class=\"aligncenter wp-image-7835 size-large\" src=\"https:\/\/agora.xtec.cat\/ceipespriu-granollers\/wp-content\/uploads\/usu780\/2024\/10\/unnamed-copia-1-1024x257.png\" alt=\"\" width=\"1024\" height=\"257\" srcset=\"https:\/\/agora.xtec.cat\/ceipespriu-granollers\/wp-content\/uploads\/usu780\/2024\/10\/unnamed-copia-1-1024x257.png 1024w, https:\/\/agora.xtec.cat\/ceipespriu-granollers\/wp-content\/uploads\/usu780\/2024\/10\/unnamed-copia-1-300x75.png 300w, https:\/\/agora.xtec.cat\/ceipespriu-granollers\/wp-content\/uploads\/usu780\/2024\/10\/unnamed-copia-1-768x192.png 768w, https:\/\/agora.xtec.cat\/ceipespriu-granollers\/wp-content\/uploads\/usu780\/2024\/10\/unnamed-copia-1-1536x385.png 1536w, https:\/\/agora.xtec.cat\/ceipespriu-granollers\/wp-content\/uploads\/usu780\/2024\/10\/unnamed-copia-1.png 1708w\" sizes=\"auto, (max-width: 1024px) 100vw, 1024px\" \/><\/p>\n<p>&nbsp;<\/p>\n<p><strong>Qu\u00e8 \u00e9s el Projecte Erasmus+?<\/strong><\/p>\n<p>El projecte Erasmus+ \u00e9s una iniciativa de la Uni\u00f3 Europea que promou la mobilitat educativa i la cooperaci\u00f3 internacional entre institucions educatives de tot Europa. L&#8217;objectiu principal \u00e9s millorar la qualitat de l&#8217;educaci\u00f3, fomentar la comprensi\u00f3 cultural i oferir als estudiants i professors noves oportunitats d&#8217;aprenentatge. El programa inclou estades en altres pa\u00efsos, intercanvis escolars, pr\u00e0ctiques laborals i projectes col\u00b7laboratius per millorar les compet\u00e8ncies i habilitats dels participants.<\/p>\n<p>&nbsp;<\/p>\n<p><strong>La nostra adhesi\u00f3 al programa Erasmus+<\/strong><\/p>\n<p>A la nostra escola, estem molt emocionats d&#8217;haver-nos adherit al projecte Erasmus+. Aquesta iniciativa ens permet oferir als nostres alumnes i docents una experi\u00e8ncia educativa enriquidora, tant en l&#8217;\u00e0mbit acad\u00e8mic com personal. A trav\u00e9s de la participaci\u00f3 en activitats i intercanvis internacionals, els estudiants podran aprendre en un entorn multicultural, desenvolupar les seves habilitats ling\u00fc\u00edstiques, i adquirir una perspectiva global sobre diferents \u00e0mbits del coneixement.<\/p>\n<p>L&#8217;adhesi\u00f3 al projecte Erasmus+ tamb\u00e9 suposa una oportunitat per als nostres docents, ja que podran compartir i aprendre noves pr\u00e0ctiques pedag\u00f2giques, establir vincles amb altres institucions educatives i fomentar la innovaci\u00f3 a les aules. Amb el suport del programa, la nostra escola vol contribuir a la construcci\u00f3 d&#8217;una Europa m\u00e9s inclusiva, tolerant i oberta a la diversitat.<\/p>\n<p><img loading=\"lazy\" decoding=\"async\" class=\"size-full wp-image-7832 alignleft\" src=\"https:\/\/agora.xtec.cat\/ceipespriu-granollers\/wp-content\/uploads\/usu780\/2024\/10\/images.png\" alt=\"\" width=\"308\" height=\"69\" srcset=\"https:\/\/agora.xtec.cat\/ceipespriu-granollers\/wp-content\/uploads\/usu780\/2024\/10\/images.png 308w, https:\/\/agora.xtec.cat\/ceipespriu-granollers\/wp-content\/uploads\/usu780\/2024\/10\/images-300x67.png 300w\" sizes=\"auto, (max-width: 308px) 100vw, 308px\" \/><\/p>\n","protected":false},"excerpt":{"rendered":"<p>&nbsp; &nbsp; Qu\u00e8 \u00e9s el Projecte Erasmus+? El projecte Erasmus+ \u00e9s una iniciativa de la Uni\u00f3 Europea que promou la mobilitat educativa i la cooperaci\u00f3 internacional entre institucions educatives de tot Europa. L&#8217;objectiu principal \u00e9s millorar la qualitat de l&#8217;educaci\u00f3, fomentar la comprensi\u00f3 cultural i oferir als estudiants i professors noves oportunitats d&#8217;aprenentatge. El programa [&hellip;]<\/p>\n","protected":false},"author":1,"featured_media":0,"parent":64,"menu_order":1,"comment_status":"closed","ping_status":"closed","template":"page-templates\/side-menu.php","meta":{"_bbp_topic_count":0,"_bbp_reply_count":0,"_bbp_total_topic_count":0,"_bbp_total_reply_count":0,"_bbp_voice_count":0,"_bbp_anonymous_reply_count":0,"_bbp_topic_count_hidden":0,"_bbp_reply_count_hidden":0,"_bbp_forum_subforum_count":0,"site-sidebar-layout":"default","site-content-layout":"","ast-site-content-layout":"","site-content-style":"default","site-sidebar-style":"default","ast-global-header-display":"","ast-banner-title-visibility":"","ast-main-header-display":"","ast-hfb-above-header-display":"","ast-hfb-below-header-display":"","ast-hfb-mobile-header-display":"","site-post-title":"","ast-breadcrumbs-content":"","ast-featured-img":"","footer-sml-layout":"","theme-transparent-header-meta":"","adv-header-id-meta":"","stick-header-meta":"","header-above-stick-meta":"","header-main-stick-meta":"","header-below-stick-meta":"","astra-migrate-meta-layouts":"default","ast-page-background-enabled":"default","ast-page-background-meta":{"desktop":{"background-color":"var(--ast-global-color-4)","background-image":"","background-repeat":"repeat","background-position":"center center","background-size":"auto","background-attachment":"scroll","background-type":"","background-media":"","overlay-type":"","overlay-color":"","overlay-opacity":"","overlay-gradient":""},"tablet":{"background-color":"","background-image":"","background-repeat":"repeat","background-position":"center center","background-size":"auto","background-attachment":"scroll","background-type":"","background-media":"","overlay-type":"","overlay-color":"","overlay-opacity":"","overlay-gradient":""},"mobile":{"background-color":"","background-image":"","background-repeat":"repeat","background-position":"center center","background-size":"auto","background-attachment":"scroll","background-type":"","background-media":"","overlay-type":"","overlay-color":"","overlay-opacity":"","overlay-gradient":""}},"ast-content-background-meta":{"desktop":{"background-color":"var(--ast-global-color-5)","background-image":"","background-repeat":"repeat","background-position":"center center","background-size":"auto","background-attachment":"scroll","background-type":"","background-media":"","overlay-type":"","overlay-color":"","overlay-opacity":"","overlay-gradient":""},"tablet":{"background-color":"var(--ast-global-color-5)","background-image":"","background-repeat":"repeat","background-position":"center center","background-size":"auto","background-attachment":"scroll","background-type":"","background-media":"","overlay-type":"","overlay-color":"","overlay-opacity":"","overlay-gradient":""},"mobile":{"background-color":"var(--ast-global-color-5)","background-image":"","background-repeat":"repeat","background-position":"center center","background-size":"auto","background-attachment":"scroll","background-type":"","background-media":"","overlay-type":"","overlay-color":"","overlay-opacity":"","overlay-gradient":""}},"footnotes":""},"class_list":["post-7772","page","type-page","status-publish","hentry"],"post_mailing_queue_ids":[],"_links":{"self":[{"href":"https:\/\/agora.xtec.cat\/ceipespriu-granollers\/wp-json\/wp\/v2\/pages\/7772","targetHints":{"allow":["GET"]}}],"collection":[{"href":"https:\/\/agora.xtec.cat\/ceipespriu-granollers\/wp-json\/wp\/v2\/pages"}],"about":[{"href":"https:\/\/agora.xtec.cat\/ceipespriu-granollers\/wp-json\/wp\/v2\/types\/page"}],"author":[{"embeddable":true,"href":"https:\/\/agora.xtec.cat\/ceipespriu-granollers\/wp-json\/wp\/v2\/users\/1"}],"replies":[{"embeddable":true,"href":"https:\/\/agora.xtec.cat\/ceipespriu-granollers\/wp-json\/wp\/v2\/comments?post=7772"}],"version-history":[{"count":6,"href":"https:\/\/agora.xtec.cat\/ceipespriu-granollers\/wp-json\/wp\/v2\/pages\/7772\/revisions"}],"predecessor-version":[{"id":7836,"href":"https:\/\/agora.xtec.cat\/ceipespriu-granollers\/wp-json\/wp\/v2\/pages\/7772\/revisions\/7836"}],"up":[{"embeddable":true,"href":"https:\/\/agora.xtec.cat\/ceipespriu-granollers\/wp-json\/wp\/v2\/pages\/64"}],"wp:attachment":[{"href":"https:\/\/agora.xtec.cat\/ceipespriu-granollers\/wp-json\/wp\/v2\/media?parent=7772"}],"curies":[{"name":"wp","href":"https:\/\/api.w.org\/{rel}","templated":true}]}}

<p>&nbsp;</p>
<p><img loading="lazy" decoding="async" class="aligncenter wp-image-7835 size-large" src="https://agora.xtec.cat/ceipespriu-granollers/wp-content/uploads/usu780/2024/10/unnamed-copia-1-1024x257.png" alt="" width="1024" height="257" srcset="https://agora.xtec.cat/ceipespriu-granollers/wp-content/uploads/usu780/2024/10/unnamed-copia-1-1024x257.png 1024w, https://agora.xtec.cat/ceipespriu-granollers/wp-content/uploads/usu780/2024/10/unnamed-copia-1-300x75.png 300w, https://agora.xtec.cat/ceipespriu-granollers/wp-content/uploads/usu780/2024/10/unnamed-copia-1-768x192.png 768w, https://agora.xtec.cat/ceipespriu-granollers/wp-content/uploads/usu780/2024/10/unnamed-copia-1-1536x385.png 1536w, https://agora.xtec.cat/ceipespriu-granollers/wp-content/uploads/usu780/2024/10/unnamed-copia-1.png 1708w" sizes="auto, (max-width: 1024px) 100vw, 1024px" /></p>
<p>&nbsp;</p>
<p><strong>Què és el Projecte Erasmus+?</strong></p>
<p>El projecte Erasmus+ és una iniciativa de la Unió Europea que promou la mobilitat educativa i la cooperació internacional entre institucions educatives de tot Europa. L&#8217;objectiu principal és millorar la qualitat de l&#8217;educació, fomentar la comprensió cultural i oferir als estudiants i professors noves oportunitats d&#8217;aprenentatge. El programa inclou estades en altres països, intercanvis escolars, pràctiques laborals i projectes col·laboratius per millorar les competències i habilitats dels participants.</p>
<p>&nbsp;</p>
<p><strong>La nostra adhesió al programa Erasmus+</strong></p>
<p>A la nostra escola, estem molt emocionats d&#8217;haver-nos adherit al projecte Erasmus+. Aquesta iniciativa ens permet oferir als nostres alumnes i docents una experiència educativa enriquidora, tant en l&#8217;àmbit acadèmic com personal. A través de la participació en activitats i intercanvis internacionals, els estudiants podran aprendre en un entorn multicultural, desenvolupar les seves habilitats lingüístiques, i adquirir una perspectiva global sobre diferents àmbits del coneixement.</p>
<p>L&#8217;adhesió al projecte Erasmus+ també suposa una oportunitat per als nostres docents, ja que podran compartir i aprendre noves pràctiques pedagògiques, establir vincles amb altres institucions educatives i fomentar la innovació a les aules. Amb el suport del programa, la nostra escola vol contribuir a la construcció d&#8217;una Europa més inclusiva, tolerant i oberta a la diversitat.</p>
<p><img loading="lazy" decoding="async" class="size-full wp-image-7832 alignleft" src="https://agora.xtec.cat/ceipespriu-granollers/wp-content/uploads/usu780/2024/10/images.png" alt="" width="308" height="69" srcset="https://agora.xtec.cat/ceipespriu-granollers/wp-content/uploads/usu780/2024/10/images.png 308w, https://agora.xtec.cat/ceipespriu-granollers/wp-content/uploads/usu780/2024/10/images-300x67.png 300w" sizes="auto, (max-width: 308px) 100vw, 308px" /></p>

<p>&nbsp; &nbsp; Què és el Projecte Erasmus+? El projecte Erasmus+ és una iniciativa de la Unió Europea que promou la mobilitat educativa i la cooperació internacional entre institucions educatives de tot Europa. L&#8217;objectiu principal és millorar la qualitat de l&#8217;educació, fomentar la comprensió cultural i oferir als estudiants i professors noves oportunitats d&#8217;aprenentatge. El programa [&hellip;]</p>
