{"id":64,"date":"2014-09-18T12:39:08","date_gmt":"2014-09-18T11:39:08","guid":{"rendered":"http:\/\/agora.xtec.cat\/ceipespriu-granollers\/?page_id=64"},"modified":"2021-09-29T12:04:55","modified_gmt":"2021-09-29T10:04:55","slug":"projecte-educatiu","status":"publish","type":"page","link":"https:\/\/agora.xtec.cat\/ceipespriu-granollers\/projecte-educatiu\/","title":{"rendered":"Projecte educatiu"},"content":{"rendered":"<p>L\u2019Escola Salvador Espriu, com a centre educatiu de la xarxa p\u00fablica de la Generalitat de Catalunya, treballa per a l\u2019excel\u00b7l\u00e8ncia educativa i t\u00e9 com a objectiu que mitjan\u00e7ant els plantejaments educatius propis i el treball per a l\u2019equitat, la inclusi\u00f3, la coeducaci\u00f3, la conviv\u00e8ncia i la cohesi\u00f3 social, l\u2019alumnat assoleixi una formaci\u00f3 integral que el condueixi cap a l\u2019\u00e8xit educatiu, sempre comptant amb la participaci\u00f3 i col\u00b7laboraci\u00f3 de les fam\u00edlies.<\/p>\n<p>L\u2019escola vetlla pel m\u00e0xim aprofitament educatiu. S\u2019empren metodologies actives i funcionals que despertin l\u2019inter\u00e8s de l\u2019alumnat i es treballa des del punt de vista competencial. L\u2019atenci\u00f3 a la diversitat \u00e9s un aspecte clau al qual van enfocades les accions educatives per tal d\u2019adequar-se al ritme evolutiu i a les capacitats intel\u00b7lectuals, f\u00edsiques i socioculturals de cada alumne\/a, aix\u00ed com tractar de la manera espec\u00edfica establerta, els trastorns o discapacitats. Aix\u00ed mateix, l\u2019escola vetllar\u00e0 per mantenir l\u2019adhesi\u00f3 a les Universitats com a centre de pr\u00e0ctiques per a la formaci\u00f3 de futurs\/es mestres.<\/p>\n<p>&nbsp;<\/p>\n<p>Quant a l\u2019alumnat, en acabar l\u2019escolaritat<\/p>\n<ul>\n<li>Ha de tenir esperit cr\u00edtic constructiu, amb bona capacitat de di\u00e0leg i basada en el respecte; amb autonomia personal; amb assertivitat i empatia; amb capacitat de prendre decisions, capa\u00e7 de<br \/>\ntreballar individualment i en grup, comprom\u00e8s amb la tasca individual i col\u00b7lectiva de crear, transformar i millorar la realitat.<\/li>\n<li>Ha de mostrar consci\u00e8ncia de la finalitat de l\u2019escola, cultura de l\u2019esfor\u00e7, gust per la feina ben feta, i ha de mostrar responsabilitat i implicaci\u00f3 en el seu proc\u00e9s d\u2019aprenentatge, valorar i practicar<br \/>\nl\u2019autoavaluaci\u00f3 com a motor del seu progr\u00e9s educatiu, gaudir amb la recerca, l&#8217;adquisici\u00f3 d\u2019habilitats, coneixements i processos i la sistematitzaci\u00f3 cient\u00edfica, amb vista a una aplicaci\u00f3 real<br \/>\ndels aprenentatges, dintre i fora de l\u2019escola.<\/li>\n<li>Ha de saber organitzar aut\u00f2nomament el seu temps, el seu material i les seves tasques.<\/li>\n<li>Ha de ser capa\u00e7 de cercar, entendre, seleccionar la informaci\u00f3, elaborar els seus propis treballs amb les eines tecnol\u00f2giques al seu abast i assolir la compet\u00e8ncia suficient per seguir aprenent.<\/li>\n<li>Ha de poder expressar-se amb coher\u00e8ncia i correcci\u00f3, oralment i per escrit, en qualsevol situaci\u00f3 comunicativa que se li plantegi.<\/li>\n<li>Ha de gaudir de la lectura.<\/li>\n<\/ul>\n<p>&nbsp;<\/p>\n<p>Prop\u00f2sits del Centre<\/p>\n<ul>\n<li>El\/La mestre\/a educar\u00e0 en tota classe d&#8217;activitat que porti a terme, ja sigui intel\u00b7lectual, emocional, art\u00edstica, social o f\u00edsica, potenciant en els alumnes les capacitats, les habilitats, l&#8217;observaci\u00f3, la recerca, la manipulaci\u00f3 i l&#8217;elaboraci\u00f3 de conclusions perqu\u00e8 esdevinguin ciutadans competents.<\/li>\n<li>Implicar l\u2019alumnat en el mateix proc\u00e9s d&#8217;ensenyament-aprenentatge i fer-lo\/la conscient dels seus aven\u00e7os en la construcci\u00f3 del coneixement i el desenvolupament de les habilitats i destreses.<\/li>\n<li>Demostrar la import\u00e0ncia del coneixement i domini del cos i de l&#8217;expressi\u00f3, de l\u2019educaci\u00f3 de les capacitats sensitives, de la gesti\u00f3 de les emocions i de la preparaci\u00f3 per a la vida individual i de<br \/>\ngrup i el lleure.<\/li>\n<li>Valorar com a fonamental la participaci\u00f3 de l&#8217;alumnat en totes les tasques o projectes escolars, formant-lo tant en el treball individual com en el d&#8217;equip i potenciant l\u2019autoavaluaci\u00f3, la cultura de l\u2019esfor\u00e7 i les iniciatives encaminades a l\u2019aven\u00e7.<\/li>\n<li>Impulsar una formaci\u00f3 i una informaci\u00f3 tan \u00e0mplies com sigui possible i prou \u00fatils perqu\u00e8 afavoreixin la participaci\u00f3 activa de l&#8217;alumnat a la societat de manera aut\u00f2noma, i conscients de<br \/>\nles seves decisions i conseq\u00fc\u00e8ncies, aix\u00ed com educar-lo perqu\u00e8 sigui capa\u00e7 d\u2019interactuar adequadament en la gran finestra oberta al m\u00f3n, que \u00e9s internet.<\/li>\n<\/ul>\n<p>&nbsp;<\/p>\n<p>Els documents relacionats amb la normativa del centre i autoritzacions per a l&#8217;alumnat el podreu trobar al men\u00fa &#8220;<a href=\"https:\/\/agora.xtec.cat\/ceipespriu-granollers\/docs\/\" target=\"_blank\" rel=\"noopener\">Documents<\/a>&#8220;.<\/p>\n","protected":false},"excerpt":{"rendered":"<p>L\u2019Escola Salvador Espriu, com a centre educatiu de la xarxa p\u00fablica de la Generalitat de Catalunya, treballa per a l\u2019excel\u00b7l\u00e8ncia educativa i t\u00e9 com a objectiu que mitjan\u00e7ant els plantejaments educatius propis i el treball per a l\u2019equitat, la inclusi\u00f3, la coeducaci\u00f3, la conviv\u00e8ncia i la cohesi\u00f3 social, l\u2019alumnat assoleixi una formaci\u00f3 integral que el [&hellip;]<\/p>\n","protected":false},"author":1,"featured_media":0,"parent":0,"menu_order":0,"comment_status":"closed","ping_status":"closed","template":"page-templates\/side-menu.php","meta":{"_bbp_topic_count":0,"_bbp_reply_count":0,"_bbp_total_topic_count":0,"_bbp_total_reply_count":0,"_bbp_voice_count":0,"_bbp_anonymous_reply_count":0,"_bbp_topic_count_hidden":0,"_bbp_reply_count_hidden":0,"_bbp_forum_subforum_count":0,"site-sidebar-layout":"default","site-content-layout":"","ast-site-content-layout":"","site-content-style":"default","site-sidebar-style":"default","ast-global-header-display":"","ast-banner-title-visibility":"","ast-main-header-display":"","ast-hfb-above-header-display":"","ast-hfb-below-header-display":"","ast-hfb-mobile-header-display":"","site-post-title":"","ast-breadcrumbs-content":"","ast-featured-img":"","footer-sml-layout":"","theme-transparent-header-meta":"","adv-header-id-meta":"","stick-header-meta":"","header-above-stick-meta":"","header-main-stick-meta":"","header-below-stick-meta":"","astra-migrate-meta-layouts":"default","ast-page-background-enabled":"default","ast-page-background-meta":{"desktop":{"background-color":"var(--ast-global-color-4)","background-image":"","background-repeat":"repeat","background-position":"center center","background-size":"auto","background-attachment":"scroll","background-type":"","background-media":"","overlay-type":"","overlay-color":"","overlay-opacity":"","overlay-gradient":""},"tablet":{"background-color":"","background-image":"","background-repeat":"repeat","background-position":"center center","background-size":"auto","background-attachment":"scroll","background-type":"","background-media":"","overlay-type":"","overlay-color":"","overlay-opacity":"","overlay-gradient":""},"mobile":{"background-color":"","background-image":"","background-repeat":"repeat","background-position":"center center","background-size":"auto","background-attachment":"scroll","background-type":"","background-media":"","overlay-type":"","overlay-color":"","overlay-opacity":"","overlay-gradient":""}},"ast-content-background-meta":{"desktop":{"background-color":"var(--ast-global-color-5)","background-image":"","background-repeat":"repeat","background-position":"center center","background-size":"auto","background-attachment":"scroll","background-type":"","background-media":"","overlay-type":"","overlay-color":"","overlay-opacity":"","overlay-gradient":""},"tablet":{"background-color":"var(--ast-global-color-5)","background-image":"","background-repeat":"repeat","background-position":"center center","background-size":"auto","background-attachment":"scroll","background-type":"","background-media":"","overlay-type":"","overlay-color":"","overlay-opacity":"","overlay-gradient":""},"mobile":{"background-color":"var(--ast-global-color-5)","background-image":"","background-repeat":"repeat","background-position":"center center","background-size":"auto","background-attachment":"scroll","background-type":"","background-media":"","overlay-type":"","overlay-color":"","overlay-opacity":"","overlay-gradient":""}},"footnotes":""},"class_list":["post-64","page","type-page","status-publish","hentry"],"post_mailing_queue_ids":[],"_links":{"self":[{"href":"https:\/\/agora.xtec.cat\/ceipespriu-granollers\/wp-json\/wp\/v2\/pages\/64","targetHints":{"allow":["GET"]}}],"collection":[{"href":"https:\/\/agora.xtec.cat\/ceipespriu-granollers\/wp-json\/wp\/v2\/pages"}],"about":[{"href":"https:\/\/agora.xtec.cat\/ceipespriu-granollers\/wp-json\/wp\/v2\/types\/page"}],"author":[{"embeddable":true,"href":"https:\/\/agora.xtec.cat\/ceipespriu-granollers\/wp-json\/wp\/v2\/users\/1"}],"replies":[{"embeddable":true,"href":"https:\/\/agora.xtec.cat\/ceipespriu-granollers\/wp-json\/wp\/v2\/comments?post=64"}],"version-history":[{"count":3,"href":"https:\/\/agora.xtec.cat\/ceipespriu-granollers\/wp-json\/wp\/v2\/pages\/64\/revisions"}],"predecessor-version":[{"id":982,"href":"https:\/\/agora.xtec.cat\/ceipespriu-granollers\/wp-json\/wp\/v2\/pages\/64\/revisions\/982"}],"wp:attachment":[{"href":"https:\/\/agora.xtec.cat\/ceipespriu-granollers\/wp-json\/wp\/v2\/media?parent=64"}],"curies":[{"name":"wp","href":"https:\/\/api.w.org\/{rel}","templated":true}]}}

<p>L’Escola Salvador Espriu, com a centre educatiu de la xarxa pública de la Generalitat de Catalunya, treballa per a l’excel·lència educativa i té com a objectiu que mitjançant els plantejaments educatius propis i el treball per a l’equitat, la inclusió, la coeducació, la convivència i la cohesió social, l’alumnat assoleixi una formació integral que el condueixi cap a l’èxit educatiu, sempre comptant amb la participació i col·laboració de les famílies.</p>
<p>L’escola vetlla pel màxim aprofitament educatiu. S’empren metodologies actives i funcionals que despertin l’interès de l’alumnat i es treballa des del punt de vista competencial. L’atenció a la diversitat és un aspecte clau al qual van enfocades les accions educatives per tal d’adequar-se al ritme evolutiu i a les capacitats intel·lectuals, físiques i socioculturals de cada alumne/a, així com tractar de la manera específica establerta, els trastorns o discapacitats. Així mateix, l’escola vetllarà per mantenir l’adhesió a les Universitats com a centre de pràctiques per a la formació de futurs/es mestres.</p>
<p>&nbsp;</p>
<p>Quant a l’alumnat, en acabar l’escolaritat</p>
<ul>
<li>Ha de tenir esperit crític constructiu, amb bona capacitat de diàleg i basada en el respecte; amb autonomia personal; amb assertivitat i empatia; amb capacitat de prendre decisions, capaç de<br />
treballar individualment i en grup, compromès amb la tasca individual i col·lectiva de crear, transformar i millorar la realitat.</li>
<li>Ha de mostrar consciència de la finalitat de l’escola, cultura de l’esforç, gust per la feina ben feta, i ha de mostrar responsabilitat i implicació en el seu procés d’aprenentatge, valorar i practicar<br />
l’autoavaluació com a motor del seu progrés educatiu, gaudir amb la recerca, l&#8217;adquisició d’habilitats, coneixements i processos i la sistematització científica, amb vista a una aplicació real<br />
dels aprenentatges, dintre i fora de l’escola.</li>
<li>Ha de saber organitzar autònomament el seu temps, el seu material i les seves tasques.</li>
<li>Ha de ser capaç de cercar, entendre, seleccionar la informació, elaborar els seus propis treballs amb les eines tecnològiques al seu abast i assolir la competència suficient per seguir aprenent.</li>
<li>Ha de poder expressar-se amb coherència i correcció, oralment i per escrit, en qualsevol situació comunicativa que se li plantegi.</li>
<li>Ha de gaudir de la lectura.</li>
</ul>
<p>&nbsp;</p>
<p>Propòsits del Centre</p>
<ul>
<li>El/La mestre/a educarà en tota classe d&#8217;activitat que porti a terme, ja sigui intel·lectual, emocional, artística, social o física, potenciant en els alumnes les capacitats, les habilitats, l&#8217;observació, la recerca, la manipulació i l&#8217;elaboració de conclusions perquè esdevinguin ciutadans competents.</li>
<li>Implicar l’alumnat en el mateix procés d&#8217;ensenyament-aprenentatge i fer-lo/la conscient dels seus avenços en la construcció del coneixement i el desenvolupament de les habilitats i destreses.</li>
<li>Demostrar la importància del coneixement i domini del cos i de l&#8217;expressió, de l’educació de les capacitats sensitives, de la gestió de les emocions i de la preparació per a la vida individual i de<br />
grup i el lleure.</li>
<li>Valorar com a fonamental la participació de l&#8217;alumnat en totes les tasques o projectes escolars, formant-lo tant en el treball individual com en el d&#8217;equip i potenciant l’autoavaluació, la cultura de l’esforç i les iniciatives encaminades a l’avenç.</li>
<li>Impulsar una formació i una informació tan àmplies com sigui possible i prou útils perquè afavoreixin la participació activa de l&#8217;alumnat a la societat de manera autònoma, i conscients de<br />
les seves decisions i conseqüències, així com educar-lo perquè sigui capaç d’interactuar adequadament en la gran finestra oberta al món, que és internet.</li>
</ul>
<p>&nbsp;</p>
<p>Els documents relacionats amb la normativa del centre i autoritzacions per a l&#8217;alumnat el podreu trobar al menú &#8220;<a href="https://agora.xtec.cat/ceipespriu-granollers/docs/" target="_blank" rel="noopener">Documents</a>&#8220;.</p>

<p>L’Escola Salvador Espriu, com a centre educatiu de la xarxa pública de la Generalitat de Catalunya, treballa per a l’excel·lència educativa i té com a objectiu que mitjançant els plantejaments educatius propis i el treball per a l’equitat, la inclusió, la coeducació, la convivència i la cohesió social, l’alumnat assoleixi una formació integral que el [&hellip;]</p>
