{"id":509,"date":"2020-09-18T15:02:43","date_gmt":"2020-09-18T13:02:43","guid":{"rendered":"https:\/\/agora.xtec.cat\/ceipespriu-granollers\/?page_id=509"},"modified":"2021-09-29T12:04:38","modified_gmt":"2021-09-29T10:04:38","slug":"pla-tac","status":"publish","type":"page","link":"https:\/\/agora.xtec.cat\/ceipespriu-granollers\/projecte-educatiu\/pla-tac\/","title":{"rendered":"Pla TAC"},"content":{"rendered":"<p><strong>El Pla TAC<\/strong> de centre \u00e9s un instrument per formalitzar la governan\u00e7a de la tecnologia en el marc de l&#8217;autonomia de centre i del Projecte Educatiu del Centre on s&#8217;estableixen unes directrius clares per assegurar la compet\u00e8ncia digital de l&#8217;alumnat, la integraci\u00f3 curricular, la inclusi\u00f3 digital i la innovaci\u00f3 metodol\u00f2gica, entre d\u2019altres<\/p>\n<p>La integraci\u00f3 plena de les tecnologies en un centre educatiu es pot enfocar com un proc\u00e9s d&#8217;innovaci\u00f3 i gesti\u00f3 del canvi, que afecta d&#8217;una banda tots els seus integrants i, de l&#8217;altra, aspectes de funcionament: pedag\u00f2gic, formatiu, organitzatiu i tecnol\u00f2gic.<\/p>\n<p>En el Pla TAC es recullen les caracter\u00edstiques actuals del centre en relaci\u00f3 a les TAC, es defineixen els objectius, i es planifiquen les actuacions que es duran a terme pel que fa als aspectes organitzatius, did\u00e0cticopedag\u00f2gics i curriculars.<\/p>\n<p><a href=\"https:\/\/agora.xtec.cat\/ceipespriu-granollers\/wp-content\/uploads\/usu780\/2020\/09\/Pla-TAC-2016-19.pdf\" target=\"_blank\" rel=\"noopener\">Pla TAC 2016-19<\/a><\/p>\n<p>&nbsp;<\/p>\n","protected":false},"excerpt":{"rendered":"<p>El Pla TAC de centre \u00e9s un instrument per formalitzar la governan\u00e7a de la tecnologia en el marc de l&#8217;autonomia de centre i del Projecte Educatiu del Centre on s&#8217;estableixen unes directrius clares per assegurar la compet\u00e8ncia digital de l&#8217;alumnat, la integraci\u00f3 curricular, la inclusi\u00f3 digital i la innovaci\u00f3 metodol\u00f2gica, entre d\u2019altres La integraci\u00f3 plena [&hellip;]<\/p>\n","protected":false},"author":1,"featured_media":0,"parent":64,"menu_order":3,"comment_status":"closed","ping_status":"closed","template":"page-templates\/side-menu.php","meta":{"_bbp_topic_count":0,"_bbp_reply_count":0,"_bbp_total_topic_count":0,"_bbp_total_reply_count":0,"_bbp_voice_count":0,"_bbp_anonymous_reply_count":0,"_bbp_topic_count_hidden":0,"_bbp_reply_count_hidden":0,"_bbp_forum_subforum_count":0,"site-sidebar-layout":"default","site-content-layout":"","ast-site-content-layout":"","site-content-style":"default","site-sidebar-style":"default","ast-global-header-display":"","ast-banner-title-visibility":"","ast-main-header-display":"","ast-hfb-above-header-display":"","ast-hfb-below-header-display":"","ast-hfb-mobile-header-display":"","site-post-title":"","ast-breadcrumbs-content":"","ast-featured-img":"","footer-sml-layout":"","theme-transparent-header-meta":"","adv-header-id-meta":"","stick-header-meta":"","header-above-stick-meta":"","header-main-stick-meta":"","header-below-stick-meta":"","astra-migrate-meta-layouts":"default","ast-page-background-enabled":"default","ast-page-background-meta":{"desktop":{"background-color":"var(--ast-global-color-4)","background-image":"","background-repeat":"repeat","background-position":"center center","background-size":"auto","background-attachment":"scroll","background-type":"","background-media":"","overlay-type":"","overlay-color":"","overlay-opacity":"","overlay-gradient":""},"tablet":{"background-color":"","background-image":"","background-repeat":"repeat","background-position":"center center","background-size":"auto","background-attachment":"scroll","background-type":"","background-media":"","overlay-type":"","overlay-color":"","overlay-opacity":"","overlay-gradient":""},"mobile":{"background-color":"","background-image":"","background-repeat":"repeat","background-position":"center center","background-size":"auto","background-attachment":"scroll","background-type":"","background-media":"","overlay-type":"","overlay-color":"","overlay-opacity":"","overlay-gradient":""}},"ast-content-background-meta":{"desktop":{"background-color":"var(--ast-global-color-5)","background-image":"","background-repeat":"repeat","background-position":"center center","background-size":"auto","background-attachment":"scroll","background-type":"","background-media":"","overlay-type":"","overlay-color":"","overlay-opacity":"","overlay-gradient":""},"tablet":{"background-color":"var(--ast-global-color-5)","background-image":"","background-repeat":"repeat","background-position":"center center","background-size":"auto","background-attachment":"scroll","background-type":"","background-media":"","overlay-type":"","overlay-color":"","overlay-opacity":"","overlay-gradient":""},"mobile":{"background-color":"var(--ast-global-color-5)","background-image":"","background-repeat":"repeat","background-position":"center center","background-size":"auto","background-attachment":"scroll","background-type":"","background-media":"","overlay-type":"","overlay-color":"","overlay-opacity":"","overlay-gradient":""}},"footnotes":""},"class_list":["post-509","page","type-page","status-publish","hentry"],"post_mailing_queue_ids":[],"_links":{"self":[{"href":"https:\/\/agora.xtec.cat\/ceipespriu-granollers\/wp-json\/wp\/v2\/pages\/509","targetHints":{"allow":["GET"]}}],"collection":[{"href":"https:\/\/agora.xtec.cat\/ceipespriu-granollers\/wp-json\/wp\/v2\/pages"}],"about":[{"href":"https:\/\/agora.xtec.cat\/ceipespriu-granollers\/wp-json\/wp\/v2\/types\/page"}],"author":[{"embeddable":true,"href":"https:\/\/agora.xtec.cat\/ceipespriu-granollers\/wp-json\/wp\/v2\/users\/1"}],"replies":[{"embeddable":true,"href":"https:\/\/agora.xtec.cat\/ceipespriu-granollers\/wp-json\/wp\/v2\/comments?post=509"}],"version-history":[{"count":3,"href":"https:\/\/agora.xtec.cat\/ceipespriu-granollers\/wp-json\/wp\/v2\/pages\/509\/revisions"}],"predecessor-version":[{"id":981,"href":"https:\/\/agora.xtec.cat\/ceipespriu-granollers\/wp-json\/wp\/v2\/pages\/509\/revisions\/981"}],"up":[{"embeddable":true,"href":"https:\/\/agora.xtec.cat\/ceipespriu-granollers\/wp-json\/wp\/v2\/pages\/64"}],"wp:attachment":[{"href":"https:\/\/agora.xtec.cat\/ceipespriu-granollers\/wp-json\/wp\/v2\/media?parent=509"}],"curies":[{"name":"wp","href":"https:\/\/api.w.org\/{rel}","templated":true}]}}

<p><strong>El Pla TAC</strong> de centre és un instrument per formalitzar la governança de la tecnologia en el marc de l&#8217;autonomia de centre i del Projecte Educatiu del Centre on s&#8217;estableixen unes directrius clares per assegurar la competència digital de l&#8217;alumnat, la integració curricular, la inclusió digital i la innovació metodològica, entre d’altres</p>
<p>La integració plena de les tecnologies en un centre educatiu es pot enfocar com un procés d&#8217;innovació i gestió del canvi, que afecta d&#8217;una banda tots els seus integrants i, de l&#8217;altra, aspectes de funcionament: pedagògic, formatiu, organitzatiu i tecnològic.</p>
<p>En el Pla TAC es recullen les característiques actuals del centre en relació a les TAC, es defineixen els objectius, i es planifiquen les actuacions que es duran a terme pel que fa als aspectes organitzatius, didàcticopedagògics i curriculars.</p>
<p><a href="https://agora.xtec.cat/ceipespriu-granollers/wp-content/uploads/usu780/2020/09/Pla-TAC-2016-19.pdf" target="_blank" rel="noopener">Pla TAC 2016-19</a></p>
<p>&nbsp;</p>

<p>El Pla TAC de centre és un instrument per formalitzar la governança de la tecnologia en el marc de l&#8217;autonomia de centre i del Projecte Educatiu del Centre on s&#8217;estableixen unes directrius clares per assegurar la competència digital de l&#8217;alumnat, la integració curricular, la inclusió digital i la innovació metodològica, entre d’altres La integració plena [&hellip;]</p>
