{"id":26,"date":"2014-09-18T12:24:32","date_gmt":"2014-09-18T11:24:32","guid":{"rendered":"http:\/\/agora.xtec.cat\/ceipespriu-granollers\/?page_id=26"},"modified":"2022-02-15T11:01:52","modified_gmt":"2022-02-15T10:01:52","slug":"historia","status":"publish","type":"page","link":"https:\/\/agora.xtec.cat\/ceipespriu-granollers\/lescola\/historia\/","title":{"rendered":"Hist\u00f2ria"},"content":{"rendered":"<p>L&#8217;Escola P\u00fablica Salvador Espriu, fins a l&#8217;any 1985 Escola Sant Esteve de Granollers (Cooperativa de pares i mestres), que formava part del col\u00b7lectiu d&#8217;Escoles per l&#8217;Escola P\u00fablica Catalana (CEPEPC), es va acollir en el seu moment, amb plena consci\u00e8ncia del que aix\u00f2 implicava, a la llei 14\/1983 de 14 de juliol, que permetia iniciar el proc\u00e9s d&#8217;integraci\u00f3 a la xarxa d&#8217;escoles p\u00fabliques de la Generalitat de Catalunya.<\/p>\n<p>La Cooperativa Sant Esteve, ubicada a la pla\u00e7a de l&#8217;Esgl\u00e9sia, constru\u00efa una nova escola en uns terrenys cedits per l&#8217;Ajuntament de Granollers al carrer Joan Camps.<\/p>\n<p>En acabar les obres del nou edifici, l&#8217;Ajuntament va oferir a la Generalitat la possibilitat d&#8217;accelerar el proc\u00e9s d&#8217;integraci\u00f3 de la nostra escola, ja que a l&#8217;edifici nou hi tenien cabuda tots els alumnes de l&#8217;Escola Sant Esteve i la meitat dels alumnes de l&#8217;escola Pereanton, que en aquells moments ocupaven unes aules habilitades fora de l&#8217;edifici escolar.<br \/>\nAix\u00f2 va comportar que en el curs 1985-86 l&#8217;escola Sant Esteve comenc\u00e9s a funcionar com a escola p\u00fablica, amb un claustre format per disset mestres provinents de la cooperativa i cinc mestres provinents de l&#8217;escola Pereanton. Per decisi\u00f3 dels alumnes, pares i mestres, el nou centre prengu\u00e9 el nom de &#8220;Escola P\u00fablica Salvador Espriu&#8221;. El col\u00b7lectiu de mestres i pares provinents de la Cooperativa, tot i ser conscients del que representava el canvi, no volien perdre la seva l\u00ednia pedag\u00f2gica.<\/p>\n<p>El comprom\u00eds de tots els sectors que formaven l&#8217;escola va ser des de l&#8217;inici fins al final del proc\u00e9s d&#8217;integraci\u00f3, mantenir i no renunciar a q\u00fcestions determinants en la seva pr\u00e0ctica pedag\u00f2gica com formes d&#8217;organitzaci\u00f3 de classe, catalanitzaci\u00f3, acceptaci\u00f3 de la diversitat, la integraci\u00f3, arrelament al medi, sortides i col\u00f2nies, treball en equip, aprenentatge de la vida democr\u00e0tica, participaci\u00f3 dels pares en el projecte d&#8217;escola i, en definitiva, en la transmissi\u00f3 d&#8217;uns valors determinats (tant pel que fa al treball com a les relacions humanes) derivats d&#8217;una concepci\u00f3 oberta, plural i compromesa de l&#8217;educaci\u00f3.<\/p>\n<p>Aquest comprom\u00eds s&#8217;ha mantingut impl\u00edcitament com a l\u00ednia d&#8217;escola des del dia 1 de setembre de l\u2019any 1985, en qu\u00e8 el nou centre Salvador Espriu va comen\u00e7ar a funcionar com a Escola P\u00fablica.<\/p>\n<p>&nbsp;<\/p>\n<p><a href=\"https:\/\/agora.xtec.cat\/ceipespriu-granollers\/wp-content\/uploads\/usu780\/2020\/09\/ESE2.jpg\"><img loading=\"lazy\" decoding=\"async\" class=\"alignleft wp-image-519\" src=\"https:\/\/agora.xtec.cat\/ceipespriu-granollers\/wp-content\/uploads\/usu780\/2020\/09\/ESE2-1024x784.jpg\" alt=\"\" width=\"580\" height=\"444\" srcset=\"https:\/\/agora.xtec.cat\/ceipespriu-granollers\/wp-content\/uploads\/usu780\/2020\/09\/ESE2-1024x784.jpg 1024w, https:\/\/agora.xtec.cat\/ceipespriu-granollers\/wp-content\/uploads\/usu780\/2020\/09\/ESE2-300x230.jpg 300w, https:\/\/agora.xtec.cat\/ceipespriu-granollers\/wp-content\/uploads\/usu780\/2020\/09\/ESE2-768x588.jpg 768w, https:\/\/agora.xtec.cat\/ceipespriu-granollers\/wp-content\/uploads\/usu780\/2020\/09\/ESE2.jpg 1956w\" sizes=\"auto, (max-width: 580px) 100vw, 580px\" \/><\/a><\/p>\n<p>&nbsp;<\/p>\n<p>&nbsp;<\/p>\n<p>&nbsp;<\/p>\n<p>&nbsp;<\/p>\n<p>&nbsp;<\/p>\n<p>&nbsp;<\/p>\n<p>&nbsp;<\/p>\n<p>&nbsp;<\/p>\n<p>&nbsp;<\/p>\n<p>&nbsp;<\/p>\n<p><a href=\"https:\/\/agora.xtec.cat\/ceipespriu-granollers\/wp-content\/uploads\/usu780\/2020\/09\/IMG_27352.jpg\"><img loading=\"lazy\" decoding=\"async\" class=\"alignnone wp-image-522\" src=\"https:\/\/agora.xtec.cat\/ceipespriu-granollers\/wp-content\/uploads\/usu780\/2020\/09\/IMG_27352-1024x768.jpg\" alt=\"\" width=\"580\" height=\"435\" srcset=\"https:\/\/agora.xtec.cat\/ceipespriu-granollers\/wp-content\/uploads\/usu780\/2020\/09\/IMG_27352-1024x768.jpg 1024w, https:\/\/agora.xtec.cat\/ceipespriu-granollers\/wp-content\/uploads\/usu780\/2020\/09\/IMG_27352-300x225.jpg 300w, https:\/\/agora.xtec.cat\/ceipespriu-granollers\/wp-content\/uploads\/usu780\/2020\/09\/IMG_27352-768x576.jpg 768w, https:\/\/agora.xtec.cat\/ceipespriu-granollers\/wp-content\/uploads\/usu780\/2020\/09\/IMG_27352-200x150.jpg 200w\" sizes=\"auto, (max-width: 580px) 100vw, 580px\" \/><\/a><\/p>\n","protected":false},"excerpt":{"rendered":"<p>L&#8217;Escola P\u00fablica Salvador Espriu, fins a l&#8217;any 1985 Escola Sant Esteve de Granollers (Cooperativa de pares i mestres), que formava part del col\u00b7lectiu d&#8217;Escoles per l&#8217;Escola P\u00fablica Catalana (CEPEPC), es va acollir en el seu moment, amb plena consci\u00e8ncia del que aix\u00f2 implicava, a la llei 14\/1983 de 14 de juliol, que permetia iniciar el [&hellip;]<\/p>\n","protected":false},"author":1,"featured_media":0,"parent":22,"menu_order":20,"comment_status":"closed","ping_status":"closed","template":"page-templates\/side-menu.php","meta":{"_bbp_topic_count":0,"_bbp_reply_count":0,"_bbp_total_topic_count":0,"_bbp_total_reply_count":0,"_bbp_voice_count":0,"_bbp_anonymous_reply_count":0,"_bbp_topic_count_hidden":0,"_bbp_reply_count_hidden":0,"_bbp_forum_subforum_count":0,"site-sidebar-layout":"default","site-content-layout":"","ast-site-content-layout":"","site-content-style":"default","site-sidebar-style":"default","ast-global-header-display":"","ast-banner-title-visibility":"","ast-main-header-display":"","ast-hfb-above-header-display":"","ast-hfb-below-header-display":"","ast-hfb-mobile-header-display":"","site-post-title":"","ast-breadcrumbs-content":"","ast-featured-img":"","footer-sml-layout":"","theme-transparent-header-meta":"","adv-header-id-meta":"","stick-header-meta":"","header-above-stick-meta":"","header-main-stick-meta":"","header-below-stick-meta":"","astra-migrate-meta-layouts":"default","ast-page-background-enabled":"default","ast-page-background-meta":{"desktop":{"background-color":"var(--ast-global-color-4)","background-image":"","background-repeat":"repeat","background-position":"center center","background-size":"auto","background-attachment":"scroll","background-type":"","background-media":"","overlay-type":"","overlay-color":"","overlay-opacity":"","overlay-gradient":""},"tablet":{"background-color":"","background-image":"","background-repeat":"repeat","background-position":"center center","background-size":"auto","background-attachment":"scroll","background-type":"","background-media":"","overlay-type":"","overlay-color":"","overlay-opacity":"","overlay-gradient":""},"mobile":{"background-color":"","background-image":"","background-repeat":"repeat","background-position":"center center","background-size":"auto","background-attachment":"scroll","background-type":"","background-media":"","overlay-type":"","overlay-color":"","overlay-opacity":"","overlay-gradient":""}},"ast-content-background-meta":{"desktop":{"background-color":"var(--ast-global-color-5)","background-image":"","background-repeat":"repeat","background-position":"center center","background-size":"auto","background-attachment":"scroll","background-type":"","background-media":"","overlay-type":"","overlay-color":"","overlay-opacity":"","overlay-gradient":""},"tablet":{"background-color":"var(--ast-global-color-5)","background-image":"","background-repeat":"repeat","background-position":"center center","background-size":"auto","background-attachment":"scroll","background-type":"","background-media":"","overlay-type":"","overlay-color":"","overlay-opacity":"","overlay-gradient":""},"mobile":{"background-color":"var(--ast-global-color-5)","background-image":"","background-repeat":"repeat","background-position":"center center","background-size":"auto","background-attachment":"scroll","background-type":"","background-media":"","overlay-type":"","overlay-color":"","overlay-opacity":"","overlay-gradient":""}},"footnotes":""},"class_list":["post-26","page","type-page","status-publish","hentry"],"post_mailing_queue_ids":[],"_links":{"self":[{"href":"https:\/\/agora.xtec.cat\/ceipespriu-granollers\/wp-json\/wp\/v2\/pages\/26","targetHints":{"allow":["GET"]}}],"collection":[{"href":"https:\/\/agora.xtec.cat\/ceipespriu-granollers\/wp-json\/wp\/v2\/pages"}],"about":[{"href":"https:\/\/agora.xtec.cat\/ceipespriu-granollers\/wp-json\/wp\/v2\/types\/page"}],"author":[{"embeddable":true,"href":"https:\/\/agora.xtec.cat\/ceipespriu-granollers\/wp-json\/wp\/v2\/users\/1"}],"replies":[{"embeddable":true,"href":"https:\/\/agora.xtec.cat\/ceipespriu-granollers\/wp-json\/wp\/v2\/comments?post=26"}],"version-history":[{"count":3,"href":"https:\/\/agora.xtec.cat\/ceipespriu-granollers\/wp-json\/wp\/v2\/pages\/26\/revisions"}],"predecessor-version":[{"id":2038,"href":"https:\/\/agora.xtec.cat\/ceipespriu-granollers\/wp-json\/wp\/v2\/pages\/26\/revisions\/2038"}],"up":[{"embeddable":true,"href":"https:\/\/agora.xtec.cat\/ceipespriu-granollers\/wp-json\/wp\/v2\/pages\/22"}],"wp:attachment":[{"href":"https:\/\/agora.xtec.cat\/ceipespriu-granollers\/wp-json\/wp\/v2\/media?parent=26"}],"curies":[{"name":"wp","href":"https:\/\/api.w.org\/{rel}","templated":true}]}}

Història

<p>L&#8217;Escola Pública Salvador Espriu, fins a l&#8217;any 1985 Escola Sant Esteve de Granollers (Cooperativa de pares i mestres), que formava part del col·lectiu d&#8217;Escoles per l&#8217;Escola Pública Catalana (CEPEPC), es va acollir en el seu moment, amb plena consciència del que això implicava, a la llei 14/1983 de 14 de juliol, que permetia iniciar el procés d&#8217;integració a la xarxa d&#8217;escoles públiques de la Generalitat de Catalunya.</p>
<p>La Cooperativa Sant Esteve, ubicada a la plaça de l&#8217;Església, construïa una nova escola en uns terrenys cedits per l&#8217;Ajuntament de Granollers al carrer Joan Camps.</p>
<p>En acabar les obres del nou edifici, l&#8217;Ajuntament va oferir a la Generalitat la possibilitat d&#8217;accelerar el procés d&#8217;integració de la nostra escola, ja que a l&#8217;edifici nou hi tenien cabuda tots els alumnes de l&#8217;Escola Sant Esteve i la meitat dels alumnes de l&#8217;escola Pereanton, que en aquells moments ocupaven unes aules habilitades fora de l&#8217;edifici escolar.<br />
Això va comportar que en el curs 1985-86 l&#8217;escola Sant Esteve comencés a funcionar com a escola pública, amb un claustre format per disset mestres provinents de la cooperativa i cinc mestres provinents de l&#8217;escola Pereanton. Per decisió dels alumnes, pares i mestres, el nou centre prengué el nom de &#8220;Escola Pública Salvador Espriu&#8221;. El col·lectiu de mestres i pares provinents de la Cooperativa, tot i ser conscients del que representava el canvi, no volien perdre la seva línia pedagògica.</p>
<p>El compromís de tots els sectors que formaven l&#8217;escola va ser des de l&#8217;inici fins al final del procés d&#8217;integració, mantenir i no renunciar a qüestions determinants en la seva pràctica pedagògica com formes d&#8217;organització de classe, catalanització, acceptació de la diversitat, la integració, arrelament al medi, sortides i colònies, treball en equip, aprenentatge de la vida democràtica, participació dels pares en el projecte d&#8217;escola i, en definitiva, en la transmissió d&#8217;uns valors determinats (tant pel que fa al treball com a les relacions humanes) derivats d&#8217;una concepció oberta, plural i compromesa de l&#8217;educació.</p>
<p>Aquest compromís s&#8217;ha mantingut implícitament com a línia d&#8217;escola des del dia 1 de setembre de l’any 1985, en què el nou centre Salvador Espriu va començar a funcionar com a Escola Pública.</p>
<p>&nbsp;</p>
<p><a href="https://agora.xtec.cat/ceipespriu-granollers/wp-content/uploads/usu780/2020/09/ESE2.jpg"><img loading="lazy" decoding="async" class="alignleft wp-image-519" src="https://agora.xtec.cat/ceipespriu-granollers/wp-content/uploads/usu780/2020/09/ESE2-1024x784.jpg" alt="" width="580" height="444" srcset="https://agora.xtec.cat/ceipespriu-granollers/wp-content/uploads/usu780/2020/09/ESE2-1024x784.jpg 1024w, https://agora.xtec.cat/ceipespriu-granollers/wp-content/uploads/usu780/2020/09/ESE2-300x230.jpg 300w, https://agora.xtec.cat/ceipespriu-granollers/wp-content/uploads/usu780/2020/09/ESE2-768x588.jpg 768w, https://agora.xtec.cat/ceipespriu-granollers/wp-content/uploads/usu780/2020/09/ESE2.jpg 1956w" sizes="auto, (max-width: 580px) 100vw, 580px" /></a></p>
<p>&nbsp;</p>
<p>&nbsp;</p>
<p>&nbsp;</p>
<p>&nbsp;</p>
<p>&nbsp;</p>
<p>&nbsp;</p>
<p>&nbsp;</p>
<p>&nbsp;</p>
<p>&nbsp;</p>
<p>&nbsp;</p>
<p><a href="https://agora.xtec.cat/ceipespriu-granollers/wp-content/uploads/usu780/2020/09/IMG_27352.jpg"><img loading="lazy" decoding="async" class="alignnone wp-image-522" src="https://agora.xtec.cat/ceipespriu-granollers/wp-content/uploads/usu780/2020/09/IMG_27352-1024x768.jpg" alt="" width="580" height="435" srcset="https://agora.xtec.cat/ceipespriu-granollers/wp-content/uploads/usu780/2020/09/IMG_27352-1024x768.jpg 1024w, https://agora.xtec.cat/ceipespriu-granollers/wp-content/uploads/usu780/2020/09/IMG_27352-300x225.jpg 300w, https://agora.xtec.cat/ceipespriu-granollers/wp-content/uploads/usu780/2020/09/IMG_27352-768x576.jpg 768w, https://agora.xtec.cat/ceipespriu-granollers/wp-content/uploads/usu780/2020/09/IMG_27352-200x150.jpg 200w" sizes="auto, (max-width: 580px) 100vw, 580px" /></a></p>

<p>L&#8217;Escola Pública Salvador Espriu, fins a l&#8217;any 1985 Escola Sant Esteve de Granollers (Cooperativa de pares i mestres), que formava part del col·lectiu d&#8217;Escoles per l&#8217;Escola Pública Catalana (CEPEPC), es va acollir en el seu moment, amb plena consciència del que això implicava, a la llei 14/1983 de 14 de juliol, que permetia iniciar el [&hellip;]</p>
