{"id":775,"date":"2018-01-12T15:53:19","date_gmt":"2018-01-12T14:53:19","guid":{"rendered":"http:\/\/agora.xtec.cat\/ceipescursell-ripollet\/?page_id=775"},"modified":"2026-02-23T10:57:09","modified_gmt":"2026-02-23T09:57:09","slug":"projecte-educatius","status":"publish","type":"page","link":"https:\/\/agora.xtec.cat\/ceipescursell-ripollet\/lescola\/projecte-educatius\/","title":{"rendered":"Projecte Educatiu"},"content":{"rendered":"<p>Som un\u00a0<span style=\"color: #008080;\"><strong>centre p\u00fablic<\/strong><\/span>\u00a0 depenent del Departament d\u2019Ensenyament de la Generalitat de Catalunya\u00a0 format per un <span style=\"color: #008080;\"><strong>gran equip<\/strong><\/span>.\u00a0Estem <span style=\"color: #008080;\"><strong>implicats<\/strong> <\/span>i <strong><span style=\"color: #008080;\">compromesos<\/span> <\/strong>amb el nostre entorn, ja que som part del barri i del poble. Som escola pluriling\u00fce, inclusiva, integradora i plural.<\/p>\n<ul>\n<li>A la Comunitat de Petits <span style=\"color: #008080;\"><strong>comencem<\/strong> <\/span>amb els infants un nou cam\u00ed ple de descobertes, en un espai acollidor amb propostes i materials que conviden a l&#8217;aprenentatge.<\/li>\n<li>Els infants<strong><span style=\"color: #008080;\"> creixen<\/span> <\/strong>amb un acompanyament que respecta els ritmes i les individualitats alhora que potencia les seves capacitats.\u00a0 <strong><span style=\"color: #008080;\">Descobrint<\/span> <\/strong>tot all\u00f2 que el nostre entorn proper ens pot oferir, fent vincle amb el nostre poble i amb el seu teixit associatiu.<\/li>\n<li>La <span style=\"color: #008080;\"><strong>construcci\u00f3<\/strong> <\/span>de coneixement es realitza a partir de situacions d&#8217;aprenentatge vivencials, transversals i integradores per tal de gaudir de l&#8217;aprendre en tots els contextos de l&#8217;escola i amb tota la comunitat educativa, participant en tallers i activitats internivells.<\/li>\n<li>Per nosaltres \u00e9s important <strong><span style=\"color: #008080;\">cooperar<\/span>,<\/strong> parlar, fer rotllanes i assemblees, fer hip\u00f2tesis, comprovar-les, experimentar i adquirir nous coneixements de forma conjunta. El compartir i mirar a l&#8217;altre, posant especial \u00e8mfasis en l&#8217;educaci\u00f3 emocional i en la inclusi\u00f3 de tots i totes a l&#8217;escola.<\/li>\n<li>El <span style=\"color: #008080;\"><strong>benestar<\/strong> <\/span>tamb\u00e9 el tenim en compte a l&#8217;estona del migdia, amb un dinar fet a cuina pr\u00f2pia cada dia i amb activitats dinamitzades.<\/li>\n<li>La l\u00ednia de centre treballa perqu\u00e8 l&#8217;infant pugui <span style=\"color: #008080;\"><strong>comprendre<\/strong> <\/span>el que llegeix, investiga, escolta, experimenta i tot all\u00f2 que viu a l&#8217;escola<\/li>\n<\/ul>\n<h4 style=\"text-align: center;\">Perqu\u00e8&#8230;<\/h4>\n<h4 style=\"text-align: center;\"><span style=\"color: #008080;\">&#8220;<strong>Tot all\u00f2 que aprenem condiciona qui som i com ens comportem<\/strong>&#8220;<\/span><\/h4>\n<p style=\"text-align: center;\">David Bueno (Expert en Neuroci\u00e8ncia)<\/p>\n<p><a href=\"https:\/\/www.canva.com\/design\/DAF88Mg4gw8\/v8dTXCp0Hh6xBEkfsVRmEQ\/view?utm_content=DAF88Mg4gw8&amp;utm_campaign=designshare&amp;utm_medium=link2&amp;utm_source=uniquelinks&amp;utlId=hb664d9e9f3\"><img loading=\"lazy\" decoding=\"async\" class=\"aligncenter size-full wp-image-2625\" src=\"https:\/\/agora.xtec.cat\/ceipescursell-ripollet\/wp-content\/uploads\/usu1663\/2025\/09\/Presentacio-Portes-Obertes.jpg\" alt=\"\" width=\"1920\" height=\"1080\" srcset=\"https:\/\/agora.xtec.cat\/ceipescursell-ripollet\/wp-content\/uploads\/usu1663\/2025\/09\/Presentacio-Portes-Obertes.jpg 1920w, https:\/\/agora.xtec.cat\/ceipescursell-ripollet\/wp-content\/uploads\/usu1663\/2025\/09\/Presentacio-Portes-Obertes-300x169.jpg 300w, https:\/\/agora.xtec.cat\/ceipescursell-ripollet\/wp-content\/uploads\/usu1663\/2025\/09\/Presentacio-Portes-Obertes-1024x576.jpg 1024w, https:\/\/agora.xtec.cat\/ceipescursell-ripollet\/wp-content\/uploads\/usu1663\/2025\/09\/Presentacio-Portes-Obertes-768x432.jpg 768w, https:\/\/agora.xtec.cat\/ceipescursell-ripollet\/wp-content\/uploads\/usu1663\/2025\/09\/Presentacio-Portes-Obertes-1536x864.jpg 1536w\" sizes=\"auto, (max-width: 1920px) 100vw, 1920px\" \/><\/a><\/p>\n\n\n<p><\/p>\n","protected":false},"excerpt":{"rendered":"<p>Som un\u00a0centre p\u00fablic\u00a0 depenent del Departament d\u2019Ensenyament de la Generalitat de Catalunya\u00a0 format per un gran equip.\u00a0Estem implicats i compromesos amb el nostre entorn, ja que som part del barri i del poble. Som escola pluriling\u00fce, inclusiva, integradora i plural. A la Comunitat de Petits comencem amb els infants un nou cam\u00ed ple de descobertes, [&hellip;]<\/p>\n","protected":false},"author":1,"featured_media":0,"parent":22,"menu_order":1,"comment_status":"closed","ping_status":"closed","template":"","meta":{"_bbp_topic_count":0,"_bbp_reply_count":0,"_bbp_total_topic_count":0,"_bbp_total_reply_count":0,"_bbp_voice_count":0,"_bbp_anonymous_reply_count":0,"_bbp_topic_count_hidden":0,"_bbp_reply_count_hidden":0,"_bbp_forum_subforum_count":0,"site-sidebar-layout":"default","site-content-layout":"","ast-site-content-layout":"default","site-content-style":"default","site-sidebar-style":"default","ast-global-header-display":"","ast-banner-title-visibility":"","ast-main-header-display":"","ast-hfb-above-header-display":"","ast-hfb-below-header-display":"","ast-hfb-mobile-header-display":"","site-post-title":"","ast-breadcrumbs-content":"","ast-featured-img":"","footer-sml-layout":"","theme-transparent-header-meta":"default","adv-header-id-meta":"","stick-header-meta":"","header-above-stick-meta":"","header-main-stick-meta":"","header-below-stick-meta":"","astra-migrate-meta-layouts":"set","ast-page-background-enabled":"default","ast-page-background-meta":{"desktop":{"background-color":"var(--ast-global-color-5)","background-image":"","background-repeat":"repeat","background-position":"center center","background-size":"auto","background-attachment":"scroll","background-type":"","background-media":"","overlay-type":"","overlay-color":"","overlay-opacity":"","overlay-gradient":""},"tablet":{"background-color":"","background-image":"","background-repeat":"repeat","background-position":"center center","background-size":"auto","background-attachment":"scroll","background-type":"","background-media":"","overlay-type":"","overlay-color":"","overlay-opacity":"","overlay-gradient":""},"mobile":{"background-color":"","background-image":"","background-repeat":"repeat","background-position":"center center","background-size":"auto","background-attachment":"scroll","background-type":"","background-media":"","overlay-type":"","overlay-color":"","overlay-opacity":"","overlay-gradient":""}},"ast-content-background-meta":{"desktop":{"background-color":"var(--ast-global-color-4)","background-image":"","background-repeat":"repeat","background-position":"center center","background-size":"auto","background-attachment":"scroll","background-type":"","background-media":"","overlay-type":"","overlay-color":"","overlay-opacity":"","overlay-gradient":""},"tablet":{"background-color":"var(--ast-global-color-4)","background-image":"","background-repeat":"repeat","background-position":"center center","background-size":"auto","background-attachment":"scroll","background-type":"","background-media":"","overlay-type":"","overlay-color":"","overlay-opacity":"","overlay-gradient":""},"mobile":{"background-color":"var(--ast-global-color-4)","background-image":"","background-repeat":"repeat","background-position":"center center","background-size":"auto","background-attachment":"scroll","background-type":"","background-media":"","overlay-type":"","overlay-color":"","overlay-opacity":"","overlay-gradient":""}},"footnotes":""},"class_list":["post-775","page","type-page","status-publish","hentry"],"post_mailing_queue_ids":[],"_links":{"self":[{"href":"https:\/\/agora.xtec.cat\/ceipescursell-ripollet\/wp-json\/wp\/v2\/pages\/775","targetHints":{"allow":["GET"]}}],"collection":[{"href":"https:\/\/agora.xtec.cat\/ceipescursell-ripollet\/wp-json\/wp\/v2\/pages"}],"about":[{"href":"https:\/\/agora.xtec.cat\/ceipescursell-ripollet\/wp-json\/wp\/v2\/types\/page"}],"author":[{"embeddable":true,"href":"https:\/\/agora.xtec.cat\/ceipescursell-ripollet\/wp-json\/wp\/v2\/users\/1"}],"replies":[{"embeddable":true,"href":"https:\/\/agora.xtec.cat\/ceipescursell-ripollet\/wp-json\/wp\/v2\/comments?post=775"}],"version-history":[{"count":6,"href":"https:\/\/agora.xtec.cat\/ceipescursell-ripollet\/wp-json\/wp\/v2\/pages\/775\/revisions"}],"predecessor-version":[{"id":2780,"href":"https:\/\/agora.xtec.cat\/ceipescursell-ripollet\/wp-json\/wp\/v2\/pages\/775\/revisions\/2780"}],"up":[{"embeddable":true,"href":"https:\/\/agora.xtec.cat\/ceipescursell-ripollet\/wp-json\/wp\/v2\/pages\/22"}],"wp:attachment":[{"href":"https:\/\/agora.xtec.cat\/ceipescursell-ripollet\/wp-json\/wp\/v2\/media?parent=775"}],"curies":[{"name":"wp","href":"https:\/\/api.w.org\/{rel}","templated":true}]}}

<p>Som un <span style="color: #008080;"><strong>centre públic</strong></span>  depenent del Departament d’Ensenyament de la Generalitat de Catalunya  format per un <span style="color: #008080;"><strong>gran equip</strong></span>. Estem <span style="color: #008080;"><strong>implicats</strong> </span>i <strong><span style="color: #008080;">compromesos</span> </strong>amb el nostre entorn, ja que som part del barri i del poble. Som escola plurilingüe, inclusiva, integradora i plural.</p>
<ul>
<li>A la Comunitat de Petits <span style="color: #008080;"><strong>comencem</strong> </span>amb els infants un nou camí ple de descobertes, en un espai acollidor amb propostes i materials que conviden a l&#8217;aprenentatge.</li>
<li>Els infants<strong><span style="color: #008080;"> creixen</span> </strong>amb un acompanyament que respecta els ritmes i les individualitats alhora que potencia les seves capacitats.  <strong><span style="color: #008080;">Descobrint</span> </strong>tot allò que el nostre entorn proper ens pot oferir, fent vincle amb el nostre poble i amb el seu teixit associatiu.</li>
<li>La <span style="color: #008080;"><strong>construcció</strong> </span>de coneixement es realitza a partir de situacions d&#8217;aprenentatge vivencials, transversals i integradores per tal de gaudir de l&#8217;aprendre en tots els contextos de l&#8217;escola i amb tota la comunitat educativa, participant en tallers i activitats internivells.</li>
<li>Per nosaltres és important <strong><span style="color: #008080;">cooperar</span>,</strong> parlar, fer rotllanes i assemblees, fer hipòtesis, comprovar-les, experimentar i adquirir nous coneixements de forma conjunta. El compartir i mirar a l&#8217;altre, posant especial èmfasis en l&#8217;educació emocional i en la inclusió de tots i totes a l&#8217;escola.</li>
<li>El <span style="color: #008080;"><strong>benestar</strong> </span>també el tenim en compte a l&#8217;estona del migdia, amb un dinar fet a cuina pròpia cada dia i amb activitats dinamitzades.</li>
<li>La línia de centre treballa perquè l&#8217;infant pugui <span style="color: #008080;"><strong>comprendre</strong> </span>el que llegeix, investiga, escolta, experimenta i tot allò que viu a l&#8217;escola</li>
</ul>
<h4 style="text-align: center;">Perquè&#8230;</h4>
<h4 style="text-align: center;"><span style="color: #008080;">&#8220;<strong>Tot allò que aprenem condiciona qui som i com ens comportem</strong>&#8220;</span></h4>
<p style="text-align: center;">David Bueno (Expert en Neurociència)</p>
<p><a href="https://www.canva.com/design/DAF88Mg4gw8/v8dTXCp0Hh6xBEkfsVRmEQ/view?utm_content=DAF88Mg4gw8&amp;utm_campaign=designshare&amp;utm_medium=link2&amp;utm_source=uniquelinks&amp;utlId=hb664d9e9f3"><img loading="lazy" decoding="async" class="aligncenter size-full wp-image-2625" src="https://agora.xtec.cat/ceipescursell-ripollet/wp-content/uploads/usu1663/2025/09/Presentacio-Portes-Obertes.jpg" alt="" width="1920" height="1080" srcset="https://agora.xtec.cat/ceipescursell-ripollet/wp-content/uploads/usu1663/2025/09/Presentacio-Portes-Obertes.jpg 1920w, https://agora.xtec.cat/ceipescursell-ripollet/wp-content/uploads/usu1663/2025/09/Presentacio-Portes-Obertes-300x169.jpg 300w, https://agora.xtec.cat/ceipescursell-ripollet/wp-content/uploads/usu1663/2025/09/Presentacio-Portes-Obertes-1024x576.jpg 1024w, https://agora.xtec.cat/ceipescursell-ripollet/wp-content/uploads/usu1663/2025/09/Presentacio-Portes-Obertes-768x432.jpg 768w, https://agora.xtec.cat/ceipescursell-ripollet/wp-content/uploads/usu1663/2025/09/Presentacio-Portes-Obertes-1536x864.jpg 1536w" sizes="auto, (max-width: 1920px) 100vw, 1920px" /></a></p>


<p></p>

<p>Som un centre públic  depenent del Departament d’Ensenyament de la Generalitat de Catalunya  format per un gran equip. Estem implicats i compromesos amb el nostre entorn, ja que som part del barri i del poble. Som escola plurilingüe, inclusiva, integradora i plural. A la Comunitat de Petits comencem amb els infants un nou camí ple de descobertes, [&hellip;]</p>
