{"id":73,"date":"2014-09-18T14:01:51","date_gmt":"2014-09-18T13:01:51","guid":{"rendered":"http:\/\/agora.xtec.cat\/ceipescursell-ripollet\/?page_id=73"},"modified":"2025-11-24T09:52:25","modified_gmt":"2025-11-24T08:52:25","slug":"menjador-escolar","status":"publish","type":"page","link":"https:\/\/agora.xtec.cat\/ceipescursell-ripollet\/serveis\/ampa\/menjador-escolar\/","title":{"rendered":"Menjador escolar"},"content":{"rendered":"<p>El servei de menjador escolar corre a c\u00e0rrec de l&#8217;AMPA, el qual contracta una empresa per tal de fer el servei. L&#8217;empresa \u00e9s &#8220;<a href=\"http:\/\/cateringlavostracuina.com\/\" target=\"_blank\" rel=\"noopener noreferrer\"><span style=\"text-decoration: underline;\"><strong>LA VOSTRA CUINA<\/strong><\/span><\/a>&#8220;.<\/p>\n<p><span style=\"text-decoration: underline;\"><strong>LA VOSTRA CUINA:<\/strong><\/span><\/p>\n<p>Aposta per una cuina de &#8220;l\u00ednia calenta&#8221; de qualitat, de la cuina a taula, una atenci\u00f3 propera i de confian\u00e7a, un servei efica\u00e7 amb personal responsable i de qualitat, adaptant-nos a les necessitats de cada centre i cada client.<\/p>\n<p><strong>Inscripcions<\/strong>: per fer us del Servei de Menjador cal emplenar la inscripci\u00f3, tant els usuaris fixos com els espor\u00e0dics i lliurar-la a la Coordinadora del centre.<\/p>\n<p>El servei es podr\u00e0 sol\u00b7licitar de forma fixa o espor\u00e0dica, es considera:<\/p>\n<p><strong>Usuari fix<\/strong> l&#8217;alumne que fa us del servei de menjador 3 dies o m\u00e9s a la setmana, caldr\u00e0 lliurar el justificant de pagament a la Coordinadora del servei.<\/p>\n<p><strong>Usuari espor\u00e0dic<\/strong> l&#8217;alumne que fa us del servei de menjador puntualment i cal avisar a la Coordinadora del servei el mat\u00ed de 9h a 9:30h.<\/p>\n<p><strong>Els infants becats<\/strong> hauran de portar el justificant de pagament del dia 1 al 10 de cada mes. En cas contrari no podran fer us del servei.<\/p>\n<p>La <strong>Coordinadora<\/strong> Raquel Gonz\u00e1le ser\u00e0 la persona interlocutora entre l&#8217;empresa, la Comissi\u00f3 de Menjador, les fam\u00edlies i el monitoratge.<\/p>\n<p>Atenci\u00f3 a les fam\u00edlies de <strong>9h a 10h<\/strong> de cada mat\u00ed<\/p>\n<h4><span style=\"color: #000000;\"><strong>Preus:<\/strong><\/span><\/h4>\n<h4><strong><span style=\"color: #000000;\">Usuari fixe:<\/span> <span style=\"color: #ff0000;\">7&#8217;25\u20ac\/dia<\/span><\/strong><\/h4>\n<h4><strong><span style=\"color: #000000;\">Usuari espor\u00e0dic: <\/span><span style=\"color: #ff0000;\">7&#8217;98\u20ac\/dia<\/span><\/strong><\/h4>\n<p>&nbsp;<\/p>\n<p><strong>Abonaments:<\/strong><\/p>\n<p>Els alumnes que no assisteixin al menjador caldr\u00e0 que avisin a la Coordinadora de <strong>9h a 9:30h<\/strong>, en aquest cas, se&#8217;ls abonar\u00e0 la totalitat del men\u00fa.<\/p>\n<p><strong>Pagaments de rebuts:<\/strong><\/p>\n<p>Caldr\u00e0 pagar en efectiu o lliurar el justificant d&#8217;ingr\u00e9s o transfer\u00e8ncia a la Coordinadora del Servei per poder fer us del servei de menjador.<\/p>\n<p>Compte bancari:<\/p>\n<h4>BBVA ES75 0182 8742 76 0200188444<\/h4>\n<p>&nbsp;<\/p>\n","protected":false},"excerpt":{"rendered":"<p>El servei de menjador escolar corre a c\u00e0rrec de l&#8217;AMPA, el qual contracta una empresa per tal de fer el servei. L&#8217;empresa \u00e9s &#8220;LA VOSTRA CUINA&#8220;. LA VOSTRA CUINA: Aposta per una cuina de &#8220;l\u00ednia calenta&#8221; de qualitat, de la cuina a taula, una atenci\u00f3 propera i de confian\u00e7a, un servei efica\u00e7 amb personal responsable [&hellip;]<\/p>\n","protected":false},"author":1,"featured_media":0,"parent":2752,"menu_order":2,"comment_status":"closed","ping_status":"closed","template":"","meta":{"_bbp_topic_count":0,"_bbp_reply_count":0,"_bbp_total_topic_count":0,"_bbp_total_reply_count":0,"_bbp_voice_count":0,"_bbp_anonymous_reply_count":0,"_bbp_topic_count_hidden":0,"_bbp_reply_count_hidden":0,"_bbp_forum_subforum_count":0,"site-sidebar-layout":"default","site-content-layout":"","ast-site-content-layout":"","site-content-style":"default","site-sidebar-style":"default","ast-global-header-display":"","ast-banner-title-visibility":"","ast-main-header-display":"","ast-hfb-above-header-display":"","ast-hfb-below-header-display":"","ast-hfb-mobile-header-display":"","site-post-title":"","ast-breadcrumbs-content":"","ast-featured-img":"","footer-sml-layout":"","theme-transparent-header-meta":"","adv-header-id-meta":"","stick-header-meta":"","header-above-stick-meta":"","header-main-stick-meta":"","header-below-stick-meta":"","astra-migrate-meta-layouts":"default","ast-page-background-enabled":"default","ast-page-background-meta":{"desktop":{"background-color":"var(--ast-global-color-5)","background-image":"","background-repeat":"repeat","background-position":"center center","background-size":"auto","background-attachment":"scroll","background-type":"","background-media":"","overlay-type":"","overlay-color":"","overlay-opacity":"","overlay-gradient":""},"tablet":{"background-color":"","background-image":"","background-repeat":"repeat","background-position":"center center","background-size":"auto","background-attachment":"scroll","background-type":"","background-media":"","overlay-type":"","overlay-color":"","overlay-opacity":"","overlay-gradient":""},"mobile":{"background-color":"","background-image":"","background-repeat":"repeat","background-position":"center center","background-size":"auto","background-attachment":"scroll","background-type":"","background-media":"","overlay-type":"","overlay-color":"","overlay-opacity":"","overlay-gradient":""}},"ast-content-background-meta":{"desktop":{"background-color":"var(--ast-global-color-4)","background-image":"","background-repeat":"repeat","background-position":"center center","background-size":"auto","background-attachment":"scroll","background-type":"","background-media":"","overlay-type":"","overlay-color":"","overlay-opacity":"","overlay-gradient":""},"tablet":{"background-color":"var(--ast-global-color-4)","background-image":"","background-repeat":"repeat","background-position":"center center","background-size":"auto","background-attachment":"scroll","background-type":"","background-media":"","overlay-type":"","overlay-color":"","overlay-opacity":"","overlay-gradient":""},"mobile":{"background-color":"var(--ast-global-color-4)","background-image":"","background-repeat":"repeat","background-position":"center center","background-size":"auto","background-attachment":"scroll","background-type":"","background-media":"","overlay-type":"","overlay-color":"","overlay-opacity":"","overlay-gradient":""}},"footnotes":""},"class_list":["post-73","page","type-page","status-publish","hentry"],"post_mailing_queue_ids":[],"_links":{"self":[{"href":"https:\/\/agora.xtec.cat\/ceipescursell-ripollet\/wp-json\/wp\/v2\/pages\/73","targetHints":{"allow":["GET"]}}],"collection":[{"href":"https:\/\/agora.xtec.cat\/ceipescursell-ripollet\/wp-json\/wp\/v2\/pages"}],"about":[{"href":"https:\/\/agora.xtec.cat\/ceipescursell-ripollet\/wp-json\/wp\/v2\/types\/page"}],"author":[{"embeddable":true,"href":"https:\/\/agora.xtec.cat\/ceipescursell-ripollet\/wp-json\/wp\/v2\/users\/1"}],"replies":[{"embeddable":true,"href":"https:\/\/agora.xtec.cat\/ceipescursell-ripollet\/wp-json\/wp\/v2\/comments?post=73"}],"version-history":[{"count":5,"href":"https:\/\/agora.xtec.cat\/ceipescursell-ripollet\/wp-json\/wp\/v2\/pages\/73\/revisions"}],"predecessor-version":[{"id":2525,"href":"https:\/\/agora.xtec.cat\/ceipescursell-ripollet\/wp-json\/wp\/v2\/pages\/73\/revisions\/2525"}],"up":[{"embeddable":true,"href":"https:\/\/agora.xtec.cat\/ceipescursell-ripollet\/wp-json\/wp\/v2\/pages\/2752"}],"wp:attachment":[{"href":"https:\/\/agora.xtec.cat\/ceipescursell-ripollet\/wp-json\/wp\/v2\/media?parent=73"}],"curies":[{"name":"wp","href":"https:\/\/api.w.org\/{rel}","templated":true}]}}